000
CDUS43 KGRR 220515
CLIMKG


CLIMATE REPORT
NATIONAL WEATHER SERVICE GRAND RAPIDS, MI
114 AM EDT TUE JUL 22 2014


...................................

...THE MUSKEGON MI CLIMATE SUMMARY FOR JULY 21 2014...

CLIMATE NORMAL PERIOD 1981 TO 2010
CLIMATE RECORD PERIOD 1895 TO 2014


WEATHER ITEM   OBSERVED TIME   RECORD YEAR NORMAL DEPARTURE LAST
                VALUE   (LST)  VALUE       VALUE  FROM      YEAR
                                                  NORMAL
..................................................................
TEMPERATURE (F)
 YESTERDAY
  MAXIMUM         82    504 PM  95    1934  81      1       86
  MINIMUM         62    612 AM  43    1921  62      0       61
  AVERAGE         72                        71      1       74

PRECIPITATION (IN)
  YESTERDAY        0.00          1.39 1953   0.08  -0.08     0.03
  MONTH TO DATE    2.49                      1.52   0.97     0.63
  SINCE JUN 1      9.51                      4.07   5.44     4.96
  SINCE JAN 1     22.81                     16.34   6.47    27.65

SNOWFALL (IN)
  YESTERDAY        0.0          MM      MM   0.0    0.0      0.0
  MONTH TO DATE    0.0                       0.0    0.0      0.0
  SINCE JUN 1      0.0                       0.0    0.0      0.0
  SINCE JUL 1      0.0                       0.0    0.0      0.0
  SNOW DEPTH       0

DEGREE DAYS
 HEATING
  YESTERDAY        0                         0      0        0
  MONTH TO DATE   15                         4     11        2
  SINCE JUN 1     46                        70    -24       54
  SINCE JUL 1     15                         4     11        2

 COOLING
  YESTERDAY        7                         7      0        9
  MONTH TO DATE   49                       138    -89      201
  SINCE JUN 1    184                       243    -59      301
  SINCE JAN 1    201                       272    -71      361
..................................................................


WIND (MPH)
  RESULTANT WIND SPEED   5   RESULTANT WIND DIRECTION   S (200)
  HIGHEST WIND SPEED    14   HIGHEST WIND DIRECTION    SW (220)
  HIGHEST GUST SPEED    19   HIGHEST GUST DIRECTION    SE (130)
  AVERAGE WIND SPEED     6.3


SKY COVER
  AVERAGE SKY COVER 0.0


WEATHER CONDITIONS
 THE FOLLOWING WEATHER WAS RECORDED YESTERDAY.
  HAZE


RELATIVE HUMIDITY (PERCENT)
 HIGHEST    84           300 AM
 LOWEST     43           500 PM
 AVERAGE    64

..........................................................


THE MUSKEGON MI CLIMATE NORMALS FOR TODAY
                         NORMAL    RECORD    YEAR
 MAXIMUM TEMPERATURE (F)   81        93      1901
 MINIMUM TEMPERATURE (F)   62        46      1947


SUNRISE AND SUNSET
JULY 22 2014..........SUNRISE   625 AM EDT   SUNSET   917 PM EDT
JULY 23 2014..........SUNRISE   626 AM EDT   SUNSET   916 PM EDT


-  INDICATES NEGATIVE NUMBERS.
R  INDICATES RECORD WAS SET OR TIED.
MM INDICATES DATA IS MISSING.
T  INDICATES TRACE AMOUNT.




$$
