000
CDUS43 KGRR 040527
CLIMKG


CLIMATE REPORT
NATIONAL WEATHER SERVICE GRAND RAPIDS, MI
1226 AM EST SUN DEC 4 2016


...................................

...THE MUSKEGON MI CLIMATE SUMMARY FOR DECEMBER 3 2016...

CLIMATE NORMAL PERIOD 1981 TO 2010
CLIMATE RECORD PERIOD 1896 TO 2016


WEATHER ITEM   OBSERVED TIME   RECORD YEAR NORMAL DEPARTURE LAST
                VALUE   (LST)  VALUE       VALUE  FROM      YEAR
                                                  NORMAL
..................................................................
TEMPERATURE (F)
 YESTERDAY
  MAXIMUM         38   1209 AM  66    2012  39     -1       43
  MINIMUM         35   1159 PM  -3    1976  29      6       28
  AVERAGE         37                        34      3       36

PRECIPITATION (IN)
  YESTERDAY        T             0.93 1938   0.09  -0.09      T
  MONTH TO DATE    0.09                      0.29  -0.20     0.53
  SINCE DEC 1      0.09                      0.29  -0.20     0.53
  SINCE JAN 1     37.42                     31.23   6.19    32.02

SNOWFALL (IN)
  YESTERDAY        T             3.2  2009   0.7   -0.7       T
                                      1991
  MONTH TO DATE    T                         2.0   -2.0       T
  SINCE DEC 1      T                         2.0   -2.0       T
  SINCE JUL 1      1.0                       8.2   -7.2      3.9
  SNOW DEPTH       0

DEGREE DAYS
 HEATING
  YESTERDAY       28                        31     -3       29
  MONTH TO DATE   77                        93    -16       79
  SINCE DEC 1     77                        93    -16       79
  SINCE JUL 1    982                      1460   -478     1146

 COOLING
  YESTERDAY        0                         0      0        0
  MONTH TO DATE    0                         0      0        0
  SINCE DEC 1      0                         0      0        0
  SINCE JAN 1    774                       566    208      570
..................................................................


WIND (MPH)
  RESULTANT WIND SPEED   3   RESULTANT WIND DIRECTION   W (270)
  HIGHEST WIND SPEED    10   HIGHEST WIND DIRECTION     W (280)
  HIGHEST GUST SPEED    13   HIGHEST GUST DIRECTION     W (290)
  AVERAGE WIND SPEED     4.9


SKY COVER
  AVERAGE SKY COVER 1.0


WEATHER CONDITIONS
 THE FOLLOWING WEATHER WAS RECORDED YESTERDAY.
  LIGHT SNOW


RELATIVE HUMIDITY (PERCENT)
 HIGHEST    75           500 AM
 LOWEST     64           300 PM
 AVERAGE    70

..........................................................


THE MUSKEGON MI CLIMATE NORMALS FOR TODAY
                         NORMAL    RECORD    YEAR
 MAXIMUM TEMPERATURE (F)   38        60      1941
 MINIMUM TEMPERATURE (F)   29         7      1966


SUNRISE AND SUNSET
DECEMBER  4 2016......SUNRISE   801 AM EST   SUNSET   510 PM EST
DECEMBER  5 2016......SUNRISE   802 AM EST   SUNSET   510 PM EST


-  INDICATES NEGATIVE NUMBERS.
R  INDICATES RECORD WAS SET OR TIED.
MM INDICATES DATA IS MISSING.
T  INDICATES TRACE AMOUNT.




$$
