000
CDUS43 KGRR 110630
CLIMKG


CLIMATE REPORT
NATIONAL WEATHER SERVICE GRAND RAPIDS, MI
129 AM EST WED JAN 11 2017


...................................

...THE MUSKEGON MI CLIMATE SUMMARY FOR JANUARY 10 2017...

CLIMATE NORMAL PERIOD 1981 TO 2010
CLIMATE RECORD PERIOD 1896 TO 2017


WEATHER ITEM   OBSERVED TIME   RECORD YEAR NORMAL DEPARTURE LAST
                VALUE   (LST)  VALUE       VALUE  FROM      YEAR
                                                  NORMAL
..................................................................
TEMPERATURE (F)
 YESTERDAY
  MAXIMUM         46    535 PM  58    1975  31     15       33
  MINIMUM         27   1242 AM  -4    1982  20      7       14
  AVERAGE         37                        26     11       24

PRECIPITATION (IN)
  YESTERDAY        0.37          1.08 1975   0.07   0.30     0.32
  MONTH TO DATE    0.91                      0.72   0.19     0.95
  SINCE DEC 1      3.13                      3.27  -0.14     5.85
  SINCE JAN 1      0.91                      0.72   0.19     0.95

SNOWFALL (IN)
  YESTERDAY        2.1          22.0  1982   0.9    1.2      4.4
  MONTH TO DATE   11.8                       9.0    2.8      5.8
  SINCE DEC 1     32.2                      37.9   -5.7     10.7
  SINCE JUL 1     33.2                      44.1  -10.9     14.6
  SNOW DEPTH       2

DEGREE DAYS
 HEATING
  YESTERDAY       28                        39    -11       41
  MONTH TO DATE  412                       388     24      343
  SINCE DEC 1   1472                      1467      5     1116
  SINCE JUL 1   2377                      2834   -457     2183

 COOLING
  YESTERDAY        0                         0      0        0
  MONTH TO DATE    0                         0      0        0
  SINCE DEC 1      0                         0      0        0
  SINCE JAN 1      0                         0      0        0
..................................................................


WIND (MPH)
  RESULTANT WIND SPEED  14   RESULTANT WIND DIRECTION  SW (210)
  HIGHEST WIND SPEED    39   HIGHEST WIND DIRECTION    SW (210)
  HIGHEST GUST SPEED    54   HIGHEST GUST DIRECTION     S (180)
  AVERAGE WIND SPEED    18.6


SKY COVER
  AVERAGE SKY COVER 0.9


WEATHER CONDITIONS
 THE FOLLOWING WEATHER WAS RECORDED YESTERDAY.
  RAIN
  LIGHT RAIN
  SNOW
  LIGHT SNOW
  SLEET
  FOG


RELATIVE HUMIDITY (PERCENT)
 HIGHEST    92           300 AM
 LOWEST     70           900 PM
 AVERAGE    81

..........................................................


THE MUSKEGON MI CLIMATE NORMALS FOR TODAY
                         NORMAL    RECORD    YEAR
 MAXIMUM TEMPERATURE (F)   31        56      2012
 MINIMUM TEMPERATURE (F)   20        -2      1912


SUNRISE AND SUNSET
JANUARY 11 2017.......SUNRISE   815 AM EST   SUNSET   531 PM EST
JANUARY 12 2017.......SUNRISE   815 AM EST   SUNSET   532 PM EST


-  INDICATES NEGATIVE NUMBERS.
R  INDICATES RECORD WAS SET OR TIED.
MM INDICATES DATA IS MISSING.
T  INDICATES TRACE AMOUNT.




$$

jam
