000
CDUS43 KGRR 090520
CLIMKG


CLIMATE REPORT
NATIONAL WEATHER SERVICE GRAND RAPIDS, MI
119 AM EDT WED APR 9 2014


...................................

...THE MUSKEGON MI CLIMATE SUMMARY FOR APRIL 8 2014...

CLIMATE NORMAL PERIOD 1981 TO 2010
CLIMATE RECORD PERIOD 1895 TO 2014


WEATHER ITEM   OBSERVED TIME   RECORD YEAR NORMAL DEPARTURE LAST
                VALUE   (LST)  VALUE       VALUE  FROM      YEAR
                                                  NORMAL
..................................................................
TEMPERATURE (F)
 YESTERDAY
  MAXIMUM         54    446 PM  78    1969  53      1       52
  MINIMUM         37    554 AM   4    1982  35      2       33
  AVERAGE         46                        44      2       43

PRECIPITATION (IN)
  YESTERDAY        T             1.69 1980   0.10  -0.10     0.61
  MONTH TO DATE    0.48                      0.75  -0.27     0.72
  SINCE MAR 1      2.15                      3.00  -0.85     1.97
  SINCE JAN 1      7.28                      6.86   0.42    11.41

SNOWFALL (IN)
  YESTERDAY        0.0           3.1  2000   0.1   -0.1      0.0
  MONTH TO DATE    T                         1.2   -1.2       T
  SINCE MAR 1      7.5                      10.2   -2.7      5.7
  SINCE JUL 1    131.1                      92.6   38.5     98.6
  SNOW DEPTH       0

DEGREE DAYS
 HEATING
  YESTERDAY       19                        21     -2       22
  MONTH TO DATE  196                       182     14      217
  SINCE MAR 1   1384                      1112    272     1251
  SINCE JUL 1   6524                      5844    680     5673

 COOLING
  YESTERDAY        0                         0      0        0
  MONTH TO DATE    0                         0      0        0
  SINCE MAR 1      0                         0      0        0
  SINCE JAN 1      0                         0      0        0
..................................................................


WIND (MPH)
  RESULTANT WIND SPEED   7   RESULTANT WIND DIRECTION  NW (310)
  HIGHEST WIND SPEED    16   HIGHEST WIND DIRECTION     N (340)
  HIGHEST GUST SPEED    21   HIGHEST GUST DIRECTION     N (340)
  AVERAGE WIND SPEED     7.6


SKY COVER
  AVERAGE SKY COVER 0.5


WEATHER CONDITIONS
 THE FOLLOWING WEATHER WAS RECORDED YESTERDAY.
  LIGHT RAIN


RELATIVE HUMIDITY (PERCENT)
 HIGHEST    76           400 AM
 LOWEST     41           600 PM
 AVERAGE    59

..........................................................


THE MUSKEGON MI CLIMATE NORMALS FOR TODAY
                         NORMAL    RECORD    YEAR
 MAXIMUM TEMPERATURE (F)   53        72      1943
 MINIMUM TEMPERATURE (F)   35        17      1985
                                             1972


SUNRISE AND SUNSET
APRIL  9 2014.........SUNRISE   713 AM EDT   SUNSET   821 PM EDT
APRIL 10 2014.........SUNRISE   711 AM EDT   SUNSET   822 PM EDT


-  INDICATES NEGATIVE NUMBERS.
R  INDICATES RECORD WAS SET OR TIED.
MM INDICATES DATA IS MISSING.
T  INDICATES TRACE AMOUNT.




$$
