000
CDUS43 KGRR 172131
CLIMKG


CLIMATE REPORT
NATIONAL WEATHER SERVICE GRAND RAPIDS, MI
529 PM EDT THU JUL 17 2014


...................................

...THE MUSKEGON MI CLIMATE SUMMARY FOR JULY 17 2014...
VALID TODAY AS OF 0500 PM LOCAL TIME.

CLIMATE NORMAL PERIOD 1981 TO 2010
CLIMATE RECORD PERIOD 1895 TO 2014


WEATHER ITEM   OBSERVED TIME   RECORD YEAR NORMAL DEPARTURE LAST
                VALUE   (LST)  VALUE       VALUE  FROM      YEAR
                                                  NORMAL
..................................................................
TEMPERATURE (F)
 TODAY
  MAXIMUM         73    254 PM  95    2012  81     -8       90
                                      1901
  MINIMUM         50    423 AM  45    1934  62    -12       77
  AVERAGE         62                        71     -9       84

PRECIPITATION (IN)
  TODAY            0.00          1.57 2006   0.07  -0.07     0.00
  MONTH TO DATE    2.49                      1.22   1.27     0.60
  SINCE JUN 1      9.51                      3.77   5.74     4.93
  SINCE JAN 1     22.81                     16.04   6.77    27.62

SNOWFALL (IN)
  TODAY            0.0          MM      MM   0.0    0.0      0.0
  MONTH TO DATE    0.0                       0.0    0.0      0.0
  SINCE JUN 1      0.0                       0.0    0.0      0.0
  SINCE JUL 1      0.0                       0.0    0.0      0.0
  SNOW DEPTH       0

DEGREE DAYS
 HEATING
  TODAY            3                         0      3        0
  MONTH TO DATE   14                         4     10        2
  SINCE JUN 1     45                        70    -25       54
  SINCE JUL 1     14                         4     10        2

 COOLING
  TODAY            0                         7     -7       19
  MONTH TO DATE   36                       110    -74      144
  SINCE JUN 1    171                       215    -44      244
  SINCE JAN 1    188                       244    -56      304
..................................................................


WIND (MPH)
  RESULTANT WIND SPEED   5   RESULTANT WIND DIRECTION  SW (240)
  HIGHEST WIND SPEED    14   HIGHEST WIND DIRECTION    SW (220)
  HIGHEST GUST SPEED    19   HIGHEST GUST DIRECTION     W (260)
  AVERAGE WIND SPEED     5.2


SKY COVER
  AVERAGE SKY COVER 0.1


WEATHER CONDITIONS
 THE FOLLOWING WEATHER WAS RECORDED TODAY.
  NO SIGNIFICANT WEATHER WAS OBSERVED.


RELATIVE HUMIDITY (PERCENT)
 HIGHEST    89           300 AM
 LOWEST     47           100 PM
 AVERAGE    68

..........................................................


THE MUSKEGON MI CLIMATE NORMALS FOR TOMORROW
                         NORMAL    RECORD    YEAR
 MAXIMUM TEMPERATURE (F)   81        92      2013
                                             2012
 MINIMUM TEMPERATURE (F)   62        46      1924
                                             1918


SUNRISE AND SUNSET
JULY 17 2014..........SUNRISE   621 AM EDT   SUNSET   921 PM EDT
JULY 18 2014..........SUNRISE   621 AM EDT   SUNSET   920 PM EDT


-  INDICATES NEGATIVE NUMBERS.
R  INDICATES RECORD WAS SET OR TIED.
MM INDICATES DATA IS MISSING.
T  INDICATES TRACE AMOUNT.




$$

jam
