000
CDUS43 KGRR 071447
CLIMKG


CLIMATE REPORT
NATIONAL WEATHER SERVICE GRAND RAPIDS, MI
946 AM EST SAT JAN 7 2017


...................................

...THE MUSKEGON MI CLIMATE SUMMARY FOR JANUARY 7 2017...
VALID AS OF 0900 AM LOCAL TIME.

CLIMATE NORMAL PERIOD 1981 TO 2010
CLIMATE RECORD PERIOD 1896 TO 2017


WEATHER ITEM   OBSERVED TIME   RECORD YEAR NORMAL DEPARTURE LAST
                VALUE   (LST)  VALUE       VALUE  FROM      YEAR
                                                  NORMAL
..................................................................
TEMPERATURE (F)
 TODAY
  MAXIMUM         13    131 AM  58    2008  31    -18       42
  MINIMUM         11    701 AM -11    1988  21    -10       31
  AVERAGE         12                        26    -14       37

PRECIPITATION (IN)
  TODAY            0.01          0.60 2008   0.08  -0.07     0.01
  MONTH TO DATE    0.35                      0.51  -0.16     0.03
  SINCE DEC 1      2.57                      3.06  -0.49     4.93
  SINCE JAN 1      0.35                      0.51  -0.16     0.03

SNOWFALL (IN)
  TODAY            0.4          10.2  1970   0.9   -0.5      0.0
  MONTH TO DATE    5.9                       6.3   -0.4      0.3
  SINCE DEC 1     26.3                      35.2   -8.9      5.2
  SINCE JUL 1     27.3                      41.4  -14.1      9.1
  SNOW DEPTH       5

DEGREE DAYS
 HEATING
  TODAY           53                        39     14       28
  MONTH TO DATE  296                       271     25      248
  SINCE DEC 1   1356                      1350      6     1021
  SINCE JUL 1   2261                      2717   -456     2088

 COOLING
  TODAY            0                         0      0        0
  MONTH TO DATE    0                         0      0        0
  SINCE DEC 1      0                         0      0        0
  SINCE JAN 1      0                         0      0        0
..................................................................


WIND (MPH)
  RESULTANT WIND SPEED  11   RESULTANT WIND DIRECTION   W (290)
  HIGHEST WIND SPEED    17   HIGHEST WIND DIRECTION     W (290)
  HIGHEST GUST SPEED    22   HIGHEST GUST DIRECTION     W (290)
  AVERAGE WIND SPEED    11.4


SKY COVER
  AVERAGE SKY COVER 0.9


WEATHER CONDITIONS
 THE FOLLOWING WEATHER WAS RECORDED TODAY.
  LIGHT SNOW


RELATIVE HUMIDITY (PERCENT)
 HIGHEST    76           100 AM
 LOWEST     61           300 AM
 AVERAGE    69

..........................................................


THE MUSKEGON MI CLIMATE NORMALS FOR TOMORROW
                         NORMAL    RECORD    YEAR
 MAXIMUM TEMPERATURE (F)   31        55      1965
 MINIMUM TEMPERATURE (F)   21        -3      1996
                                             1988


SUNRISE AND SUNSET
JANUARY  7 2017.......SUNRISE   816 AM EST   SUNSET   527 PM EST
JANUARY  8 2017.......SUNRISE   816 AM EST   SUNSET   528 PM EST


-  INDICATES NEGATIVE NUMBERS.
R  INDICATES RECORD WAS SET OR TIED.
MM INDICATES DATA IS MISSING.
T  INDICATES TRACE AMOUNT.




$$

JAM
