000
CDUS43 KGRR 130605
CLIMKG


CLIMATE REPORT
NATIONAL WEATHER SERVICE GRAND RAPIDS, MI
104 AM EST SAT JAN 13 2018


...................................

...THE MUSKEGON MI CLIMATE SUMMARY FOR JANUARY 12 2018...

CLIMATE NORMAL PERIOD 1981 TO 2010
CLIMATE RECORD PERIOD 1896 TO 2018


WEATHER ITEM   OBSERVED TIME   RECORD YEAR NORMAL DEPARTURE LAST
                VALUE   (LST)  VALUE       VALUE  FROM      YEAR
                                                  NORMAL
..................................................................
TEMPERATURE (F)
 YESTERDAY
  MAXIMUM         33    127 AM  59    2005  31      2       33
  MINIMUM         18   1159 PM -21    1912  20     -2       22
  AVERAGE         26                        26      0       28

PRECIPITATION (IN)
  YESTERDAY        T             1.56 1960   0.06  -0.06      T
  MONTH TO DATE    1.90                      0.85   1.05     1.04
  SINCE DEC 1      4.67                      3.40   1.27     3.26
  SINCE JAN 1      1.90                      0.85   1.05     1.04

SNOWFALL (IN)
  YESTERDAY        T             8.0  1918   0.9   -0.9       T
  MONTH TO DATE   11.5                      10.8    0.7     11.8
  SINCE DEC 1     63.2                      39.7   23.5     34.8
  SINCE JUL 1     63.2                      45.9   17.3     35.8
  SNOW DEPTH       0

DEGREE DAYS
 HEATING
  YESTERDAY       39                        40     -1       37
  MONTH TO DATE  496                       467     29      478
  SINCE DEC 1   1690                      1546    144     1538
  SINCE JUL 1   2849                      2913    -64     2443

 COOLING
  YESTERDAY        0                         0      0        0
  MONTH TO DATE    0                         0      0        0
  SINCE DEC 1      0                         0      0        0
  SINCE JAN 1      0                         0      0        0
..................................................................


WIND (MPH)
  RESULTANT WIND SPEED  17   RESULTANT WIND DIRECTION   N (360)
  HIGHEST WIND SPEED    26   HIGHEST WIND DIRECTION     N (360)
  HIGHEST GUST SPEED    35   HIGHEST GUST DIRECTION     N (340)
  AVERAGE WIND SPEED    17.5


SKY COVER
  AVERAGE SKY COVER 0.9


WEATHER CONDITIONS
 THE FOLLOWING WEATHER WAS RECORDED YESTERDAY.
  LIGHT SNOW
  FOG


RELATIVE HUMIDITY (PERCENT)
 HIGHEST    89           100 AM
 LOWEST     51           700 PM
 AVERAGE    70

..........................................................


THE MUSKEGON MI CLIMATE NORMALS FOR TODAY
                         NORMAL    RECORD    YEAR
 MAXIMUM TEMPERATURE (F)   31        52      1932
 MINIMUM TEMPERATURE (F)   20        -2      2015
                                             1912


SUNRISE AND SUNSET
JANUARY 13 2018.......SUNRISE   815 AM EST   SUNSET   533 PM EST
JANUARY 14 2018.......SUNRISE   814 AM EST   SUNSET   534 PM EST


-  INDICATES NEGATIVE NUMBERS.
R  INDICATES RECORD WAS SET OR TIED.
MM INDICATES DATA IS MISSING.
T  INDICATES TRACE AMOUNT.




$$
