000
CDUS43 KGRR 240512
CLIMKG


CLIMATE REPORT
NATIONAL WEATHER SERVICE GRAND RAPIDS, MI
112 AM EDT FRI JUL 24 2015


...................................

...THE MUSKEGON MI CLIMATE SUMMARY FOR JULY 23 2015...

CLIMATE NORMAL PERIOD 1981 TO 2010
CLIMATE RECORD PERIOD 1896 TO 2015


WEATHER ITEM   OBSERVED TIME   RECORD YEAR NORMAL DEPARTURE LAST
                VALUE   (LST)  VALUE       VALUE  FROM      YEAR
                                                  NORMAL
..................................................................
TEMPERATURE (F)
 YESTERDAY
  MAXIMUM         81   1254 PM  94    1965  81      0       76
  MINIMUM         64   1135 PM  42    1921  62      2       59
  AVERAGE         73                        71      2       68

PRECIPITATION (IN)
  YESTERDAY        0.00          1.00 1912   0.08  -0.08     0.00
  MONTH TO DATE    5.05                      1.68   3.37     3.70
  SINCE JUN 1      8.35                      4.23   4.12    10.72
  SINCE JAN 1     20.78                     16.50   4.28    24.02

SNOWFALL (IN)
  YESTERDAY        0.0          MM      MM   0.0    0.0      0.0
  MONTH TO DATE    0.0                       0.0    0.0      0.0
  SINCE JUN 1      0.0                       0.0    0.0      0.0
  SINCE JUL 1      0.0                       0.0    0.0      0.0
  SNOW DEPTH       0

DEGREE DAYS
 HEATING
  YESTERDAY        0                         0      0        0
  MONTH TO DATE   15                         4     11       15
  SINCE JUN 1     48                        70    -22       46
  SINCE JUL 1     15                         4     11       15

 COOLING
  YESTERDAY        8                         7      1        3
  MONTH TO DATE   90                       152    -62       63
  SINCE JUN 1    153                       257   -104      198
  SINCE JAN 1    192                       286    -94      215
..................................................................


WIND (MPH)
  RESULTANT WIND SPEED   4   RESULTANT WIND DIRECTION   W (260)
  HIGHEST WIND SPEED    12   HIGHEST WIND DIRECTION     W (260)
  HIGHEST GUST SPEED    15   HIGHEST GUST DIRECTION     W (250)
  AVERAGE WIND SPEED     4.6


SKY COVER
  AVERAGE SKY COVER 0.3


WEATHER CONDITIONS
 THE FOLLOWING WEATHER WAS RECORDED YESTERDAY.
  NO SIGNIFICANT WEATHER WAS OBSERVED.


RELATIVE HUMIDITY (PERCENT)
 HIGHEST    81           400 AM
 LOWEST     54          1000 AM
 AVERAGE    68

..........................................................


THE MUSKEGON MI CLIMATE NORMALS FOR TODAY
                         NORMAL    RECORD    YEAR
 MAXIMUM TEMPERATURE (F)   81        93      1964
                                             1940
                                             1917
 MINIMUM TEMPERATURE (F)   62        43      1921


SUNRISE AND SUNSET
JULY 24 2015..........SUNRISE   627 AM EDT   SUNSET   915 PM EDT
JULY 25 2015..........SUNRISE   628 AM EDT   SUNSET   914 PM EDT


-  INDICATES NEGATIVE NUMBERS.
R  INDICATES RECORD WAS SET OR TIED.
MM INDICATES DATA IS MISSING.
T  INDICATES TRACE AMOUNT.




$$
