000
CDUS43 KGRR 120553
CLIMKG


CLIMATE REPORT
NATIONAL WEATHER SERVICE GRAND RAPIDS, MI
1252 AM EST FRI JAN 12 2018


...................................

...THE MUSKEGON MI CLIMATE SUMMARY FOR JANUARY 11 2018...

CLIMATE NORMAL PERIOD 1981 TO 2010
CLIMATE RECORD PERIOD 1896 TO 2018


WEATHER ITEM   OBSERVED TIME   RECORD YEAR NORMAL DEPARTURE LAST
                VALUE   (LST)  VALUE       VALUE  FROM      YEAR
                                                  NORMAL
..................................................................
TEMPERATURE (F)
 YESTERDAY
  MAXIMUM         56R  1058 AM  56    2012  31     25       44
  MINIMUM         33   1159 PM  -2    1912  20     13       28
  AVERAGE         45                        26     19       36

PRECIPITATION (IN)
  YESTERDAY        0.85R         0.84 2013   0.07   0.78     0.12
  MONTH TO DATE    1.90                      0.79   1.11     1.04
  SINCE DEC 1      4.67                      3.34   1.33     3.26
  SINCE JAN 1      1.90                      0.79   1.11     1.04

SNOWFALL (IN)
  YESTERDAY        0.0           9.7  1954   0.9   -0.9      0.0
  MONTH TO DATE   11.5                       9.9    1.6     11.8
  SINCE DEC 1     63.2                      38.8   24.4     34.8
  SINCE JUL 1     63.2                      45.0   18.2     35.8
  SNOW DEPTH       5

DEGREE DAYS
 HEATING
  YESTERDAY       20                        39    -19       29
  MONTH TO DATE  457                       427     30      441
  SINCE DEC 1   1651                      1506    145     1501
  SINCE JUL 1   2810                      2873    -63     2406

 COOLING
  YESTERDAY        0                         0      0        0
  MONTH TO DATE    0                         0      0        0
  SINCE DEC 1      0                         0      0        0
  SINCE JAN 1      0                         0      0        0
..................................................................


WIND (MPH)
  RESULTANT WIND SPEED  18   RESULTANT WIND DIRECTION   S (200)
  HIGHEST WIND SPEED    29   HIGHEST WIND DIRECTION     S (190)
  HIGHEST GUST SPEED    42   HIGHEST GUST DIRECTION     S (180)
  AVERAGE WIND SPEED    17.2


SKY COVER
  AVERAGE SKY COVER 1.0


WEATHER CONDITIONS
 THE FOLLOWING WEATHER WAS RECORDED YESTERDAY.
  HEAVY RAIN
  RAIN
  LIGHT RAIN
  FOG


RELATIVE HUMIDITY (PERCENT)
 HIGHEST    93          1000 AM
 LOWEST     83           300 AM
 AVERAGE    88

..........................................................


THE MUSKEGON MI CLIMATE NORMALS FOR TODAY
                         NORMAL    RECORD    YEAR
 MAXIMUM TEMPERATURE (F)   31        59      2005
 MINIMUM TEMPERATURE (F)   20       -21      1912


SUNRISE AND SUNSET
JANUARY 12 2018.......SUNRISE   815 AM EST   SUNSET   532 PM EST
JANUARY 13 2018.......SUNRISE   815 AM EST   SUNSET   533 PM EST


-  INDICATES NEGATIVE NUMBERS.
R  INDICATES RECORD WAS SET OR TIED.
MM INDICATES DATA IS MISSING.
T  INDICATES TRACE AMOUNT.




$$
