000
CDUS43 KGRR 132130
CLIMKG


CLIMATE REPORT
NATIONAL WEATHER SERVICE GRAND RAPIDS, MI
528 PM EDT SAT MAY 13 2017


...................................

...THE MUSKEGON MI CLIMATE SUMMARY FOR MAY 13 2017...
VALID TODAY AS OF 0500 PM LOCAL TIME.

CLIMATE NORMAL PERIOD 1981 TO 2010
CLIMATE RECORD PERIOD 1896 TO 2017


WEATHER ITEM   OBSERVED TIME   RECORD YEAR NORMAL DEPARTURE LAST
                VALUE   (LST)  VALUE       VALUE  FROM      YEAR
                                                  NORMAL
..................................................................
TEMPERATURE (F)
 TODAY
  MAXIMUM         69    307 PM  84    1982  66      3       61
  MINIMUM         40    528 AM  25    1996  46     -6       45
  AVERAGE         55                        56     -1       53

PRECIPITATION (IN)
  TODAY            T             1.87 1978   0.11  -0.11     0.46
  MONTH TO DATE    0.52                      1.34  -0.82     1.84
  SINCE MAR 1      7.80                      6.50   1.30     9.18
  SINCE JAN 1     13.50                     10.36   3.14    13.39

SNOWFALL (IN)
  TODAY            0.0           0.0    MM   0.0    0.0      0.0
  MONTH TO DATE    0.0                       0.0    0.0      0.0
  SINCE MAR 1      4.5                      11.3   -6.8      7.3
  SINCE JUL 1     49.0                      93.7  -44.7     61.8
  SNOW DEPTH       0

DEGREE DAYS
 HEATING
  TODAY           10                        10      0       12
  MONTH TO DATE  192                       147     45      153
  SINCE MAR 1   1519                      1633   -114     1497
  SINCE JUL 1   5384                      6365   -981     5517

 COOLING
  TODAY            0                         1     -1        0
  MONTH TO DATE    0                         5     -5        0
  SINCE MAR 1      5                         9     -4        0
  SINCE JAN 1      5                         9     -4        0
..................................................................


WIND (MPH)
  RESULTANT WIND SPEED   5   RESULTANT WIND DIRECTION   S (200)
  HIGHEST WIND SPEED    21   HIGHEST WIND DIRECTION    SW (230)
  HIGHEST GUST SPEED    27   HIGHEST GUST DIRECTION    SW (210)
  AVERAGE WIND SPEED     7.0


SKY COVER
  AVERAGE SKY COVER 0.4


WEATHER CONDITIONS
 THE FOLLOWING WEATHER WAS RECORDED TODAY.
  LIGHT RAIN


RELATIVE HUMIDITY (PERCENT)
 HIGHEST   100           500 AM
 LOWEST     44           300 PM
 AVERAGE    72

..........................................................


THE MUSKEGON MI CLIMATE NORMALS FOR TOMORROW
                         NORMAL    RECORD    YEAR
 MAXIMUM TEMPERATURE (F)   66        89      1982
 MINIMUM TEMPERATURE (F)   46        28      1936


SUNRISE AND SUNSET
MAY 13 2017...........SUNRISE   623 AM EDT   SUNSET   900 PM EDT
MAY 14 2017...........SUNRISE   622 AM EDT   SUNSET   901 PM EDT


-  INDICATES NEGATIVE NUMBERS.
R  INDICATES RECORD WAS SET OR TIED.
MM INDICATES DATA IS MISSING.
T  INDICATES TRACE AMOUNT.




$$

63
