000
CDUS43 KGRR 160532
CLIMKG


CLIMATE REPORT
NATIONAL WEATHER SERVICE GRAND RAPIDS, MI
131 AM EDT MON MAY 16 2016


...................................

...THE MUSKEGON MI CLIMATE SUMMARY FOR MAY 15 2016...

CLIMATE NORMAL PERIOD 1981 TO 2010
CLIMATE RECORD PERIOD 1896 TO 2016


WEATHER ITEM   OBSERVED TIME   RECORD YEAR NORMAL DEPARTURE LAST
                VALUE   (LST)  VALUE       VALUE  FROM      YEAR
                                                  NORMAL
..................................................................
TEMPERATURE (F)
 YESTERDAY
  MAXIMUM         48    348 PM  88    1998  67    -19       68
  MINIMUM         33    506 AM  31    1920  47    -14       51
  AVERAGE         41                        57    -16       60

PRECIPITATION (IN)
  YESTERDAY        T             0.95 1982   0.11  -0.11     0.28
  MONTH TO DATE    2.02                      1.55   0.47     2.25
  SINCE MAR 1      9.36                      6.71   2.65     8.10
  SINCE JAN 1     13.57                     10.57   3.00    11.39

SNOWFALL (IN)
  YESTERDAY        0.0           0.0    MM   0.0    0.0      0.0
  MONTH TO DATE    0.0                       0.0    0.0      0.0
  SINCE MAR 1      7.3                      11.3   -4.0      4.0
  SINCE JUL 1     61.8                      93.7  -31.9     92.1
  SNOW DEPTH       0

DEGREE DAYS
 HEATING
  YESTERDAY       24                         9     15        5
  MONTH TO DATE  197                       165     32      106
  SINCE MAR 1   1541                      1651   -110     1648
  SINCE JUL 1   5561                      6383   -822     6773

 COOLING
  YESTERDAY        0                         1     -1        0
  MONTH TO DATE    0                         7     -7       12
  SINCE MAR 1      0                        11    -11       12
  SINCE JAN 1      0                        11    -11       12
..................................................................


WIND (MPH)
  RESULTANT WIND SPEED   8   RESULTANT WIND DIRECTION   W (270)
  HIGHEST WIND SPEED    21   HIGHEST WIND DIRECTION    NW (310)
  HIGHEST GUST SPEED    27   HIGHEST GUST DIRECTION     W (290)
  AVERAGE WIND SPEED    11.1


SKY COVER
  AVERAGE SKY COVER 0.5


WEATHER CONDITIONS
 THE FOLLOWING WEATHER WAS RECORDED YESTERDAY.
  LIGHT RAIN


RELATIVE HUMIDITY (PERCENT)
 HIGHEST    82           500 AM
 LOWEST     37          1100 AM
 AVERAGE    60

..........................................................


THE MUSKEGON MI CLIMATE NORMALS FOR TODAY
                         NORMAL    RECORD    YEAR
 MAXIMUM TEMPERATURE (F)   67        85      1977
 MINIMUM TEMPERATURE (F)   47        29      1997


SUNRISE AND SUNSET
MAY 16 2016...........SUNRISE   620 AM EDT   SUNSET   904 PM EDT
MAY 17 2016...........SUNRISE   619 AM EDT   SUNSET   905 PM EDT


-  INDICATES NEGATIVE NUMBERS.
R  INDICATES RECORD WAS SET OR TIED.
MM INDICATES DATA IS MISSING.
T  INDICATES TRACE AMOUNT.




$$
