000
CDUS43 KGRR 290612
CLIMKG


CLIMATE REPORT
NATIONAL WEATHER SERVICE GRAND RAPIDS, MI
111 AM EST TUE NOV 29 2016


...................................

...THE MUSKEGON MI CLIMATE SUMMARY FOR NOVEMBER 28 2016...

CLIMATE NORMAL PERIOD 1981 TO 2010
CLIMATE RECORD PERIOD 1896 TO 2016


WEATHER ITEM   OBSERVED TIME   RECORD YEAR NORMAL DEPARTURE LAST
                VALUE   (LST)  VALUE       VALUE  FROM      YEAR
                                                  NORMAL
..................................................................
TEMPERATURE (F)
 YESTERDAY
  MAXIMUM         52   1159 PM  62    1990  41     11       38
  MINIMUM         39    524 AM   7    1955  30      9       22
  AVERAGE         46                        36     10       30

PRECIPITATION (IN)
  YESTERDAY        0.83          1.17 2005   0.11   0.72     0.00
  MONTH TO DATE    2.13                      3.15  -1.02     3.22
  SINCE SEP 1     11.83                     10.15   1.68     8.36
  SINCE JAN 1     36.98                     30.73   6.25    31.49

SNOWFALL (IN)
  YESTERDAY        0.0           6.5  2013   0.4   -0.4      0.0
                                      1955
  MONTH TO DATE    1.0                       5.2   -4.2      3.9
  SINCE SEP 1      1.0                       5.4   -4.4      3.9
  SINCE JUL 1      1.0                       5.4   -4.4      3.9
  SNOW DEPTH       0

DEGREE DAYS
 HEATING
  YESTERDAY       19                        29    -10       35
  MONTH TO DATE  520                       684   -164      514
  SINCE SEP 1    863                      1277   -414      972
  SINCE JUL 1    872                      1307   -435     1004

 COOLING
  YESTERDAY        0                         0      0        0
  MONTH TO DATE    0                         0      0        0
  SINCE SEP 1    110                        59     51      116
  SINCE JAN 1    774                       566    208      570
..................................................................


WIND (MPH)
  RESULTANT WIND SPEED  14   RESULTANT WIND DIRECTION  SE (140)
  HIGHEST WIND SPEED    23   HIGHEST WIND DIRECTION    SE (130)
  HIGHEST GUST SPEED    30   HIGHEST GUST DIRECTION    SE (130)
  AVERAGE WIND SPEED    13.5


SKY COVER
  AVERAGE SKY COVER 0.9


WEATHER CONDITIONS
 THE FOLLOWING WEATHER WAS RECORDED YESTERDAY.
  RAIN
  LIGHT RAIN
  FOG


RELATIVE HUMIDITY (PERCENT)
 HIGHEST    93           900 AM
 LOWEST     70           300 AM
 AVERAGE    82

..........................................................


THE MUSKEGON MI CLIMATE NORMALS FOR TODAY
                         NORMAL    RECORD    YEAR
 MAXIMUM TEMPERATURE (F)   40        65      1998
 MINIMUM TEMPERATURE (F)   30         5      1929


SUNRISE AND SUNSET
NOVEMBER 29 2016......SUNRISE   755 AM EST   SUNSET   511 PM EST
NOVEMBER 30 2016......SUNRISE   756 AM EST   SUNSET   511 PM EST


-  INDICATES NEGATIVE NUMBERS.
R  INDICATES RECORD WAS SET OR TIED.
MM INDICATES DATA IS MISSING.
T  INDICATES TRACE AMOUNT.




$$
