000
CDUS43 KGRR 190513
CLIMKG


CLIMATE REPORT
NATIONAL WEATHER SERVICE GRAND RAPIDS, MI
113 AM EDT SUN OCT 19 2014


...................................

...THE MUSKEGON MI CLIMATE SUMMARY FOR OCTOBER 18 2014...

CLIMATE NORMAL PERIOD 1981 TO 2010
CLIMATE RECORD PERIOD 1896 TO 2014


WEATHER ITEM   OBSERVED TIME   RECORD YEAR NORMAL DEPARTURE LAST
                VALUE   (LST)  VALUE       VALUE  FROM      YEAR
                                                  NORMAL
..................................................................
TEMPERATURE (F)
 YESTERDAY
  MAXIMUM         49    420 PM  78    1910  58     -9       60
  MINIMUM         36   1150 PM  23    1976  42     -6       41
                                      1952
  AVERAGE         43                        50     -7       51

PRECIPITATION (IN)
  YESTERDAY        0.04          2.14 1923   0.10  -0.06     0.00
  MONTH TO DATE    2.65                      1.80   0.85     2.64
  SINCE SEP 1      5.85                      5.69   0.16     4.59
  SINCE JAN 1     32.46                     26.27   6.19    35.84

SNOWFALL (IN)
  YESTERDAY       MM             4.6  1972   0.0   MM        0.0
  MONTH TO DATE    0.0                       0.0    0.0      0.0
  SINCE SEP 1      0.0                       0.0    0.0      0.0
  SINCE JUL 1      0.0                       0.0    0.0      0.0
  SNOW DEPTH       0

DEGREE DAYS
 HEATING
  YESTERDAY       22                        15      7       14
  MONTH TO DATE  208                       225    -17      124
  SINCE SEP 1    363                       368     -5      231
  SINCE JUL 1    412                       398     14      266

 COOLING
  YESTERDAY        0                         0      0        0
  MONTH TO DATE    0                         2     -2       10
  SINCE SEP 1     46                        56    -10       87
  SINCE JAN 1    442                       563   -121      626
..................................................................


WIND (MPH)
  RESULTANT WIND SPEED  11   RESULTANT WIND DIRECTION   N (350)
  HIGHEST WIND SPEED    22   HIGHEST WIND DIRECTION    NW (330)
  HIGHEST GUST SPEED    27   HIGHEST GUST DIRECTION    NW (320)
  AVERAGE WIND SPEED    11.4


SKY COVER
  AVERAGE SKY COVER 0.8


WEATHER CONDITIONS
 THE FOLLOWING WEATHER WAS RECORDED YESTERDAY.
  LIGHT RAIN
  FOG


RELATIVE HUMIDITY (PERCENT)
 HIGHEST    86           400 AM
 LOWEST     56           500 PM
 AVERAGE    71

..........................................................


THE MUSKEGON MI CLIMATE NORMALS FOR TODAY
                         NORMAL    RECORD    YEAR
 MAXIMUM TEMPERATURE (F)   58        77      1971
                                             1910
 MINIMUM TEMPERATURE (F)   42        22      1972


SUNRISE AND SUNSET
OCTOBER 19 2014.......SUNRISE   803 AM EDT   SUNSET   656 PM EDT
OCTOBER 20 2014.......SUNRISE   805 AM EDT   SUNSET   654 PM EDT


-  INDICATES NEGATIVE NUMBERS.
R  INDICATES RECORD WAS SET OR TIED.
MM INDICATES DATA IS MISSING.
T  INDICATES TRACE AMOUNT.




$$
