000
CDUS43 KGRR 282141
CLIMKG


CLIMATE REPORT
NATIONAL WEATHER SERVICE GRAND RAPIDS, MI
541 PM EDT THU APR 28 2016


...................................

...THE MUSKEGON MI CLIMATE SUMMARY FOR APRIL 28 2016...
VALID TODAY AS OF 0500 PM LOCAL TIME.

CLIMATE NORMAL PERIOD 1981 TO 2010
CLIMATE RECORD PERIOD 1896 TO 2016


WEATHER ITEM   OBSERVED TIME   RECORD YEAR NORMAL DEPARTURE LAST
                VALUE   (LST)  VALUE       VALUE  FROM      YEAR
                                                  NORMAL
..................................................................
TEMPERATURE (F)
 TODAY
  MAXIMUM         51   1227 AM  80    1990  61    -10       55
  MINIMUM         37    940 AM  25    1947  42     -5       35
  AVERAGE         44                        51     -7       45

PRECIPITATION (IN)
  TODAY            0.49          1.05 1959   0.10   0.39     0.00
  MONTH TO DATE    2.06                      2.71  -0.65     4.72
  SINCE MAR 1      7.00                      4.96   2.04     5.85
  SINCE JAN 1     11.21                      8.82   2.39     9.14

SNOWFALL (IN)
  TODAY            0.0           2.5  1912   0.0    0.0      0.0
  MONTH TO DATE    2.4                       2.3    0.1       T
  SINCE MAR 1      7.3                      11.3   -4.0      4.0
  SINCE JUL 1     61.8                      93.7  -31.9     92.1
  SNOW DEPTH       0

DEGREE DAYS
 HEATING
  TODAY           21                        14      7       20
  MONTH TO DATE  532                       529      3      505
  SINCE MAR 1   1307                      1459   -152     1512
  SINCE JUL 1   5327                      6191   -864     6637

 COOLING
  TODAY            0                         0      0        0
  MONTH TO DATE    0                         0      0        0
  SINCE MAR 1      0                         0      0        0
  SINCE JAN 1      0                         0      0        0
..................................................................


WIND (MPH)
  RESULTANT WIND SPEED  14   RESULTANT WIND DIRECTION   E (80)
  HIGHEST WIND SPEED    23   HIGHEST WIND DIRECTION     E (80)
  HIGHEST GUST SPEED    32   HIGHEST GUST DIRECTION     E (70)
  AVERAGE WIND SPEED    14.0


SKY COVER
  AVERAGE SKY COVER 1.0


WEATHER CONDITIONS
 THE FOLLOWING WEATHER WAS RECORDED TODAY.
  RAIN
  LIGHT RAIN


RELATIVE HUMIDITY (PERCENT)
 HIGHEST    82          1000 AM
 LOWEST     35          1200 AM
 AVERAGE    59

..........................................................


THE MUSKEGON MI CLIMATE NORMALS FOR TOMORROW
                         NORMAL    RECORD    YEAR
 MAXIMUM TEMPERATURE (F)   61        86      1970
 MINIMUM TEMPERATURE (F)   42        26      1979


SUNRISE AND SUNSET
APRIL 28 2016.........SUNRISE   642 AM EDT   SUNSET   843 PM EDT
APRIL 29 2016.........SUNRISE   641 AM EDT   SUNSET   845 PM EDT


-  INDICATES NEGATIVE NUMBERS.
R  INDICATES RECORD WAS SET OR TIED.
MM INDICATES DATA IS MISSING.
T  INDICATES TRACE AMOUNT.




$$

jam
