664
CDUS43 KGRR 150540
CLIMKG


CLIMATE REPORT
NATIONAL WEATHER SERVICE GRAND RAPIDS, MI
133 AM EDT SUN OCT 15 2017


...................................

...THE MUSKEGON MI CLIMATE SUMMARY FOR OCTOBER 14 2017...

CLIMATE NORMAL PERIOD 1981 TO 2010
CLIMATE RECORD PERIOD 1896 TO 2017


WEATHER ITEM   OBSERVED TIME   RECORD YEAR NORMAL DEPARTURE LAST
                VALUE   (LST)  VALUE       VALUE  FROM      YEAR
                                                  NORMAL
..................................................................
TEMPERATURE (F)
 YESTERDAY
  MAXIMUM         65   1159 PM  78    1968  60      5       62
  MINIMUM         58    753 AM  28    1979  43     15       37
                                      1937
                                      1907
  AVERAGE         62                        51     11       50

PRECIPITATION (IN)
  YESTERDAY        0.93          1.07 1940   0.10   0.83     0.00
  MONTH TO DATE    3.18                      1.43   1.75     0.87
  SINCE SEP 1      4.00                      5.32  -1.32     6.79
  SINCE JAN 1     25.16                     25.90  -0.74    31.94

SNOWFALL (IN)
  YESTERDAY        0.0           T    1995   0.0    0.0      0.0
  MONTH TO DATE    0.0                       0.0    0.0      0.0
  SINCE SEP 1      0.0                       0.0    0.0      0.0
  SINCE JUL 1      0.0                       0.0    0.0      0.0
  SNOW DEPTH       0

DEGREE DAYS
 HEATING
  YESTERDAY        3                        14    -11       15
  MONTH TO DATE   64                       166   -102       98
  SINCE SEP 1    156                       309   -153      123
  SINCE JUL 1    169                       339   -170      132

 COOLING
  YESTERDAY        0                         0      0        0
  MONTH TO DATE    8                         2      6        3
  SINCE SEP 1    119                        56     63      104
  SINCE JAN 1    613                       563     50      768
..................................................................


WIND (MPH)
  RESULTANT WIND SPEED   7   RESULTANT WIND DIRECTION   E (90)
  HIGHEST WIND SPEED    18   HIGHEST WIND DIRECTION     S (160)
  HIGHEST GUST SPEED    24   HIGHEST GUST DIRECTION     S (160)
  AVERAGE WIND SPEED     9.9


SKY COVER
  AVERAGE SKY COVER 1.0


WEATHER CONDITIONS
 THE FOLLOWING WEATHER WAS RECORDED YESTERDAY.
  THUNDERSTORM
  HEAVY RAIN
  RAIN
  LIGHT RAIN
  FOG


RELATIVE HUMIDITY (PERCENT)
 HIGHEST   100           600 AM
 LOWEST     90          1000 AM
 AVERAGE    95

..........................................................


THE MUSKEGON MI CLIMATE NORMALS FOR TODAY
                         NORMAL    RECORD    YEAR
 MAXIMUM TEMPERATURE (F)   59        86      1899
 MINIMUM TEMPERATURE (F)   43        25      1944


SUNRISE AND SUNSET
OCTOBER 15 2017.......SUNRISE   759 AM EDT   SUNSET   702 PM EDT
OCTOBER 16 2017.......SUNRISE   800 AM EDT   SUNSET   700 PM EDT


-  INDICATES NEGATIVE NUMBERS.
R  INDICATES RECORD WAS SET OR TIED.
MM INDICATES DATA IS MISSING.
T  INDICATES TRACE AMOUNT.




$$
