000
CDUS43 KGRR 232226
CLIMKG


CLIMATE REPORT
NATIONAL WEATHER SERVICE GRAND RAPIDS, MI
524 PM EST TUE DEC 23 2014


...................................

...THE MUSKEGON MI CLIMATE SUMMARY FOR DECEMBER 23 2014...
VALID TODAY AS OF 0500 PM LOCAL TIME.

CLIMATE NORMAL PERIOD 1981 TO 2010
CLIMATE RECORD PERIOD 1896 TO 2014


WEATHER ITEM   OBSERVED TIME   RECORD YEAR NORMAL DEPARTURE LAST
                VALUE   (LST)  VALUE       VALUE  FROM      YEAR
                                                  NORMAL
..................................................................
TEMPERATURE (F)
 TODAY
  MAXIMUM         48    237 PM  54    1941  33     15       26
  MINIMUM         37    139 AM  -5    1989  24     13       20
  AVERAGE         43                        28     15       23

PRECIPITATION (IN)
  TODAY            0.34          1.05 1920   0.07   0.27     0.16
  MONTH TO DATE    1.08                      1.98  -0.90     1.82
  SINCE DEC 1      1.08                      1.98  -0.90     1.82
  SINCE JAN 1     37.96                     32.92   5.04    42.88

SNOWFALL (IN)
  TODAY            0.0           6.7  2008   1.0   -1.0      5.6
  MONTH TO DATE    1.1                      20.9  -19.8     24.5
  SINCE DEC 1      1.1                      20.9  -19.8     24.5
  SINCE JUL 1     25.6                      27.1   -1.5     33.4
  SNOW DEPTH       0

DEGREE DAYS
 HEATING
  TODAY           22                        37    -15       42
  MONTH TO DATE  728                       780    -52      873
  SINCE DEC 1    728                       780    -52      873
  SINCE JUL 1   2211                      2147     64     2144

 COOLING
  TODAY            0                         0      0        0
  MONTH TO DATE    0                         0      0        0
  SINCE DEC 1      0                         0      0        0
  SINCE JAN 1    442                       566   -124      626
..................................................................


WIND (MPH)
  RESULTANT WIND SPEED  10   RESULTANT WIND DIRECTION  SE (150)
  HIGHEST WIND SPEED    23   HIGHEST WIND DIRECTION     S (200)
  HIGHEST GUST SPEED    30   HIGHEST GUST DIRECTION     S (200)
  AVERAGE WIND SPEED    14.7


SKY COVER
  AVERAGE SKY COVER 0.9


WEATHER CONDITIONS
 THE FOLLOWING WEATHER WAS RECORDED TODAY.
  RAIN
  LIGHT RAIN
  FOG


RELATIVE HUMIDITY (PERCENT)
 HIGHEST    93           900 AM
 LOWEST     71           200 PM
 AVERAGE    82

..........................................................


THE MUSKEGON MI CLIMATE NORMALS FOR TOMORROW
                         NORMAL    RECORD    YEAR
 MAXIMUM TEMPERATURE (F)   33        55      1932
 MINIMUM TEMPERATURE (F)   23        -5      1969
                                             1960


SUNRISE AND SUNSET
DECEMBER 23 2014......SUNRISE   814 AM EST   SUNSET   514 PM EST
DECEMBER 24 2014......SUNRISE   815 AM EST   SUNSET   514 PM EST


-  INDICATES NEGATIVE NUMBERS.
R  INDICATES RECORD WAS SET OR TIED.
MM INDICATES DATA IS MISSING.
T  INDICATES TRACE AMOUNT.




$$

JAM
