779
CDUS43 KGRR 110612
CLIMKG


CLIMATE REPORT
NATIONAL WEATHER SERVICE GRAND RAPIDS, MI
211 AM EDT FRI AUG 11 2017


...................................

...THE MUSKEGON MI CLIMATE SUMMARY FOR AUGUST 10 2017...

CLIMATE NORMAL PERIOD 1981 TO 2010
CLIMATE RECORD PERIOD 1896 TO 2017


WEATHER ITEM   OBSERVED TIME   RECORD YEAR NORMAL DEPARTURE LAST
                VALUE   (LST)  VALUE       VALUE  FROM      YEAR
                                                  NORMAL
..................................................................
TEMPERATURE (F)
 YESTERDAY
  MAXIMUM         83    307 PM  95    1944  80      3       87
  MINIMUM         62    602 AM  47    1972  62      0       65
  AVERAGE         73                        71      2       76

PRECIPITATION (IN)
  YESTERDAY        0.22          2.30 1938   0.11   0.11     0.00
  MONTH TO DATE    0.66                      1.05  -0.39     0.00
  SINCE JUN 1      5.93                      5.97  -0.04     8.36
  SINCE JAN 1     20.41                     18.24   2.17    22.29

SNOWFALL (IN)
  YESTERDAY        0.0          MM      MM   0.0    0.0      0.0
  MONTH TO DATE    0.0                       0.0    0.0      0.0
  SINCE JUN 1      0.0                       0.0    0.0      0.0
  SINCE JUL 1      0.0                       0.0    0.0      0.0
  SNOW DEPTH       0

DEGREE DAYS
 HEATING
  YESTERDAY        0                         0      0        0
  MONTH TO DATE    1                         0      1        0
  SINCE JUN 1     35                        77    -42       47
  SINCE JUL 1      1                        11    -10        9

 COOLING
  YESTERDAY        8                         6      2       11
  MONTH TO DATE   51                        60     -9       87
  SINCE JUN 1    392                       367     25      445
  SINCE JAN 1    414                       396     18      489
..................................................................


WIND (MPH)
  RESULTANT WIND SPEED   8   RESULTANT WIND DIRECTION   S (180)
  HIGHEST WIND SPEED    20   HIGHEST WIND DIRECTION     S (190)
  HIGHEST GUST SPEED    26   HIGHEST GUST DIRECTION     S (190)
  AVERAGE WIND SPEED     8.5


SKY COVER
  AVERAGE SKY COVER 0.6


WEATHER CONDITIONS
 THE FOLLOWING WEATHER WAS RECORDED YESTERDAY.
  THUNDERSTORM
  LIGHT RAIN
  FOG


RELATIVE HUMIDITY (PERCENT)
 HIGHEST    84          1200 AM
 LOWEST     39           300 PM
 AVERAGE    62

..........................................................


THE MUSKEGON MI CLIMATE NORMALS FOR TODAY
                         NORMAL    RECORD    YEAR
 MAXIMUM TEMPERATURE (F)   79        91      1947
 MINIMUM TEMPERATURE (F)   62        47      1968
                                             1965


SUNRISE AND SUNSET
AUGUST 11 2017........SUNRISE   646 AM EDT   SUNSET   853 PM EDT
AUGUST 12 2017........SUNRISE   647 AM EDT   SUNSET   852 PM EDT


-  INDICATES NEGATIVE NUMBERS.
R  INDICATES RECORD WAS SET OR TIED.
MM INDICATES DATA IS MISSING.
T  INDICATES TRACE AMOUNT.




$$
