000
CDUS43 KGRR 150522
CLIMKG


CLIMATE REPORT
NATIONAL WEATHER SERVICE GRAND RAPIDS, MI
1222 AM EST MON DEC 15 2014


...................................

...THE MUSKEGON MI CLIMATE SUMMARY FOR DECEMBER 14 2014...

CLIMATE NORMAL PERIOD 1981 TO 2010
CLIMATE RECORD PERIOD 1896 TO 2014


WEATHER ITEM   OBSERVED TIME   RECORD YEAR NORMAL DEPARTURE LAST
                VALUE   (LST)  VALUE       VALUE  FROM      YEAR
                                                  NORMAL
..................................................................
TEMPERATURE (F)
 YESTERDAY
  MAXIMUM         48    829 PM  57    1975  35     13       22
  MINIMUM         43   1239 AM   1    1917  26     17       16
  AVERAGE         46                        30     16       19

PRECIPITATION (IN)
  YESTERDAY        T             0.80 1975   0.09  -0.09     0.13
                                      1907
  MONTH TO DATE    0.36                      1.29  -0.93     0.96
  SINCE DEC 1      0.36                      1.29  -0.93     0.96
  SINCE JAN 1     37.24                     32.23   5.01    42.02

SNOWFALL (IN)
  YESTERDAY        0.0           7.5  1989   1.0   -1.0      2.1
  MONTH TO DATE    1.1                      11.8  -10.7     12.9
  SINCE DEC 1      1.1                      11.8  -10.7     12.9
  SINCE JUL 1     25.6                      18.0    7.6     21.8
  SNOW DEPTH       0

DEGREE DAYS
 HEATING
  YESTERDAY       19                        35    -16       46
  MONTH TO DATE  453                       458     -5      531
  SINCE DEC 1    453                       458     -5      531
  SINCE JUL 1   1936                      1825    111     1802

 COOLING
  YESTERDAY        0                         0      0        0
  MONTH TO DATE    0                         0      0        0
  SINCE DEC 1      0                         0      0        0
  SINCE JAN 1    442                       566   -124      626
..................................................................


WIND (MPH)
  RESULTANT WIND SPEED   6   RESULTANT WIND DIRECTION  SW (220)
  HIGHEST WIND SPEED    14   HIGHEST WIND DIRECTION     W (260)
  HIGHEST GUST SPEED    19   HIGHEST GUST DIRECTION     S (190)
  AVERAGE WIND SPEED     7.3


SKY COVER
  AVERAGE SKY COVER 1.0


WEATHER CONDITIONS
 THE FOLLOWING WEATHER WAS RECORDED YESTERDAY.
  LIGHT RAIN
  FOG


RELATIVE HUMIDITY (PERCENT)
 HIGHEST    93          1100 AM
 LOWEST     86           500 AM
 AVERAGE    90

..........................................................


THE MUSKEGON MI CLIMATE NORMALS FOR TODAY
                         NORMAL    RECORD    YEAR
 MAXIMUM TEMPERATURE (F)   35        58      1971
 MINIMUM TEMPERATURE (F)   25        -2      1943


SUNRISE AND SUNSET
DECEMBER 15 2014......SUNRISE   810 AM EST   SUNSET   510 PM EST
DECEMBER 16 2014......SUNRISE   810 AM EST   SUNSET   511 PM EST


-  INDICATES NEGATIVE NUMBERS.
R  INDICATES RECORD WAS SET OR TIED.
MM INDICATES DATA IS MISSING.
T  INDICATES TRACE AMOUNT.




$$
