000
CDUS43 KGRR 212126
CLIMKG


CLIMATE REPORT
NATIONAL WEATHER SERVICE GRAND RAPIDS, MI
525 PM EDT TUE JUL 21 2015


...................................

...THE MUSKEGON MI CLIMATE SUMMARY FOR JULY 21 2015...
VALID TODAY AS OF 0500 PM LOCAL TIME.

CLIMATE NORMAL PERIOD 1981 TO 2010
CLIMATE RECORD PERIOD 1896 TO 2015


WEATHER ITEM   OBSERVED TIME   RECORD YEAR NORMAL DEPARTURE LAST
                VALUE   (LST)  VALUE       VALUE  FROM      YEAR
                                                  NORMAL
..................................................................
TEMPERATURE (F)
 TODAY
  MAXIMUM         75    314 PM  95    1934  81     -6       82
  MINIMUM         59    559 AM  43    1921  62     -3       62
  AVERAGE         67                        71     -4       72

PRECIPITATION (IN)
  TODAY            0.00          1.39 1953   0.08  -0.08     0.00
  MONTH TO DATE    5.05                      1.52   3.53     2.49
  SINCE JUN 1      8.35                      4.07   4.28     9.51
  SINCE JAN 1     20.78                     16.34   4.44    22.81

SNOWFALL (IN)
  TODAY            0.0          MM      MM   0.0    0.0      0.0
  MONTH TO DATE    0.0                       0.0    0.0      0.0
  SINCE JUN 1      0.0                       0.0    0.0      0.0
  SINCE JUL 1      0.0                       0.0    0.0      0.0
  SNOW DEPTH       0

DEGREE DAYS
 HEATING
  TODAY            0                         0      0        0
  MONTH TO DATE   15                         4     11       15
  SINCE JUN 1     48                        70    -22       46
  SINCE JUL 1     15                         4     11       15

 COOLING
  TODAY            2                         7     -5        7
  MONTH TO DATE   78                       138    -60       49
  SINCE JUN 1    141                       243   -102      184
  SINCE JAN 1    180                       272    -92      201
..................................................................


WIND (MPH)
  RESULTANT WIND SPEED   7   RESULTANT WIND DIRECTION  NW (310)
  HIGHEST WIND SPEED    18   HIGHEST WIND DIRECTION    NW (320)
  HIGHEST GUST SPEED    25   HIGHEST GUST DIRECTION     W (290)
  AVERAGE WIND SPEED     8.1


SKY COVER
  AVERAGE SKY COVER 0.1


WEATHER CONDITIONS
 THE FOLLOWING WEATHER WAS RECORDED TODAY.
  NO SIGNIFICANT WEATHER WAS OBSERVED.


RELATIVE HUMIDITY (PERCENT)
 HIGHEST    93           600 AM
 LOWEST     49           100 PM
 AVERAGE    71

..........................................................


THE MUSKEGON MI CLIMATE NORMALS FOR TOMORROW
                         NORMAL    RECORD    YEAR
 MAXIMUM TEMPERATURE (F)   81        93      1901
 MINIMUM TEMPERATURE (F)   62        46      1947


SUNRISE AND SUNSET
JULY 21 2015..........SUNRISE   624 AM EDT   SUNSET   918 PM EDT
JULY 22 2015..........SUNRISE   625 AM EDT   SUNSET   917 PM EDT


-  INDICATES NEGATIVE NUMBERS.
R  INDICATES RECORD WAS SET OR TIED.
MM INDICATES DATA IS MISSING.
T  INDICATES TRACE AMOUNT.




$$

63
