000
CDUS43 KGRR 112128
CLIMKG


CLIMATE REPORT
NATIONAL WEATHER SERVICE GRAND RAPIDS, MI
525 PM EDT SUN JUN 11 2017


...................................

...THE MUSKEGON MI CLIMATE SUMMARY FOR JUNE 11 2017...
VALID TODAY AS OF 0500 PM LOCAL TIME.

CLIMATE NORMAL PERIOD 1981 TO 2010
CLIMATE RECORD PERIOD 1896 TO 2017


WEATHER ITEM   OBSERVED TIME   RECORD YEAR NORMAL DEPARTURE LAST
                VALUE   (LST)  VALUE       VALUE  FROM      YEAR
                                                  NORMAL
..................................................................
TEMPERATURE (F)
 TODAY
  MAXIMUM         85    359 PM  94    1956  75     10       81
  MINIMUM         70    740 AM  31    1972  55     15       63
  AVERAGE         78                        65     13       72

PRECIPITATION (IN)
  TODAY            0.00          1.96 1939   0.09  -0.09     0.00
  MONTH TO DATE    0.42                      1.00  -0.58     0.50
  SINCE JUN 1      0.42                      1.00  -0.58     0.50
  SINCE JAN 1     14.90                     13.27   1.63    14.43

SNOWFALL (IN)
  TODAY            0.0          MM      MM   0.0    0.0      0.0
  MONTH TO DATE    0.0                       0.0    0.0      0.0
  SINCE JUN 1      0.0                       0.0    0.0      0.0
  SINCE JUL 1     49.0                      93.7  -44.7     61.8
  SNOW DEPTH       0

DEGREE DAYS
 HEATING
  TODAY            0                         2     -2        0
  MONTH TO DATE   15                        38    -23       32
  SINCE JUN 1     15                        38    -23       32
  SINCE JUL 1   5486                      6532  -1046     5651

 COOLING
  TODAY           13                         3     10        7
  MONTH TO DATE   33                        23     10       25
  SINCE JUN 1     33                        23     10       25
  SINCE JAN 1     55                        52      3       69
..................................................................


WIND (MPH)
  RESULTANT WIND SPEED  19   RESULTANT WIND DIRECTION   S (200)
  HIGHEST WIND SPEED    26   HIGHEST WIND DIRECTION    SW (210)
  HIGHEST GUST SPEED    35   HIGHEST GUST DIRECTION    SW (210)
  AVERAGE WIND SPEED    18.8


SKY COVER
  AVERAGE SKY COVER 0.6


WEATHER CONDITIONS
 THE FOLLOWING WEATHER WAS RECORDED TODAY.
  NO SIGNIFICANT WEATHER WAS OBSERVED.


RELATIVE HUMIDITY (PERCENT)
 HIGHEST    66           600 AM
 LOWEST     44           300 PM
 AVERAGE    55

..........................................................


THE MUSKEGON MI CLIMATE NORMALS FOR TOMORROW
                         NORMAL    RECORD    YEAR
 MAXIMUM TEMPERATURE (F)   75        91      1976
 MINIMUM TEMPERATURE (F)   56        41      1947


SUNRISE AND SUNSET
JUNE 11 2017..........SUNRISE   605 AM EDT   SUNSET   925 PM EDT
JUNE 12 2017..........SUNRISE   605 AM EDT   SUNSET   925 PM EDT


-  INDICATES NEGATIVE NUMBERS.
R  INDICATES RECORD WAS SET OR TIED.
MM INDICATES DATA IS MISSING.
T  INDICATES TRACE AMOUNT.




$$

63
