000
CDUS43 KGRR 160525
CLIMKG


CLIMATE REPORT
NATIONAL WEATHER SERVICE GRAND RAPIDS, MI
125 AM EDT TUE AUG 16 2016


...................................

...THE MUSKEGON MI CLIMATE SUMMARY FOR AUGUST 15 2016...

CLIMATE NORMAL PERIOD 1981 TO 2010
CLIMATE RECORD PERIOD 1896 TO 2016


WEATHER ITEM   OBSERVED TIME   RECORD YEAR NORMAL DEPARTURE LAST
                VALUE   (LST)  VALUE       VALUE  FROM      YEAR
                                                  NORMAL
..................................................................
TEMPERATURE (F)
 YESTERDAY
  MAXIMUM         83   1245 PM  93    1944  79      4       84
  MINIMUM         65    636 AM  40    1929  62      3       65
  AVERAGE         74                        70      4       75

PRECIPITATION (IN)
  YESTERDAY        T             1.08 1959   0.11  -0.11     0.00
  MONTH TO DATE    0.96                      1.61  -0.65     0.67
  SINCE JUN 1      9.32                      6.53   2.79     9.02
  SINCE JAN 1     23.25                     18.80   4.45    21.45

SNOWFALL (IN)
  YESTERDAY        0.0          MM      MM   0.0    0.0      0.0
  MONTH TO DATE    0.0                       0.0    0.0      0.0
  SINCE JUN 1      0.0                       0.0    0.0      0.0
  SINCE JUL 1      0.0                       0.0    0.0      0.0
  SNOW DEPTH       0

DEGREE DAYS
 HEATING
  YESTERDAY        0                         0      0        0
  MONTH TO DATE    0                         0      0        0
  SINCE JUN 1     47                        77    -30       48
  SINCE JUL 1      9                        11     -2       15

 COOLING
  YESTERDAY        9                         6      3       10
  MONTH TO DATE  141                        90     51      109
  SINCE JUN 1    499                       397    102      349
  SINCE JAN 1    543                       426    117      388
..................................................................


WIND (MPH)
  RESULTANT WIND SPEED   4   RESULTANT WIND DIRECTION  SE (120)
  HIGHEST WIND SPEED    12   HIGHEST WIND DIRECTION     E (100)
  HIGHEST GUST SPEED    14   HIGHEST GUST DIRECTION     E (90)
  AVERAGE WIND SPEED     5.5


SKY COVER
  AVERAGE SKY COVER 0.7


WEATHER CONDITIONS
 THE FOLLOWING WEATHER WAS RECORDED YESTERDAY.
  LIGHT RAIN
  FOG


RELATIVE HUMIDITY (PERCENT)
 HIGHEST   100           500 AM
 LOWEST     51           100 PM
 AVERAGE    76

..........................................................


THE MUSKEGON MI CLIMATE NORMALS FOR TODAY
                         NORMAL    RECORD    YEAR
 MAXIMUM TEMPERATURE (F)   79        95      1988
 MINIMUM TEMPERATURE (F)   61        36      1979


SUNRISE AND SUNSET
AUGUST 16 2016........SUNRISE   652 AM EDT   SUNSET   845 PM EDT
AUGUST 17 2016........SUNRISE   653 AM EDT   SUNSET   844 PM EDT


-  INDICATES NEGATIVE NUMBERS.
R  INDICATES RECORD WAS SET OR TIED.
MM INDICATES DATA IS MISSING.
T  INDICATES TRACE AMOUNT.




$$
