000
CDUS43 KGRR 211432
CLIMKG


CLIMATE REPORT
NATIONAL WEATHER SERVICE GRAND RAPIDS, MI
931 AM EST MON NOV 21 2016


...................................

...THE MUSKEGON MI CLIMATE SUMMARY FOR NOVEMBER 21 2016...
VALID AS OF 0900 AM LOCAL TIME.

CLIMATE NORMAL PERIOD 1981 TO 2010
CLIMATE RECORD PERIOD 1896 TO 2016


WEATHER ITEM   OBSERVED TIME   RECORD YEAR NORMAL DEPARTURE LAST
                VALUE   (LST)  VALUE       VALUE  FROM      YEAR
                                                  NORMAL
..................................................................
TEMPERATURE (F)
 TODAY
  MAXIMUM         34    859 AM  69    1913  44    -10       38
  MINIMUM         31    547 AM  18    2014  32     -1       31
  AVERAGE         33                        38     -5       35

PRECIPITATION (IN)
  TODAY            0.00          1.10 1906   0.11  -0.11     0.17
  MONTH TO DATE    0.63                      2.39  -1.76     1.47
  SINCE SEP 1     10.33                      9.39   0.94     6.61
  SINCE JAN 1     35.48                     29.97   5.51    29.74

SNOWFALL (IN)
  TODAY            0.0           4.7  1971   0.3   -0.3      2.8
  MONTH TO DATE    1.0                       2.8   -1.8      2.8
  SINCE SEP 1      1.0                       3.0   -2.0      2.8
  SINCE JUL 1      1.0                       3.0   -2.0      2.8
  SNOW DEPTH       0

DEGREE DAYS
 HEATING
  TODAY           32                        27      5       30
  MONTH TO DATE  348                       486   -138      331
  SINCE SEP 1    691                      1079   -388      789
  SINCE JUL 1    700                      1109   -409      821

 COOLING
  TODAY            0                         0      0        0
  MONTH TO DATE    0                         0      0        0
  SINCE SEP 1    110                        59     51      116
  SINCE JAN 1    774                       566    208      570
..................................................................


WIND (MPH)
  RESULTANT WIND SPEED   6   RESULTANT WIND DIRECTION   N (350)
  HIGHEST WIND SPEED    16   HIGHEST WIND DIRECTION     N (340)
  HIGHEST GUST SPEED    21   HIGHEST GUST DIRECTION    NW (330)
  AVERAGE WIND SPEED     6.1


SKY COVER
  AVERAGE SKY COVER 1.0


WEATHER CONDITIONS
 THE FOLLOWING WEATHER WAS RECORDED TODAY.
  NO SIGNIFICANT WEATHER WAS OBSERVED.


RELATIVE HUMIDITY (PERCENT)
 HIGHEST    69          1200 AM
 LOWEST     61           800 AM
 AVERAGE    65

..........................................................


THE MUSKEGON MI CLIMATE NORMALS FOR TOMORROW
                         NORMAL    RECORD    YEAR
 MAXIMUM TEMPERATURE (F)   44        67      1934
 MINIMUM TEMPERATURE (F)   32        14      1971


SUNRISE AND SUNSET
NOVEMBER 21 2016......SUNRISE   746 AM EST   SUNSET   516 PM EST
NOVEMBER 22 2016......SUNRISE   747 AM EST   SUNSET   515 PM EST


-  INDICATES NEGATIVE NUMBERS.
R  INDICATES RECORD WAS SET OR TIED.
MM INDICATES DATA IS MISSING.
T  INDICATES TRACE AMOUNT.




$$

JAM
