000
CDUS43 KGRR 100524
CLIMKG


CLIMATE REPORT
NATIONAL WEATHER SERVICE GRAND RAPIDS, MI
1223 AM EST SAT FEB 10 2018


...................................

...THE MUSKEGON MI CLIMATE SUMMARY FOR FEBRUARY 9 2018...

CLIMATE NORMAL PERIOD 1981 TO 2010
CLIMATE RECORD PERIOD 1896 TO 2018


WEATHER ITEM   OBSERVED TIME   RECORD YEAR NORMAL DEPARTURE LAST
                VALUE   (LST)  VALUE       VALUE  FROM      YEAR
                                                  NORMAL
..................................................................
TEMPERATURE (F)
 YESTERDAY
  MAXIMUM         26    439 PM  53    1925  32     -6       24
  MINIMUM         18    836 AM -16    1934  20     -2       15
  AVERAGE         22                        26     -4       20

PRECIPITATION (IN)
  YESTERDAY        0.25          1.36 2001   0.06   0.19     0.01
  MONTH TO DATE    1.03                      0.52   0.51     0.13
  SINCE DEC 1      6.72                      5.10   1.62     5.38
  SINCE JAN 1      3.95                      2.55   1.40     3.16

SNOWFALL (IN)
  YESTERDAY        3.5           6.7  2010   0.7    2.8      0.2
  MONTH TO DATE   16.0                       7.0    9.0      0.3
  SINCE DEC 1     86.7                      63.9   22.8     40.7
  SINCE JUL 1     86.7                      70.1   16.6     41.7
  SNOW DEPTH      10

DEGREE DAYS
 HEATING
  YESTERDAY       43                        39      4       45
  MONTH TO DATE  398                       355     43      344
  SINCE DEC 1   2754                      2660     94     2482
  SINCE JUL 1   3913                      4027   -114     3387

 COOLING
  YESTERDAY        0                         0      0        0
  MONTH TO DATE    0                         0      0        0
  SINCE DEC 1      0                         0      0        0
  SINCE JAN 1      0                         0      0        0
..................................................................


WIND (MPH)
  RESULTANT WIND SPEED   5   RESULTANT WIND DIRECTION  NE (50)
  HIGHEST WIND SPEED    13   HIGHEST WIND DIRECTION     N (20)
  HIGHEST GUST SPEED    17   HIGHEST GUST DIRECTION    NE (40)
  AVERAGE WIND SPEED     7.1


SKY COVER
  AVERAGE SKY COVER 1.0


WEATHER CONDITIONS
 THE FOLLOWING WEATHER WAS RECORDED YESTERDAY.
  SNOW
  LIGHT SNOW
  FOG
  HAZE


RELATIVE HUMIDITY (PERCENT)
 HIGHEST    84           200 AM
 LOWEST     62          1100 PM
 AVERAGE    73

..........................................................


THE MUSKEGON MI CLIMATE NORMALS FOR TODAY
                         NORMAL    RECORD    YEAR
 MAXIMUM TEMPERATURE (F)   32        54      1966
 MINIMUM TEMPERATURE (F)   20       -22      1912


SUNRISE AND SUNSET
FEBRUARY 10 2018......SUNRISE   749 AM EST   SUNSET   609 PM EST
FEBRUARY 11 2018......SUNRISE   748 AM EST   SUNSET   611 PM EST


-  INDICATES NEGATIVE NUMBERS.
R  INDICATES RECORD WAS SET OR TIED.
MM INDICATES DATA IS MISSING.
T  INDICATES TRACE AMOUNT.




$$
