000
CDUS43 KGRR 122139
CLIMKG


CLIMATE REPORT
NATIONAL WEATHER SERVICE GRAND RAPIDS, MI
539 PM EDT MON SEP 12 2016


...................................

...THE MUSKEGON MI CLIMATE SUMMARY FOR SEPTEMBER 12 2016...
VALID TODAY AS OF 0500 PM LOCAL TIME.

CLIMATE NORMAL PERIOD 1981 TO 2010
CLIMATE RECORD PERIOD 1896 TO 2016


WEATHER ITEM   OBSERVED TIME   RECORD YEAR NORMAL DEPARTURE LAST
                VALUE   (LST)  VALUE       VALUE  FROM      YEAR
                                                  NORMAL
..................................................................
TEMPERATURE (F)
 TODAY
  MAXIMUM         76    346 PM  92    1952  73      3       67
  MINIMUM         56    549 AM  38    1958  54      2       47
                                      1955
                                      1943
  AVERAGE         66                        64      2       57

PRECIPITATION (IN)
  TODAY            0.00          1.33 1951   0.13  -0.13     0.00
  MONTH TO DATE    4.49                      1.49   3.00     1.23
  SINCE SEP 1      4.49                      1.49   3.00     1.23
  SINCE JAN 1     29.64                     22.07   7.57    24.36

SNOWFALL (IN)
  TODAY            0.0          MM      MM   0.0    0.0      0.0
  MONTH TO DATE    0.0                       0.0    0.0      0.0
  SINCE SEP 1      0.0                       0.0    0.0      0.0
  SINCE JUL 1      0.0                       0.0    0.0      0.0
  SNOW DEPTH       0

DEGREE DAYS
 HEATING
  TODAY            0                         3     -3        8
  MONTH TO DATE    4                        29    -25        9
  SINCE SEP 1      4                        29    -25        9
  SINCE JUL 1     13                        59    -46       41

 COOLING
  TODAY            1                         2     -1        0
  MONTH TO DATE   61                        35     26       80
  SINCE SEP 1     61                        35     26       80
  SINCE JAN 1    725                       542    183      534
..................................................................


WIND (MPH)
  RESULTANT WIND SPEED   9   RESULTANT WIND DIRECTION   S (180)
  HIGHEST WIND SPEED    18   HIGHEST WIND DIRECTION    SW (210)
  HIGHEST GUST SPEED    24   HIGHEST GUST DIRECTION    SW (210)
  AVERAGE WIND SPEED    10.3


SKY COVER
  AVERAGE SKY COVER 0.1


WEATHER CONDITIONS
 THE FOLLOWING WEATHER WAS RECORDED TODAY.
  NO SIGNIFICANT WEATHER WAS OBSERVED.


RELATIVE HUMIDITY (PERCENT)
 HIGHEST    86           500 AM
 LOWEST     50           200 PM
 AVERAGE    68

..........................................................


THE MUSKEGON MI CLIMATE NORMALS FOR TOMORROW
                         NORMAL    RECORD    YEAR
 MAXIMUM TEMPERATURE (F)   73        92      1952
 MINIMUM TEMPERATURE (F)   54        36      1946


SUNRISE AND SUNSET
SEPTEMBER 12 2016.....SUNRISE   722 AM EDT   SUNSET   759 PM EDT
SEPTEMBER 13 2016.....SUNRISE   723 AM EDT   SUNSET   758 PM EDT


-  INDICATES NEGATIVE NUMBERS.
R  INDICATES RECORD WAS SET OR TIED.
MM INDICATES DATA IS MISSING.
T  INDICATES TRACE AMOUNT.




$$
