000
CDUS43 KGRR 172134
CLIMKG


CLIMATE REPORT
NATIONAL WEATHER SERVICE GRAND RAPIDS, MI
532 PM EDT SUN MAY 17 2015


...................................

...THE MUSKEGON MI CLIMATE SUMMARY FOR MAY 17 2015...
VALID TODAY AS OF 0500 PM LOCAL TIME.

CLIMATE NORMAL PERIOD 1981 TO 2010
CLIMATE RECORD PERIOD 1896 TO 2015


WEATHER ITEM   OBSERVED TIME   RECORD YEAR NORMAL DEPARTURE LAST
                VALUE   (LST)  VALUE       VALUE  FROM      YEAR
                                                  NORMAL
..................................................................
TEMPERATURE (F)
 TODAY
  MAXIMUM         82    337 PM  88    1962  67     15       55
  MINIMUM         66   1218 AM  28    1983  47     19       37
  AVERAGE         74                        57     17       46

PRECIPITATION (IN)
  TODAY            T             1.22 2000   0.11  -0.11      T
  MONTH TO DATE    2.28                      1.76   0.52     3.38
  SINCE MAR 1      8.13                      6.92   1.21     7.83
  SINCE JAN 1     11.42                     10.78   0.64    12.96

SNOWFALL (IN)
  TODAY            0.0           0.0    MM   0.0    0.0      0.0
  MONTH TO DATE    0.0                       0.0    0.0      0.0
  SINCE MAR 1      4.0                      11.3   -7.3      9.1
  SINCE JUL 1     92.1                      93.7   -1.6    132.7
  SNOW DEPTH       0

DEGREE DAYS
 HEATING
  TODAY            0                         9     -9       19
  MONTH TO DATE  106                       183    -77      209
  SINCE MAR 1   1648                      1669    -21     1974
  SINCE JUL 1   6773                      6401    372     7114

 COOLING
  TODAY            9                         1      8        0
  MONTH TO DATE   22                         9     13        7
  SINCE MAR 1     22                        13      9        7
  SINCE JAN 1     22                        13      9        7
..................................................................


WIND (MPH)
  RESULTANT WIND SPEED   9   RESULTANT WIND DIRECTION   S (170)
  HIGHEST WIND SPEED    22   HIGHEST WIND DIRECTION    SE (150)
  HIGHEST GUST SPEED    28   HIGHEST GUST DIRECTION    SE (150)
  AVERAGE WIND SPEED     9.7


SKY COVER
  AVERAGE SKY COVER 0.8


WEATHER CONDITIONS
 THE FOLLOWING WEATHER WAS RECORDED TODAY.
  LIGHT RAIN
  FOG
  HAZE


RELATIVE HUMIDITY (PERCENT)
 HIGHEST    93           200 AM
 LOWEST     58           300 PM
 AVERAGE    76

..........................................................


THE MUSKEGON MI CLIMATE NORMALS FOR TOMORROW
                         NORMAL    RECORD    YEAR
 MAXIMUM TEMPERATURE (F)   68        86      1998
 MINIMUM TEMPERATURE (F)   47        30      1973


SUNRISE AND SUNSET
MAY 17 2015...........SUNRISE   619 AM EDT   SUNSET   904 PM EDT
MAY 18 2015...........SUNRISE   619 AM EDT   SUNSET   905 PM EDT


-  INDICATES NEGATIVE NUMBERS.
R  INDICATES RECORD WAS SET OR TIED.
MM INDICATES DATA IS MISSING.
T  INDICATES TRACE AMOUNT.




$$

63
