000
CDUS43 KGRR 120518
CLIMKG


CLIMATE REPORT
NATIONAL WEATHER SERVICE GRAND RAPIDS, MI
118 AM EDT WED JUL 12 2017


...................................

...THE MUSKEGON MI CLIMATE SUMMARY FOR JULY 11 2017...

CLIMATE NORMAL PERIOD 1981 TO 2010
CLIMATE RECORD PERIOD 1896 TO 2017


WEATHER ITEM   OBSERVED TIME   RECORD YEAR NORMAL DEPARTURE LAST
                VALUE   (LST)  VALUE       VALUE  FROM      YEAR
                                                  NORMAL
..................................................................
TEMPERATURE (F)
 YESTERDAY
  MAXIMUM         85   1140 AM  91    2005  81      4       87
  MINIMUM         61    532 AM  40    1945  62     -1       65
  AVERAGE         73                        71      2       76

PRECIPITATION (IN)
  YESTERDAY        0.00          1.21 2006   0.07  -0.07     0.73
  MONTH TO DATE    0.86                      0.79   0.07     1.01
  SINCE JUN 1      4.50                      3.34   1.16     3.35
  SINCE JAN 1     18.98                     15.61   3.37    17.28

SNOWFALL (IN)
  YESTERDAY        0.0          MM      MM   0.0    0.0      0.0
  MONTH TO DATE    0.0                       0.0    0.0      0.0
  SINCE JUN 1      0.0                       0.0    0.0      0.0
  SINCE JUL 1      0.0                       0.0    0.0      0.0
  SNOW DEPTH       0

DEGREE DAYS
 HEATING
  YESTERDAY        0                         0      0        0
  MONTH TO DATE    0                         4     -4        8
  SINCE JUN 1     34                        70    -36       46
  SINCE JUL 1      0                         4     -4        8

 COOLING
  YESTERDAY        8                         7      1       11
  MONTH TO DATE   69                        68      1       57
  SINCE JUN 1    199                       173     26      174
  SINCE JAN 1    221                       202     19      218
..................................................................


WIND (MPH)
  RESULTANT WIND SPEED   3   RESULTANT WIND DIRECTION  SW (240)
  HIGHEST WIND SPEED    13   HIGHEST WIND DIRECTION     W (250)
  HIGHEST GUST SPEED    15   HIGHEST GUST DIRECTION     W (250)
  AVERAGE WIND SPEED     4.4


SKY COVER
  AVERAGE SKY COVER 0.6


WEATHER CONDITIONS
 THE FOLLOWING WEATHER WAS RECORDED YESTERDAY.
  FOG
  FOG W/VISIBILITY <= 1/4 MILE


RELATIVE HUMIDITY (PERCENT)
 HIGHEST    93          1200 AM
 LOWEST     55          1100 AM
 AVERAGE    74

..........................................................


THE MUSKEGON MI CLIMATE NORMALS FOR TODAY
                         NORMAL    RECORD    YEAR
 MAXIMUM TEMPERATURE (F)   81        92      1930
 MINIMUM TEMPERATURE (F)   62        45      1978


SUNRISE AND SUNSET
JULY 12 2017..........SUNRISE   617 AM EDT   SUNSET   924 PM EDT
JULY 13 2017..........SUNRISE   617 AM EDT   SUNSET   924 PM EDT


-  INDICATES NEGATIVE NUMBERS.
R  INDICATES RECORD WAS SET OR TIED.
MM INDICATES DATA IS MISSING.
T  INDICATES TRACE AMOUNT.




$$
