000
CDUS43 KGRR 300521
CLIMKG


CLIMATE REPORT
NATIONAL WEATHER SERVICE GRAND RAPIDS, MI
1221 AM EST SAT JAN 30 2016


...................................

...THE MUSKEGON MI CLIMATE SUMMARY FOR JANUARY 29 2016...

CLIMATE NORMAL PERIOD 1981 TO 2010
CLIMATE RECORD PERIOD 1896 TO 2016


WEATHER ITEM   OBSERVED TIME   RECORD YEAR NORMAL DEPARTURE LAST
                VALUE   (LST)  VALUE       VALUE  FROM      YEAR
                                                  NORMAL
..................................................................
TEMPERATURE (F)
 YESTERDAY
  MAXIMUM         31   1159 PM  59    2013  31      0       34
  MINIMUM         23    909 AM -12    1966  20      3       24
  AVERAGE         27                        25      2       29

PRECIPITATION (IN)
  YESTERDAY        T             2.48 2013   0.06  -0.06     0.01
  MONTH TO DATE    2.30                      1.91   0.39     1.72
  SINCE DEC 1      7.20                      4.46   2.74     3.44
  SINCE JAN 1      2.30                      1.91   0.39     1.72

SNOWFALL (IN)
  YESTERDAY        0.1           7.0  1909   0.9   -0.8      0.2
  MONTH TO DATE   37.2                      26.2   11.0     32.4
  SINCE DEC 1     42.1                      55.1  -13.0     33.8
  SINCE JUL 1     46.0                      61.3  -15.3     58.3
  SNOW DEPTH       7

DEGREE DAYS
 HEATING
  YESTERDAY       38                        40     -2       36
  MONTH TO DATE 1114                      1147    -33     1200
  SINCE DEC 1   1887                      2226   -339     2192
  SINCE JUL 1   2954                      3593   -639     3675

 COOLING
  YESTERDAY        0                         0      0        0
  MONTH TO DATE    0                         0      0        0
  SINCE DEC 1      0                         0      0        0
  SINCE JAN 1      0                         0      0        0
..................................................................


WIND (MPH)
  RESULTANT WIND SPEED   2   RESULTANT WIND DIRECTION   W (270)
  HIGHEST WIND SPEED    22   HIGHEST WIND DIRECTION     N (340)
  HIGHEST GUST SPEED    27   HIGHEST GUST DIRECTION     N (340)
  AVERAGE WIND SPEED     9.4


SKY COVER
  AVERAGE SKY COVER 0.9


WEATHER CONDITIONS
 THE FOLLOWING WEATHER WAS RECORDED YESTERDAY.
  LIGHT SNOW


RELATIVE HUMIDITY (PERCENT)
 HIGHEST    69           800 PM
 LOWEST     50          1200 PM
 AVERAGE    60

..........................................................


THE MUSKEGON MI CLIMATE NORMALS FOR TODAY
                         NORMAL    RECORD    YEAR
 MAXIMUM TEMPERATURE (F)   31        50      2013
 MINIMUM TEMPERATURE (F)   20        -6      1994
                                             1951


SUNRISE AND SUNSET
JANUARY 30 2016.......SUNRISE   803 AM EST   SUNSET   554 PM EST
JANUARY 31 2016.......SUNRISE   802 AM EST   SUNSET   555 PM EST


-  INDICATES NEGATIVE NUMBERS.
R  INDICATES RECORD WAS SET OR TIED.
MM INDICATES DATA IS MISSING.
T  INDICATES TRACE AMOUNT.




$$
