589
CDUS43 KGRR 180518
CLIMKG


CLIMATE REPORT
NATIONAL WEATHER SERVICE GRAND RAPIDS, MI
118 AM EDT WED MAY 18 2016


...................................

...THE MUSKEGON MI CLIMATE SUMMARY FOR MAY 17 2016...

CLIMATE NORMAL PERIOD 1981 TO 2010
CLIMATE RECORD PERIOD 1896 TO 2016


WEATHER ITEM   OBSERVED TIME   RECORD YEAR NORMAL DEPARTURE LAST
                VALUE   (LST)  VALUE       VALUE  FROM      YEAR
                                                  NORMAL
..................................................................
TEMPERATURE (F)
 YESTERDAY
  MAXIMUM         65   1213 PM  88    1962  67     -2       82
  MINIMUM         48    609 AM  28    1983  47      1       66
  AVERAGE         57                        57      0       74

PRECIPITATION (IN)
  YESTERDAY        0.00          1.22 2000   0.11  -0.11      T
  MONTH TO DATE    2.02                      1.76   0.26     2.28
  SINCE MAR 1      9.36                      6.92   2.44     8.13
  SINCE JAN 1     13.57                     10.78   2.79    11.42

SNOWFALL (IN)
  YESTERDAY        0.0           0.0    MM   0.0    0.0      0.0
  MONTH TO DATE    0.0                       0.0    0.0      0.0
  SINCE MAR 1      7.3                      11.3   -4.0      4.0
  SINCE JUL 1     61.8                      93.7  -31.9     92.1
  SNOW DEPTH       0

DEGREE DAYS
 HEATING
  YESTERDAY        8                         9     -1        0
  MONTH TO DATE  215                       183     32      106
  SINCE MAR 1   1559                      1669   -110     1648
  SINCE JUL 1   5579                      6401   -822     6773

 COOLING
  YESTERDAY        0                         1     -1        9
  MONTH TO DATE    0                         9     -9       22
  SINCE MAR 1      0                        13    -13       22
  SINCE JAN 1      0                        13    -13       22
..................................................................


WIND (MPH)
  RESULTANT WIND SPEED   4   RESULTANT WIND DIRECTION   N (340)
  HIGHEST WIND SPEED    15   HIGHEST WIND DIRECTION     W (290)
  HIGHEST GUST SPEED    20   HIGHEST GUST DIRECTION    NW (300)
  AVERAGE WIND SPEED     7.9


SKY COVER
  AVERAGE SKY COVER 0.5


WEATHER CONDITIONS
 THE FOLLOWING WEATHER WAS RECORDED YESTERDAY.
  NO SIGNIFICANT WEATHER WAS OBSERVED.


RELATIVE HUMIDITY (PERCENT)
 HIGHEST    86           100 AM
 LOWEST     36           600 PM
 AVERAGE    61

..........................................................


THE MUSKEGON MI CLIMATE NORMALS FOR TODAY
                         NORMAL    RECORD    YEAR
 MAXIMUM TEMPERATURE (F)   68        86      1998
 MINIMUM TEMPERATURE (F)   47        30      1973


SUNRISE AND SUNSET
MAY 18 2016...........SUNRISE   618 AM EDT   SUNSET   906 PM EDT
MAY 19 2016...........SUNRISE   617 AM EDT   SUNSET   907 PM EDT


-  INDICATES NEGATIVE NUMBERS.
R  INDICATES RECORD WAS SET OR TIED.
MM INDICATES DATA IS MISSING.
T  INDICATES TRACE AMOUNT.




$$
