000
CDUS43 KGRR 142141
CLIMKG


CLIMATE REPORT
NATIONAL WEATHER SERVICE GRAND RAPIDS, MI
541 PM EDT SUN AUG 14 2016


...................................

...THE MUSKEGON MI CLIMATE SUMMARY FOR AUGUST 14 2016...
VALID TODAY AS OF 0500 PM LOCAL TIME.

CLIMATE NORMAL PERIOD 1981 TO 2010
CLIMATE RECORD PERIOD 1896 TO 2016


WEATHER ITEM   OBSERVED TIME   RECORD YEAR NORMAL DEPARTURE LAST
                VALUE   (LST)  VALUE       VALUE  FROM      YEAR
                                                  NORMAL
..................................................................
TEMPERATURE (F)
 TODAY
  MAXIMUM         83    235 PM  93    1944  79      4       83
  MINIMUM         65    556 AM  42    1990  62      3       71
  AVERAGE         74                        70      4       77

PRECIPITATION (IN)
  TODAY            0.00          1.57 1987   0.12  -0.12      T
  MONTH TO DATE    0.96                      1.50  -0.54     0.67
  SINCE JUN 1      9.32                      6.42   2.90     9.02
  SINCE JAN 1     23.25                     18.69   4.56    21.45

SNOWFALL (IN)
  TODAY            0.0          MM      MM   0.0    0.0      0.0
  MONTH TO DATE    0.0                       0.0    0.0      0.0
  SINCE JUN 1      0.0                       0.0    0.0      0.0
  SINCE JUL 1      0.0                       0.0    0.0      0.0
  SNOW DEPTH       0

DEGREE DAYS
 HEATING
  TODAY            0                         0      0        0
  MONTH TO DATE    0                         0      0        0
  SINCE JUN 1     47                        77    -30       48
  SINCE JUL 1      9                        11     -2       15

 COOLING
  TODAY            9                         6      3       12
  MONTH TO DATE  132                        84     48       99
  SINCE JUN 1    490                       391     99      339
  SINCE JAN 1    534                       420    114      378
..................................................................


WIND (MPH)
  RESULTANT WIND SPEED   4   RESULTANT WIND DIRECTION   W (260)
  HIGHEST WIND SPEED    13   HIGHEST WIND DIRECTION    SW (240)
  HIGHEST GUST SPEED    17   HIGHEST GUST DIRECTION    SW (230)
  AVERAGE WIND SPEED     4.4


SKY COVER
  AVERAGE SKY COVER 0.3


WEATHER CONDITIONS
 THE FOLLOWING WEATHER WAS RECORDED TODAY.
  FOG


RELATIVE HUMIDITY (PERCENT)
 HIGHEST   100           300 AM
 LOWEST     51           100 PM
 AVERAGE    76

..........................................................


THE MUSKEGON MI CLIMATE NORMALS FOR TOMORROW
                         NORMAL    RECORD    YEAR
 MAXIMUM TEMPERATURE (F)   79        93      1944
 MINIMUM TEMPERATURE (F)   62        40      1929


SUNRISE AND SUNSET
AUGUST 14 2016........SUNRISE   650 AM EDT   SUNSET   848 PM EDT
AUGUST 15 2016........SUNRISE   651 AM EDT   SUNSET   847 PM EDT


-  INDICATES NEGATIVE NUMBERS.
R  INDICATES RECORD WAS SET OR TIED.
MM INDICATES DATA IS MISSING.
T  INDICATES TRACE AMOUNT.




$$
