000
CDUS43 KGRR 120517
CLIMKG


CLIMATE REPORT
NATIONAL WEATHER SERVICE GRAND RAPIDS, MI
1217 AM EST SUN MAR 12 2017


...................................

...THE MUSKEGON MI CLIMATE SUMMARY FOR MARCH 11 2017...

CLIMATE NORMAL PERIOD 1981 TO 2010
CLIMATE RECORD PERIOD 1896 TO 2017


WEATHER ITEM   OBSERVED TIME   RECORD YEAR NORMAL DEPARTURE LAST
                VALUE   (LST)  VALUE       VALUE  FROM      YEAR
                                                  NORMAL
..................................................................
TEMPERATURE (F)
 YESTERDAY
  MAXIMUM         25    229 PM  70    1977  41    -16       51
  MINIMUM         16   1045 PM   2    1948  25     -9       28
  AVERAGE         21                        33    -12       40

PRECIPITATION (IN)
  YESTERDAY        T             1.22 1957   0.06  -0.06     0.00
  MONTH TO DATE    0.25                      0.78  -0.53     0.48
  SINCE MAR 1      0.25                      0.78  -0.53     0.48
  SINCE JAN 1      5.95                      4.64   1.31     4.69

SNOWFALL (IN)
  YESTERDAY        T             4.9  2005   0.4   -0.4      0.0
  MONTH TO DATE    1.5                       4.5   -3.0      4.9
  SINCE MAR 1      1.5                       4.5   -3.0      4.9
  SINCE JUL 1     46.0                      86.9  -40.9     59.4
  SNOW DEPTH       0

DEGREE DAYS
 HEATING
  YESTERDAY       44                        32     12       25
  MONTH TO DATE  333                       367    -34      307
  SINCE MAR 1    333                       367    -34      307
  SINCE JUL 1   4198                      5099   -901     4327

 COOLING
  YESTERDAY        0                         0      0        0
  MONTH TO DATE    0                         0      0        0
  SINCE MAR 1      0                         0      0        0
  SINCE JAN 1      0                         0      0        0
..................................................................


WIND (MPH)
  RESULTANT WIND SPEED  12   RESULTANT WIND DIRECTION   N (340)
  HIGHEST WIND SPEED    23   HIGHEST WIND DIRECTION     N (340)
  HIGHEST GUST SPEED    29   HIGHEST GUST DIRECTION     N (340)
  AVERAGE WIND SPEED    12.6


SKY COVER
  AVERAGE SKY COVER 0.9


WEATHER CONDITIONS
 THE FOLLOWING WEATHER WAS RECORDED YESTERDAY.
  LIGHT SNOW


RELATIVE HUMIDITY (PERCENT)
 HIGHEST    67          1100 PM
 LOWEST     39           100 AM
 AVERAGE    53

..........................................................


THE MUSKEGON MI CLIMATE NORMALS FOR TODAY
                         NORMAL    RECORD    YEAR
 MAXIMUM TEMPERATURE (F)   41        68      1990
 MINIMUM TEMPERATURE (F)   26         2      1979


SUNRISE AND SUNSET
MARCH 12 2017.........SUNRISE   802 AM EDT   SUNSET   748 PM EDT
MARCH 13 2017.........SUNRISE   800 AM EDT   SUNSET   749 PM EDT


-  INDICATES NEGATIVE NUMBERS.
R  INDICATES RECORD WAS SET OR TIED.
MM INDICATES DATA IS MISSING.
T  INDICATES TRACE AMOUNT.




$$
