000
CDUS43 KGRR 150529
CLIMKG


CLIMATE REPORT
NATIONAL WEATHER SERVICE GRAND RAPIDS, MI
1225 AM EST SAT NOV 15 2014


...................................

...THE MUSKEGON MI CLIMATE SUMMARY FOR NOVEMBER 14 2014...

CLIMATE NORMAL PERIOD 1981 TO 2010
CLIMATE RECORD PERIOD 1896 TO 2014


WEATHER ITEM   OBSERVED TIME   RECORD YEAR NORMAL DEPARTURE LAST
                VALUE   (LST)  VALUE       VALUE  FROM      YEAR
                                                  NORMAL
..................................................................
TEMPERATURE (F)
 YESTERDAY
  MAXIMUM         32   1257 PM  64    1964  47    -15       49
                                      1956
  MINIMUM         28    928 AM  15    1995  35     -7       41
                                      1905
  AVERAGE         30                        41    -11       45

PRECIPITATION (IN)
  YESTERDAY        0.08          1.76 1957   0.12  -0.04     0.00
  MONTH TO DATE    1.37                      1.60  -0.23     1.35
  SINCE SEP 1      7.47                      8.60  -1.13     7.77
  SINCE JAN 1     34.08                     29.18   4.90    39.02

SNOWFALL (IN)
  YESTERDAY        1.7          16.0  1908   0.2    1.5      0.0
  MONTH TO DATE    8.0                       1.4    6.6      0.1
  SINCE SEP 1      8.0                       1.6    6.4      0.1
  SINCE JUL 1      8.0                       1.6    6.4      0.1
  SNOW DEPTH       6

DEGREE DAYS
 HEATING
  YESTERDAY       35                        24     11       20
  MONTH TO DATE  328                       306     22      298
  SINCE SEP 1    900                       899      1      771
  SINCE JUL 1    949                       929     20      806

 COOLING
  YESTERDAY        0                         0      0        0
  MONTH TO DATE    0                         0      0        0
  SINCE SEP 1     46                        59    -13       87
  SINCE JAN 1    442                       566   -124      626
..................................................................


WIND (MPH)
  RESULTANT WIND SPEED   7   RESULTANT WIND DIRECTION  NW (300)
  HIGHEST WIND SPEED    16   HIGHEST WIND DIRECTION     N (340)
  HIGHEST GUST SPEED    21   HIGHEST GUST DIRECTION    NW (300)
  AVERAGE WIND SPEED     7.8


SKY COVER
  AVERAGE SKY COVER 1.0


WEATHER CONDITIONS
 THE FOLLOWING WEATHER WAS RECORDED YESTERDAY.
  SNOW
  LIGHT SNOW
  FOG


RELATIVE HUMIDITY (PERCENT)
 HIGHEST    85           300 AM
 LOWEST     53          1000 PM
 AVERAGE    69

..........................................................


THE MUSKEGON MI CLIMATE NORMALS FOR TODAY
                         NORMAL    RECORD    YEAR
 MAXIMUM TEMPERATURE (F)   47        65      1930
 MINIMUM TEMPERATURE (F)   34        10      1959


SUNRISE AND SUNSET
NOVEMBER 15 2014......SUNRISE   738 AM EST   SUNSET   521 PM EST
NOVEMBER 16 2014......SUNRISE   739 AM EST   SUNSET   520 PM EST


-  INDICATES NEGATIVE NUMBERS.
R  INDICATES RECORD WAS SET OR TIED.
MM INDICATES DATA IS MISSING.
T  INDICATES TRACE AMOUNT.




$$

CAS
