864
CDUS43 KGRR 292126
CLIMKG


CLIMATE REPORT
NATIONAL WEATHER SERVICE GRAND RAPIDS, MI
526 PM EDT SAT APR 29 2017


...................................

...THE MUSKEGON MI CLIMATE SUMMARY FOR APRIL 29 2017...
VALID TODAY AS OF 0500 PM LOCAL TIME.

CLIMATE NORMAL PERIOD 1981 TO 2010
CLIMATE RECORD PERIOD 1896 TO 2017


WEATHER ITEM   OBSERVED TIME   RECORD YEAR NORMAL DEPARTURE LAST
                VALUE   (LST)  VALUE       VALUE  FROM      YEAR
                                                  NORMAL
..................................................................
TEMPERATURE (F)
 TODAY
  MAXIMUM         57   1228 PM  86    1970  61     -4       55
  MINIMUM         45    624 AM  26    1979  42      3       38
  AVERAGE         51                        52     -1       47

PRECIPITATION (IN)
  TODAY            0.00          1.50 1909   0.10  -0.10      T
  MONTH TO DATE    3.33                      2.81   0.52     2.06
  SINCE MAR 1      5.94                      5.06   0.88     7.00
  SINCE JAN 1     11.64                      8.92   2.72    11.21

SNOWFALL (IN)
  TODAY            0.0           3.0  1909   0.0    0.0      0.0
  MONTH TO DATE    0.0                       2.3   -2.3      2.4
  SINCE MAR 1      4.5                      11.3   -6.8      7.3
  SINCE JUL 1     49.0                      93.7  -44.7     61.8
  SNOW DEPTH       0

DEGREE DAYS
 HEATING
  TODAY           14                        14      0       18
  MONTH TO DATE  401                       543   -142      550
  SINCE MAR 1   1305                      1473   -168     1325
  SINCE JUL 1   5170                      6205  -1035     5345

 COOLING
  TODAY            0                         0      0        0
  MONTH TO DATE    5                         0      5        0
  SINCE MAR 1      5                         0      5        0
  SINCE JAN 1      5                         0      5        0
..................................................................


WIND (MPH)
  RESULTANT WIND SPEED  10   RESULTANT WIND DIRECTION  NE (30)
  HIGHEST WIND SPEED    17   HIGHEST WIND DIRECTION    NE (30)
  HIGHEST GUST SPEED    23   HIGHEST GUST DIRECTION    NE (30)
  AVERAGE WIND SPEED    10.2


SKY COVER
  AVERAGE SKY COVER 0.9


WEATHER CONDITIONS
 THE FOLLOWING WEATHER WAS RECORDED TODAY.
  NO SIGNIFICANT WEATHER WAS OBSERVED.


RELATIVE HUMIDITY (PERCENT)
 HIGHEST    71           200 AM
 LOWEST     38           100 PM
 AVERAGE    55

..........................................................


THE MUSKEGON MI CLIMATE NORMALS FOR TOMORROW
                         NORMAL    RECORD    YEAR
 MAXIMUM TEMPERATURE (F)   62        84      1942
 MINIMUM TEMPERATURE (F)   42        24      1909


SUNRISE AND SUNSET
APRIL 29 2017.........SUNRISE   641 AM EDT   SUNSET   844 PM EDT
APRIL 30 2017.........SUNRISE   639 AM EDT   SUNSET   845 PM EDT


-  INDICATES NEGATIVE NUMBERS.
R  INDICATES RECORD WAS SET OR TIED.
MM INDICATES DATA IS MISSING.
T  INDICATES TRACE AMOUNT.




$$
