000
CDUS43 KGRR 080515
CLIMKG


CLIMATE REPORT
NATIONAL WEATHER SERVICE GRAND RAPIDS, MI
115 AM EDT MON SEP 8 2014


...................................

...THE MUSKEGON MI CLIMATE SUMMARY FOR SEPTEMBER 7 2014...

CLIMATE NORMAL PERIOD 1981 TO 2010
CLIMATE RECORD PERIOD 1896 TO 2014


WEATHER ITEM   OBSERVED TIME   RECORD YEAR NORMAL DEPARTURE LAST
                VALUE   (LST)  VALUE       VALUE  FROM      YEAR
                                                  NORMAL
..................................................................
TEMPERATURE (F)
 YESTERDAY
  MAXIMUM         76    149 PM  92    1933  75      1       80
  MINIMUM         52    647 AM  38    1986  56     -4       65
  AVERAGE         64                        65     -1       73

PRECIPITATION (IN)
  YESTERDAY        0.00          1.73 2001   0.12  -0.12     0.04
  MONTH TO DATE    1.73                      0.84   0.89     0.04
  SINCE SEP 1      1.73                      0.84   0.89     0.04
  SINCE JAN 1     28.34                     21.42   6.92    31.29

SNOWFALL (IN)
  YESTERDAY        0.0          MM      MM   0.0    0.0      0.0
  MONTH TO DATE    0.0                       0.0    0.0      0.0
  SINCE SEP 1      0.0                       0.0    0.0      0.0
  SINCE JUL 1      0.0                       0.0    0.0      0.0
  SNOW DEPTH       0

DEGREE DAYS
 HEATING
  YESTERDAY        1                         2     -1        0
  MONTH TO DATE    1                        14    -13        3
  SINCE SEP 1      1                        14    -13        3
  SINCE JUL 1     50                        44      6       38

 COOLING
  YESTERDAY        0                         3     -3        8
  MONTH TO DATE   39                        23     16       22
  SINCE SEP 1     39                        23     16       22
  SINCE JAN 1    435                       530    -95      561
..................................................................


WIND (MPH)
  RESULTANT WIND SPEED   2   RESULTANT WIND DIRECTION  SW (220)
  HIGHEST WIND SPEED    10   HIGHEST WIND DIRECTION     W (250)
  HIGHEST GUST SPEED    15   HIGHEST GUST DIRECTION     W (250)
  AVERAGE WIND SPEED     3.3


SKY COVER
  AVERAGE SKY COVER 0.1


WEATHER CONDITIONS
 THE FOLLOWING WEATHER WAS RECORDED YESTERDAY.
  NO SIGNIFICANT WEATHER WAS OBSERVED.


RELATIVE HUMIDITY (PERCENT)
 HIGHEST    89           400 AM
 LOWEST     41           400 PM
 AVERAGE    65

..........................................................


THE MUSKEGON MI CLIMATE NORMALS FOR TODAY
                         NORMAL    RECORD    YEAR
 MAXIMUM TEMPERATURE (F)   74        91      1959
 MINIMUM TEMPERATURE (F)   56        31      1951


SUNRISE AND SUNSET
SEPTEMBER  8 2014.....SUNRISE   717 AM EDT   SUNSET   808 PM EDT
SEPTEMBER  9 2014.....SUNRISE   718 AM EDT   SUNSET   806 PM EDT


-  INDICATES NEGATIVE NUMBERS.
R  INDICATES RECORD WAS SET OR TIED.
MM INDICATES DATA IS MISSING.
T  INDICATES TRACE AMOUNT.




$$
