000
CDUS43 KGRR 180522
CLIMKG


CLIMATE REPORT
NATIONAL WEATHER SERVICE GRAND RAPIDS, MI
121 AM EDT SAT MAR 18 2017


...................................

...THE MUSKEGON MI CLIMATE SUMMARY FOR MARCH 17 2017...

CLIMATE NORMAL PERIOD 1981 TO 2010
CLIMATE RECORD PERIOD 1896 TO 2017


WEATHER ITEM   OBSERVED TIME   RECORD YEAR NORMAL DEPARTURE LAST
                VALUE   (LST)  VALUE       VALUE  FROM      YEAR
                                                  NORMAL
..................................................................
TEMPERATURE (F)
 YESTERDAY
  MAXIMUM         37   1159 PM  77    2012  43     -6       49
  MINIMUM         23    116 AM   2    1926  27     -4       33
  AVERAGE         30                        35     -5       41

PRECIPITATION (IN)
  YESTERDAY        0.11          1.72 1919   0.07   0.04     0.00
  MONTH TO DATE    0.55                      1.20  -0.65     1.20
  SINCE MAR 1      0.55                      1.20  -0.65     1.20
  SINCE JAN 1      6.25                      5.06   1.19     5.41

SNOWFALL (IN)
  YESTERDAY        0.7           8.6  1965   0.2    0.5      0.0
  MONTH TO DATE    4.5                       6.2   -1.7      4.9
  SINCE MAR 1      4.5                       6.2   -1.7      4.9
  SINCE JUL 1     49.0                      88.6  -39.6     59.4
  SNOW DEPTH       0

DEGREE DAYS
 HEATING
  YESTERDAY       35                        30      5       24
  MONTH TO DATE  567                       552     15      427
  SINCE MAR 1    567                       552     15      427
  SINCE JUL 1   4432                      5284   -852     4447

 COOLING
  YESTERDAY        0                         0      0        0
  MONTH TO DATE    0                         0      0        0
  SINCE MAR 1      0                         0      0        0
  SINCE JAN 1      0                         0      0        0
..................................................................


WIND (MPH)
  RESULTANT WIND SPEED   8   RESULTANT WIND DIRECTION  SE (130)
  HIGHEST WIND SPEED    17   HIGHEST WIND DIRECTION    SE (130)
  HIGHEST GUST SPEED    24   HIGHEST GUST DIRECTION    SE (130)
  AVERAGE WIND SPEED     8.8


SKY COVER
  AVERAGE SKY COVER 0.8


WEATHER CONDITIONS
 THE FOLLOWING WEATHER WAS RECORDED YESTERDAY.
  RAIN
  LIGHT RAIN
  SNOW
  LIGHT SNOW
  FOG


RELATIVE HUMIDITY (PERCENT)
 HIGHEST   100           900 PM
 LOWEST     58           600 AM
 AVERAGE    79

..........................................................


THE MUSKEGON MI CLIMATE NORMALS FOR TODAY
                         NORMAL    RECORD    YEAR
 MAXIMUM TEMPERATURE (F)   44        73      2012
 MINIMUM TEMPERATURE (F)   27         5      1967


SUNRISE AND SUNSET
MARCH 18 2017.........SUNRISE   751 AM EDT   SUNSET   755 PM EDT
MARCH 19 2017.........SUNRISE   749 AM EDT   SUNSET   756 PM EDT


-  INDICATES NEGATIVE NUMBERS.
R  INDICATES RECORD WAS SET OR TIED.
MM INDICATES DATA IS MISSING.
T  INDICATES TRACE AMOUNT.




$$
