000
CDUS43 KGRR 240533
CLIMKG


CLIMATE REPORT
NATIONAL WEATHER SERVICE GRAND RAPIDS, MI
1233 AM EST TUE FEB 24 2015


...................................

...THE MUSKEGON MI CLIMATE SUMMARY FOR FEBRUARY 23 2015...

CLIMATE NORMAL PERIOD 1981 TO 2010
CLIMATE RECORD PERIOD 1896 TO 2015


WEATHER ITEM   OBSERVED TIME   RECORD YEAR NORMAL DEPARTURE LAST
                VALUE   (LST)  VALUE       VALUE  FROM      YEAR
                                                  NORMAL
..................................................................
TEMPERATURE (F)
 YESTERDAY
  MAXIMUM         16   1123 PM  60    2000  35    -19       25
  MINIMUM         -3    759 AM  -9    1934  22    -25       17
  AVERAGE          7                        29    -22       21

PRECIPITATION (IN)
  YESTERDAY        0.05          0.61 1915   0.07  -0.02     0.00
  MONTH TO DATE    1.52                      1.46   0.06     1.74
  SINCE DEC 1      4.96                      6.04  -1.08     7.76
  SINCE JAN 1      3.24                      3.49  -0.25     5.06

SNOWFALL (IN)
  YESTERDAY        1.0           7.0  1993   0.6    0.4      0.0
  MONTH TO DATE   28.6                      16.6   12.0     25.2
  SINCE DEC 1     62.5                      73.5  -11.0    112.8
  SINCE JUL 1     87.0                      79.7    7.3    121.7
  SNOW DEPTH      19

DEGREE DAYS
 HEATING
  YESTERDAY       58                        36     22       44
  MONTH TO DATE 1105                       883    222     1033
  SINCE DEC 1   3379                      3188    191     3605
  SINCE JUL 1   4862                      4555    307     4876

 COOLING
  YESTERDAY        0                         0      0        0
  MONTH TO DATE    0                         0      0        0
  SINCE DEC 1      0                         0      0        0
  SINCE JAN 1      0                         0      0        0
..................................................................


WIND (MPH)
  RESULTANT WIND SPEED   3   RESULTANT WIND DIRECTION  SW (210)
  HIGHEST WIND SPEED    18   HIGHEST WIND DIRECTION    SW (220)
  HIGHEST GUST SPEED    26   HIGHEST GUST DIRECTION    SW (220)
  AVERAGE WIND SPEED     8.7


SKY COVER
  AVERAGE SKY COVER 0.9


WEATHER CONDITIONS
 THE FOLLOWING WEATHER WAS RECORDED YESTERDAY.
  LIGHT SNOW
  FOG


RELATIVE HUMIDITY (PERCENT)
 HIGHEST    83           100 AM
 LOWEST     61           900 PM
 AVERAGE    72

..........................................................


THE MUSKEGON MI CLIMATE NORMALS FOR TODAY
                         NORMAL    RECORD    YEAR
 MAXIMUM TEMPERATURE (F)   36        62      2002
 MINIMUM TEMPERATURE (F)   22        -3      1924


SUNRISE AND SUNSET
FEBRUARY 24 2015......SUNRISE   729 AM EST   SUNSET   627 PM EST
FEBRUARY 25 2015......SUNRISE   728 AM EST   SUNSET   629 PM EST


-  INDICATES NEGATIVE NUMBERS.
R  INDICATES RECORD WAS SET OR TIED.
MM INDICATES DATA IS MISSING.
T  INDICATES TRACE AMOUNT.




$$
