000
CDUS43 KGRR 212126
CLIMKG


CLIMATE REPORT
NATIONAL WEATHER SERVICE GRAND RAPIDS, MI
524 PM EDT FRI AUG 21 2015


...................................

...THE MUSKEGON MI CLIMATE SUMMARY FOR AUGUST 21 2015...
VALID TODAY AS OF 0500 PM LOCAL TIME.

CLIMATE NORMAL PERIOD 1981 TO 2010
CLIMATE RECORD PERIOD 1896 TO 2015


WEATHER ITEM   OBSERVED TIME   RECORD YEAR NORMAL DEPARTURE LAST
                VALUE   (LST)  VALUE       VALUE  FROM      YEAR
                                                  NORMAL
..................................................................
TEMPERATURE (F)
 TODAY
  MAXIMUM         78    313 PM  92    1955  79     -1       80
  MINIMUM         53    615 AM  42    2004  61     -8       63
  AVERAGE         66                        70     -4       72

PRECIPITATION (IN)
  TODAY            0.00          1.33 2013   0.11  -0.11     0.09
  MONTH TO DATE    1.42                      2.28  -0.86     1.36
  SINCE JUN 1      9.77                      7.20   2.57    12.11
  SINCE JAN 1     22.20                     19.47   2.73    25.41

SNOWFALL (IN)
  TODAY            0.0          MM      MM   0.0    0.0      0.0
  MONTH TO DATE    0.0                       0.0    0.0      0.0
  SINCE JUN 1      0.0                       0.0    0.0      0.0
  SINCE JUL 1      0.0                       0.0    0.0      0.0
  SNOW DEPTH       0

DEGREE DAYS
 HEATING
  TODAY            0                         1     -1        0
  MONTH TO DATE    1                         4     -3       17
  SINCE JUN 1     49                        81    -32       79
  SINCE JUL 1     16                        15      1       48

 COOLING
  TODAY            1                         5     -4        7
  MONTH TO DATE  155                       122     33       96
  SINCE JUN 1    395                       429    -34      305
  SINCE JAN 1    434                       458    -24      322
..................................................................


WIND (MPH)
  RESULTANT WIND SPEED   5   RESULTANT WIND DIRECTION  SW (210)
  HIGHEST WIND SPEED    16   HIGHEST WIND DIRECTION     S (200)
  HIGHEST GUST SPEED    21   HIGHEST GUST DIRECTION    NW (310)
  AVERAGE WIND SPEED     8.1


SKY COVER
  AVERAGE SKY COVER 0.2


WEATHER CONDITIONS
 THE FOLLOWING WEATHER WAS RECORDED TODAY.
  NO SIGNIFICANT WEATHER WAS OBSERVED.


RELATIVE HUMIDITY (PERCENT)
 HIGHEST    83           500 AM
 LOWEST     40           100 PM
 AVERAGE    62

..........................................................


THE MUSKEGON MI CLIMATE NORMALS FOR TOMORROW
                         NORMAL    RECORD    YEAR
 MAXIMUM TEMPERATURE (F)   78        92      1947
 MINIMUM TEMPERATURE (F)   61        42      1907


SUNRISE AND SUNSET
AUGUST 21 2015........SUNRISE   657 AM EDT   SUNSET   839 PM EDT
AUGUST 22 2015........SUNRISE   658 AM EDT   SUNSET   837 PM EDT


-  INDICATES NEGATIVE NUMBERS.
R  INDICATES RECORD WAS SET OR TIED.
MM INDICATES DATA IS MISSING.
T  INDICATES TRACE AMOUNT.




$$

63
