000
CDUS43 KGRR 142126
CLIMKG


CLIMATE REPORT
NATIONAL WEATHER SERVICE GRAND RAPIDS, MI
525 PM EDT THU APR 14 2016


...................................

...THE MUSKEGON MI CLIMATE SUMMARY FOR APRIL 14 2016...
VALID TODAY AS OF 0500 PM LOCAL TIME.

CLIMATE NORMAL PERIOD 1981 TO 2010
CLIMATE RECORD PERIOD 1896 TO 2016


WEATHER ITEM   OBSERVED TIME   RECORD YEAR NORMAL DEPARTURE LAST
                VALUE   (LST)  VALUE       VALUE  FROM      YEAR
                                                  NORMAL
..................................................................
TEMPERATURE (F)
 TODAY
  MAXIMUM         63    355 PM  76    2003  55      8       62
  MINIMUM         34    633 AM  20    1953  37     -3       33
  AVERAGE         49                        46      3       48

PRECIPITATION (IN)
  TODAY            0.00          1.50 1987   0.10  -0.10     0.00
  MONTH TO DATE    1.08                      1.35  -0.27     3.74
  SINCE MAR 1      6.02                      3.60   2.42     4.87
  SINCE JAN 1     10.23                      7.46   2.77     8.16

SNOWFALL (IN)
  TODAY            0.0           2.0  1905   0.0    0.0      0.0
  MONTH TO DATE    2.4                       1.8    0.6      0.0
  SINCE MAR 1      7.3                      10.8   -3.5      4.0
  SINCE JUL 1     61.8                      93.2  -31.4     92.1
  SNOW DEPTH       0

DEGREE DAYS
 HEATING
  TODAY           16                        19     -3       17
  MONTH TO DATE  390                       302     88      260
  SINCE MAR 1   1165                      1232    -67     1267
  SINCE JUL 1   5185                      5964   -779     6392

 COOLING
  TODAY            0                         0      0        0
  MONTH TO DATE    0                         0      0        0
  SINCE MAR 1      0                         0      0        0
  SINCE JAN 1      0                         0      0        0
..................................................................


WIND (MPH)
  RESULTANT WIND SPEED   8   RESULTANT WIND DIRECTION  SE (120)
  HIGHEST WIND SPEED    18   HIGHEST WIND DIRECTION     E (100)
  HIGHEST GUST SPEED    23   HIGHEST GUST DIRECTION    SE (120)
  AVERAGE WIND SPEED     8.8


SKY COVER
  AVERAGE SKY COVER 0.3


WEATHER CONDITIONS
 THE FOLLOWING WEATHER WAS RECORDED TODAY.
  NO SIGNIFICANT WEATHER WAS OBSERVED.


RELATIVE HUMIDITY (PERCENT)
 HIGHEST    70           100 AM
 LOWEST     32           100 PM
 AVERAGE    51

..........................................................


THE MUSKEGON MI CLIMATE NORMALS FOR TOMORROW
                         NORMAL    RECORD    YEAR
 MAXIMUM TEMPERATURE (F)   56        80      2002
 MINIMUM TEMPERATURE (F)   37        16      1943


SUNRISE AND SUNSET
APRIL 14 2016.........SUNRISE   704 AM EDT   SUNSET   827 PM EDT
APRIL 15 2016.........SUNRISE   702 AM EDT   SUNSET   828 PM EDT


-  INDICATES NEGATIVE NUMBERS.
R  INDICATES RECORD WAS SET OR TIED.
MM INDICATES DATA IS MISSING.
T  INDICATES TRACE AMOUNT.




$$
