000
CDUS43 KGRR 310515
CLIMKG


CLIMATE REPORT
NATIONAL WEATHER SERVICE GRAND RAPIDS, MI
1215 AM EST SUN JAN 31 2016


...................................

...THE MUSKEGON MI CLIMATE SUMMARY FOR JANUARY 30 2016...

CLIMATE NORMAL PERIOD 1981 TO 2010
CLIMATE RECORD PERIOD 1896 TO 2016


WEATHER ITEM   OBSERVED TIME   RECORD YEAR NORMAL DEPARTURE LAST
                VALUE   (LST)  VALUE       VALUE  FROM      YEAR
                                                  NORMAL
..................................................................
TEMPERATURE (F)
 YESTERDAY
  MAXIMUM         41   1152 PM  50    2013  31     10       24
  MINIMUM         31    104 AM  -6    1994  20     11       17
                                      1951
  AVERAGE         36                        25     11       21

PRECIPITATION (IN)
  YESTERDAY        0.00          0.97 1947   0.06  -0.06      T
  MONTH TO DATE    2.30                      1.97   0.33     1.72
  SINCE DEC 1      7.20                      4.52   2.68     3.44
  SINCE JAN 1      2.30                      1.97   0.33     1.72

SNOWFALL (IN)
  YESTERDAY        0.0           9.0  1947   0.9   -0.9      0.1
  MONTH TO DATE   37.2                      27.1   10.1     32.5
  SINCE DEC 1     42.1                      56.0  -13.9     33.9
  SINCE JUL 1     46.0                      62.2  -16.2     58.4
  SNOW DEPTH       3

DEGREE DAYS
 HEATING
  YESTERDAY       29                        40    -11       44
  MONTH TO DATE 1143                      1187    -44     1244
  SINCE DEC 1   1916                      2266   -350     2236
  SINCE JUL 1   2983                      3633   -650     3719

 COOLING
  YESTERDAY        0                         0      0        0
  MONTH TO DATE    0                         0      0        0
  SINCE DEC 1      0                         0      0        0
  SINCE JAN 1      0                         0      0        0
..................................................................


WIND (MPH)
  RESULTANT WIND SPEED  11   RESULTANT WIND DIRECTION  SW (210)
  HIGHEST WIND SPEED    25   HIGHEST WIND DIRECTION    SW (220)
  HIGHEST GUST SPEED    34   HIGHEST GUST DIRECTION    SW (210)
  AVERAGE WIND SPEED    11.7


SKY COVER
  AVERAGE SKY COVER 0.6


WEATHER CONDITIONS
 THE FOLLOWING WEATHER WAS RECORDED YESTERDAY.
  HAZE


RELATIVE HUMIDITY (PERCENT)
 HIGHEST    85           600 PM
 LOWEST     59           100 AM
 AVERAGE    72

..........................................................


THE MUSKEGON MI CLIMATE NORMALS FOR TODAY
                         NORMAL    RECORD    YEAR
 MAXIMUM TEMPERATURE (F)   31        50      2012
 MINIMUM TEMPERATURE (F)   20       -11      1918


SUNRISE AND SUNSET
JANUARY 31 2016.......SUNRISE   802 AM EST   SUNSET   555 PM EST
FEBRUARY  1 2016......SUNRISE   801 AM EST   SUNSET   557 PM EST


-  INDICATES NEGATIVE NUMBERS.
R  INDICATES RECORD WAS SET OR TIED.
MM INDICATES DATA IS MISSING.
T  INDICATES TRACE AMOUNT.




$$
