000
CDUS43 KGRR 160540
CLIMKG


CLIMATE REPORT
NATIONAL WEATHER SERVICE GRAND RAPIDS, MI
138 AM EDT WED JUL 16 2014


...................................

...THE MUSKEGON MI CLIMATE SUMMARY FOR JULY 15 2014...

CLIMATE NORMAL PERIOD 1981 TO 2010
CLIMATE RECORD PERIOD 1895 TO 2014


WEATHER ITEM   OBSERVED TIME   RECORD YEAR NORMAL DEPARTURE LAST
                VALUE   (LST)  VALUE       VALUE  FROM      YEAR
                                                  NORMAL
..................................................................
TEMPERATURE (F)
 YESTERDAY
  MAXIMUM         67    414 PM  93    1995  81    -14       92
  MINIMUM         54   1142 PM  48    1960  62     -8       71
  AVERAGE         61                        71    -10       82

PRECIPITATION (IN)
  YESTERDAY        T             1.00 1986   0.07  -0.07     0.00
  MONTH TO DATE    2.49                      1.07   1.42     0.60
  SINCE JUN 1      9.51                      3.62   5.89     4.93
  SINCE JAN 1     22.81                     15.89   6.92    27.62

SNOWFALL (IN)
  YESTERDAY        0.0          MM      MM   0.0    0.0      0.0
  MONTH TO DATE    0.0                       0.0    0.0      0.0
  SINCE JUN 1      0.0                       0.0    0.0      0.0
  SINCE JUL 1      0.0                       0.0    0.0      0.0
  SNOW DEPTH       0

DEGREE DAYS
 HEATING
  YESTERDAY        4                         0      4        0
  MONTH TO DATE    7                         4      3        2
  SINCE JUN 1     38                        70    -32       54
  SINCE JUL 1      7                         4      3        2

 COOLING
  YESTERDAY        0                         7     -7       17
  MONTH TO DATE   36                        96    -60      108
  SINCE JUN 1    171                       201    -30      208
  SINCE JAN 1    188                       230    -42      268
..................................................................


WIND (MPH)
  RESULTANT WIND SPEED  11   RESULTANT WIND DIRECTION  NW (310)
  HIGHEST WIND SPEED    21   HIGHEST WIND DIRECTION    NW (300)
  HIGHEST GUST SPEED    28   HIGHEST GUST DIRECTION     W (290)
  AVERAGE WIND SPEED    11.4


SKY COVER
  AVERAGE SKY COVER 0.8


WEATHER CONDITIONS
 THE FOLLOWING WEATHER WAS RECORDED YESTERDAY.
  LIGHT RAIN


RELATIVE HUMIDITY (PERCENT)
 HIGHEST    78           200 AM
 LOWEST     58           300 PM
 AVERAGE    68

..........................................................


THE MUSKEGON MI CLIMATE NORMALS FOR TODAY
                         NORMAL    RECORD    YEAR
 MAXIMUM TEMPERATURE (F)   81        95      1988
 MINIMUM TEMPERATURE (F)   62        42      1945


SUNRISE AND SUNSET
JULY 16 2014..........SUNRISE   620 AM EDT   SUNSET   922 PM EDT
JULY 17 2014..........SUNRISE   621 AM EDT   SUNSET   921 PM EDT


-  INDICATES NEGATIVE NUMBERS.
R  INDICATES RECORD WAS SET OR TIED.
MM INDICATES DATA IS MISSING.
T  INDICATES TRACE AMOUNT.




$$
