000
CDUS43 KGRR 030513
CLIMKG


CLIMATE REPORT
NATIONAL WEATHER SERVICE GRAND RAPIDS, MI
113 AM EDT THU APR 3 2014


...................................

...THE MUSKEGON MI CLIMATE SUMMARY FOR APRIL 2 2014...

CLIMATE NORMAL PERIOD 1981 TO 2010
CLIMATE RECORD PERIOD 1895 TO 2014


WEATHER ITEM   OBSERVED TIME   RECORD YEAR NORMAL DEPARTURE LAST
                VALUE   (LST)  VALUE       VALUE  FROM      YEAR
                                                  NORMAL
..................................................................
TEMPERATURE (F)
 YESTERDAY
  MAXIMUM         46    517 PM  78    2010  50     -4       38
  MINIMUM         26    647 AM  16    1926  32     -6       21
  AVERAGE         36                        41     -5       30

PRECIPITATION (IN)
  YESTERDAY        0.00          0.94 1983   0.09  -0.09     0.00
  MONTH TO DATE    0.05                      0.18  -0.13      T
  SINCE MAR 1      1.72                      2.43  -0.71     1.25
  SINCE JAN 1      6.85                      6.29   0.56    10.69

SNOWFALL (IN)
  YESTERDAY        0.0           7.3  1975   0.2   -0.2      0.0
  MONTH TO DATE    0.0                       0.4   -0.4       T
  SINCE MAR 1      7.5                       9.4   -1.9      5.7
  SINCE JUL 1    131.1                      91.8   39.3     98.6
  SNOW DEPTH       0

DEGREE DAYS
 HEATING
  YESTERDAY       29                        24      5       35
  MONTH TO DATE   51                        48      3       68
  SINCE MAR 1   1239                       978    261     1102
  SINCE JUL 1   6379                      5710    669     5524

 COOLING
  YESTERDAY        0                         0      0        0
  MONTH TO DATE    0                         0      0        0
  SINCE MAR 1      0                         0      0        0
  SINCE JAN 1      0                         0      0        0
..................................................................


WIND (MPH)
  RESULTANT WIND SPEED   3   RESULTANT WIND DIRECTION  NW (310)
  HIGHEST WIND SPEED    16   HIGHEST WIND DIRECTION    NE (60)
  HIGHEST GUST SPEED    20   HIGHEST GUST DIRECTION    NE (60)
  AVERAGE WIND SPEED     5.5


SKY COVER
  AVERAGE SKY COVER 0.3


WEATHER CONDITIONS
 THE FOLLOWING WEATHER WAS RECORDED YESTERDAY.
  NO SIGNIFICANT WEATHER WAS OBSERVED.


RELATIVE HUMIDITY (PERCENT)
 HIGHEST    78          1200 AM
 LOWEST     45           500 PM
 AVERAGE    62

..........................................................


THE MUSKEGON MI CLIMATE NORMALS FOR TODAY
                         NORMAL    RECORD    YEAR
 MAXIMUM TEMPERATURE (F)   51        77      1999
                                             1956
 MINIMUM TEMPERATURE (F)   33        12      1987


SUNRISE AND SUNSET
APRIL  3 2014.........SUNRISE   723 AM EDT   SUNSET   814 PM EDT
APRIL  4 2014.........SUNRISE   722 AM EDT   SUNSET   815 PM EDT


-  INDICATES NEGATIVE NUMBERS.
R  INDICATES RECORD WAS SET OR TIED.
MM INDICATES DATA IS MISSING.
T  INDICATES TRACE AMOUNT.




$$
