000
CDUS43 KGRR 241357
CLIMKG


CLIMATE REPORT
NATIONAL WEATHER SERVICE GRAND RAPIDS, MI
957 AM EDT WED JUN 24 2015


...................................

...THE MUSKEGON MI CLIMATE SUMMARY FOR JUNE 24 2015...
VALID AS OF 0900 AM LOCAL TIME.

CLIMATE NORMAL PERIOD 1981 TO 2010
CLIMATE RECORD PERIOD 1896 TO 2015


WEATHER ITEM   OBSERVED TIME   RECORD YEAR NORMAL DEPARTURE LAST
                VALUE   (LST)  VALUE       VALUE  FROM      YEAR
                                                  NORMAL
..................................................................
TEMPERATURE (F)
 TODAY
  MAXIMUM         67    759 AM  94    1901  78    -11       79
  MINIMUM         52    532 AM  40    1936  59     -7       66
  AVERAGE         60                        69     -9       73

PRECIPITATION (IN)
  TODAY            0.00          1.87 1994   0.08  -0.08     0.07
  MONTH TO DATE    2.97                      2.08   0.89     6.69
  SINCE JUN 1      2.97                      2.08   0.89     6.69
  SINCE JAN 1     15.40                     14.35   1.05    19.99

SNOWFALL (IN)
  TODAY            0.0          MM      MM   0.0    0.0      0.0
  MONTH TO DATE    0.0                       0.0    0.0      0.0
  SINCE JUN 1      0.0                       0.0    0.0      0.0
  SINCE JUL 1     92.1                      93.7   -1.6    132.7
  SNOW DEPTH       0

DEGREE DAYS
 HEATING
  TODAY            5                         1      4        0
  MONTH TO DATE   34                        60    -26       31
  SINCE JUN 1     34                        60    -26       31
  SINCE JUL 1   6912                      6554    358     7195

 COOLING
  TODAY            0                         5     -5        8
  MONTH TO DATE   47                        74    -27       80
  SINCE JUN 1     47                        74    -27       80
  SINCE JAN 1     86                       103    -17       97
..................................................................


WIND (MPH)
  RESULTANT WIND SPEED   2   RESULTANT WIND DIRECTION  SW (220)
  HIGHEST WIND SPEED     8   HIGHEST WIND DIRECTION    SW (220)
  HIGHEST GUST SPEED    10   HIGHEST GUST DIRECTION    SW (210)
  AVERAGE WIND SPEED     2.0


SKY COVER
  AVERAGE SKY COVER 0.1


WEATHER CONDITIONS
 THE FOLLOWING WEATHER WAS RECORDED TODAY.
  NO SIGNIFICANT WEATHER WAS OBSERVED.


RELATIVE HUMIDITY (PERCENT)
 HIGHEST    93          1200 AM
 LOWEST     68           800 AM
 AVERAGE    81

..........................................................


THE MUSKEGON MI CLIMATE NORMALS FOR TOMORROW
                         NORMAL    RECORD    YEAR
 MAXIMUM TEMPERATURE (F)   79        93      1988
 MINIMUM TEMPERATURE (F)   59        40      1986


SUNRISE AND SUNSET
JUNE 24 2015..........SUNRISE   606 AM EDT   SUNSET   929 PM EDT
JUNE 25 2015..........SUNRISE   606 AM EDT   SUNSET   929 PM EDT


-  INDICATES NEGATIVE NUMBERS.
R  INDICATES RECORD WAS SET OR TIED.
MM INDICATES DATA IS MISSING.
T  INDICATES TRACE AMOUNT.




$$
