000
CDUS43 KGRR 140522
CLIMKG


CLIMATE REPORT
NATIONAL WEATHER SERVICE GRAND RAPIDS, MI
122 AM EDT TUE MAR 14 2017


...................................

...THE MUSKEGON MI CLIMATE SUMMARY FOR MARCH 13 2017...

CLIMATE NORMAL PERIOD 1981 TO 2010
CLIMATE RECORD PERIOD 1896 TO 2017


WEATHER ITEM   OBSERVED TIME   RECORD YEAR NORMAL DEPARTURE LAST
                VALUE   (LST)  VALUE       VALUE  FROM      YEAR
                                                  NORMAL
..................................................................
TEMPERATURE (F)
 YESTERDAY
  MAXIMUM         29    411 PM  69    1995  42    -13       51
  MINIMUM         20   1159 PM   2    1912  26     -6       45
  AVERAGE         25                        34     -9       48

PRECIPITATION (IN)
  YESTERDAY        0.17          2.92 2006   0.07   0.10     0.23
  MONTH TO DATE    0.42                      0.92  -0.50     0.71
  SINCE MAR 1      0.42                      0.92  -0.50     0.71
  SINCE JAN 1      6.12                      4.78   1.34     4.92

SNOWFALL (IN)
  YESTERDAY        1.8           6.1  1972   0.3    1.5      0.0
  MONTH TO DATE    3.3                       5.1   -1.8      4.9
  SINCE MAR 1      3.3                       5.1   -1.8      4.9
  SINCE JUL 1     47.8                      87.5  -39.7     59.4
  SNOW DEPTH       1

DEGREE DAYS
 HEATING
  YESTERDAY       40                        31      9       17
  MONTH TO DATE  412                       430    -18      345
  SINCE MAR 1    412                       430    -18      345
  SINCE JUL 1   4277                      5162   -885     4365

 COOLING
  YESTERDAY        0                         0      0        0
  MONTH TO DATE    0                         0      0        0
  SINCE MAR 1      0                         0      0        0
  SINCE JAN 1      0                         0      0        0
..................................................................


WIND (MPH)
  RESULTANT WIND SPEED   9   RESULTANT WIND DIRECTION   E (80)
  HIGHEST WIND SPEED    16   HIGHEST WIND DIRECTION     E (110)
  HIGHEST GUST SPEED    20   HIGHEST GUST DIRECTION    SE (120)
  AVERAGE WIND SPEED     9.2


SKY COVER
  AVERAGE SKY COVER 1.0


WEATHER CONDITIONS
 THE FOLLOWING WEATHER WAS RECORDED YESTERDAY.
  LIGHT SNOW
  FOG


RELATIVE HUMIDITY (PERCENT)
 HIGHEST    88           200 AM
 LOWEST     55          1200 AM
 AVERAGE    72

..........................................................


THE MUSKEGON MI CLIMATE NORMALS FOR TODAY
                         NORMAL    RECORD    YEAR
 MAXIMUM TEMPERATURE (F)   42        77      2012
 MINIMUM TEMPERATURE (F)   26         5      2005


SUNRISE AND SUNSET
MARCH 14 2017.........SUNRISE   758 AM EDT   SUNSET   750 PM EDT
MARCH 15 2017.........SUNRISE   757 AM EDT   SUNSET   752 PM EDT


-  INDICATES NEGATIVE NUMBERS.
R  INDICATES RECORD WAS SET OR TIED.
MM INDICATES DATA IS MISSING.
T  INDICATES TRACE AMOUNT.




$$
