000
CDUS43 KGRR 030527
CLIMKG


CLIMATE REPORT
NATIONAL WEATHER SERVICE GRAND RAPIDS, MI
1226 AM EST TUE JAN 3 2017


...................................

...THE MUSKEGON MI CLIMATE SUMMARY FOR JANUARY 2 2017...

CLIMATE NORMAL PERIOD 1981 TO 2010
CLIMATE RECORD PERIOD 1896 TO 2017


WEATHER ITEM   OBSERVED TIME   RECORD YEAR NORMAL DEPARTURE LAST
                VALUE   (LST)  VALUE       VALUE  FROM      YEAR
                                                  NORMAL
..................................................................
TEMPERATURE (F)
 YESTERDAY
  MAXIMUM         45    158 PM  57    2004  32     13       37
  MINIMUM         24    541 AM   2    2001  22      2       30
                                      1979
                                      1920
  AVERAGE         35                        27      8       34

PRECIPITATION (IN)
  YESTERDAY        0.09          0.75 1936   0.07   0.02     0.00
  MONTH TO DATE    0.09                      0.14  -0.05      T
  SINCE DEC 1      2.31                      2.69  -0.38     4.90
  SINCE JAN 1      0.09                      0.14  -0.05      T

SNOWFALL (IN)
  YESTERDAY        0.0           8.5  1979   0.8   -0.8      0.0
  MONTH TO DATE    0.0                       1.7   -1.7       T
  SINCE DEC 1     20.4                      30.6  -10.2      4.9
  SINCE JUL 1     21.4                      36.8  -15.4      8.8
  SNOW DEPTH       0

DEGREE DAYS
 HEATING
  YESTERDAY       30                        38     -8       31
  MONTH TO DATE   64                        76    -12       67
  SINCE DEC 1   1124                      1155    -31      840
  SINCE JUL 1   2029                      2522   -493     1907

 COOLING
  YESTERDAY        0                         0      0        0
  MONTH TO DATE    0                         0      0        0
  SINCE DEC 1      0                         0      0        0
  SINCE JAN 1      0                         0      0        0
..................................................................


WIND (MPH)
  RESULTANT WIND SPEED   8   RESULTANT WIND DIRECTION   E (80)
  HIGHEST WIND SPEED    20   HIGHEST WIND DIRECTION     E (100)
  HIGHEST GUST SPEED    25   HIGHEST GUST DIRECTION     E (100)
  AVERAGE WIND SPEED     9.1


SKY COVER
  AVERAGE SKY COVER 0.6


WEATHER CONDITIONS
 THE FOLLOWING WEATHER WAS RECORDED YESTERDAY.
  RAIN
  LIGHT RAIN
  FOG


RELATIVE HUMIDITY (PERCENT)
 HIGHEST    92           600 PM
 LOWEST     49           200 PM
 AVERAGE    71

..........................................................


THE MUSKEGON MI CLIMATE NORMALS FOR TODAY
                         NORMAL    RECORD    YEAR
 MAXIMUM TEMPERATURE (F)   32        57      1897
 MINIMUM TEMPERATURE (F)   21       -16      1918


SUNRISE AND SUNSET
JANUARY  3 2017.......SUNRISE   817 AM EST   SUNSET   523 PM EST
JANUARY  4 2017.......SUNRISE   817 AM EST   SUNSET   523 PM EST


-  INDICATES NEGATIVE NUMBERS.
R  INDICATES RECORD WAS SET OR TIED.
MM INDICATES DATA IS MISSING.
T  INDICATES TRACE AMOUNT.




$$
