000
CDUS43 KGRR 111352
CLIMKG


CLIMATE REPORT
NATIONAL WEATHER SERVICE GRAND RAPIDS, MI
951 AM EDT THU MAY 11 2017


...................................

...THE MUSKEGON MI CLIMATE SUMMARY FOR MAY 11 2017...
VALID AS OF 0900 AM LOCAL TIME.

CLIMATE NORMAL PERIOD 1981 TO 2010
CLIMATE RECORD PERIOD 1896 TO 2017


WEATHER ITEM   OBSERVED TIME   RECORD YEAR NORMAL DEPARTURE LAST
                VALUE   (LST)  VALUE       VALUE  FROM      YEAR
                                                  NORMAL
..................................................................
TEMPERATURE (F)
 TODAY
  MAXIMUM         55    759 AM  87    1930  65    -10       75
  MINIMUM         48    606 AM  30    1949  45      3       51
                                      1913
                                      1907
  AVERAGE         52                        55     -3       63

PRECIPITATION (IN)
  TODAY            T             2.07 2006   0.11  -0.11     0.00
  MONTH TO DATE    0.52                      1.13  -0.61     1.28
  SINCE MAR 1      7.80                      6.29   1.51     8.62
  SINCE JAN 1     13.50                     10.15   3.35    12.83

SNOWFALL (IN)
  TODAY            0.0           T    1949   0.0    0.0      0.0
  MONTH TO DATE    0.0                       0.0    0.0      0.0
  SINCE MAR 1      4.5                      11.3   -6.8      7.3
  SINCE JUL 1     49.0                      93.7  -44.7     61.8
  SNOW DEPTH       0

DEGREE DAYS
 HEATING
  TODAY           13                        10      3        2
  MONTH TO DATE  181                       127     54      135
  SINCE MAR 1   1508                      1613   -105     1479
  SINCE JUL 1   5373                      6345   -972     5499

 COOLING
  TODAY            0                         1     -1        0
  MONTH TO DATE    0                         3     -3        0
  SINCE MAR 1      5                         7     -2        0
  SINCE JAN 1      5                         7     -2        0
..................................................................


WIND (MPH)
  RESULTANT WIND SPEED   7   RESULTANT WIND DIRECTION   E (70)
  HIGHEST WIND SPEED    12   HIGHEST WIND DIRECTION     E (70)
  HIGHEST GUST SPEED    15   HIGHEST GUST DIRECTION     E (70)
  AVERAGE WIND SPEED     7.3


SKY COVER
  AVERAGE SKY COVER 0.9


WEATHER CONDITIONS
 THE FOLLOWING WEATHER WAS RECORDED TODAY.
  LIGHT RAIN


RELATIVE HUMIDITY (PERCENT)
 HIGHEST    86           600 AM
 LOWEST     66           800 AM
 AVERAGE    76

..........................................................


THE MUSKEGON MI CLIMATE NORMALS FOR TOMORROW
                         NORMAL    RECORD    YEAR
 MAXIMUM TEMPERATURE (F)   66        83      2011
 MINIMUM TEMPERATURE (F)   46        32      1996
                                             1951
                                             1946


SUNRISE AND SUNSET
MAY 11 2017...........SUNRISE   625 AM EDT   SUNSET   858 PM EDT
MAY 12 2017...........SUNRISE   624 AM EDT   SUNSET   859 PM EDT


-  INDICATES NEGATIVE NUMBERS.
R  INDICATES RECORD WAS SET OR TIED.
MM INDICATES DATA IS MISSING.
T  INDICATES TRACE AMOUNT.




$$

jam
