000
CDUS43 KGRR 130516
CLIMKG


CLIMATE REPORT
NATIONAL WEATHER SERVICE GRAND RAPIDS, MI
1216 AM EST SAT DEC 13 2014


...................................

...THE MUSKEGON MI CLIMATE SUMMARY FOR DECEMBER 12 2014...

CLIMATE NORMAL PERIOD 1981 TO 2010
CLIMATE RECORD PERIOD 1896 TO 2014


WEATHER ITEM   OBSERVED TIME   RECORD YEAR NORMAL DEPARTURE LAST
                VALUE   (LST)  VALUE       VALUE  FROM      YEAR
                                                  NORMAL
..................................................................
TEMPERATURE (F)
 YESTERDAY
  MAXIMUM         37   1159 PM  57    1899  36      1       27
  MINIMUM         32    836 AM  -5    1958  26      6       13
  AVERAGE         35                        31      4       20

PRECIPITATION (IN)
  YESTERDAY        0.00          1.16 1984   0.09  -0.09     0.04
  MONTH TO DATE    0.34                      1.12  -0.78     0.83
  SINCE DEC 1      0.34                      1.12  -0.78     0.83
  SINCE JAN 1     37.22                     32.06   5.16    41.89

SNOWFALL (IN)
  YESTERDAY        0.0           7.4  1956   1.0   -1.0      1.5
  MONTH TO DATE    1.1                       9.7   -8.6     10.8
  SINCE DEC 1      1.1                       9.7   -8.6     10.8
  SINCE JUL 1     25.6                      15.9    9.7     19.7
  SNOW DEPTH       0

DEGREE DAYS
 HEATING
  YESTERDAY       30                        34     -4       45
  MONTH TO DATE  409                       389     20      445
  SINCE DEC 1    409                       389     20      445
  SINCE JUL 1   1892                      1756    136     1716

 COOLING
  YESTERDAY        0                         0      0        0
  MONTH TO DATE    0                         0      0        0
  SINCE DEC 1      0                         0      0        0
  SINCE JAN 1    442                       566   -124      626
..................................................................


WIND (MPH)
  RESULTANT WIND SPEED   8   RESULTANT WIND DIRECTION   W (280)
  HIGHEST WIND SPEED    14   HIGHEST WIND DIRECTION     W (280)
  HIGHEST GUST SPEED    18   HIGHEST GUST DIRECTION     W (280)
  AVERAGE WIND SPEED     8.0


SKY COVER
  AVERAGE SKY COVER 1.0


WEATHER CONDITIONS
 THE FOLLOWING WEATHER WAS RECORDED YESTERDAY.
  FOG


RELATIVE HUMIDITY (PERCENT)
 HIGHEST    92           600 PM
 LOWEST     82          1200 AM
 AVERAGE    87

..........................................................


THE MUSKEGON MI CLIMATE NORMALS FOR TODAY
                         NORMAL    RECORD    YEAR
 MAXIMUM TEMPERATURE (F)   36        60      1975
 MINIMUM TEMPERATURE (F)   26         1      1958
                                             1956


SUNRISE AND SUNSET
DECEMBER 13 2014......SUNRISE   808 AM EST   SUNSET   510 PM EST
DECEMBER 14 2014......SUNRISE   809 AM EST   SUNSET   510 PM EST


-  INDICATES NEGATIVE NUMBERS.
R  INDICATES RECORD WAS SET OR TIED.
MM INDICATES DATA IS MISSING.
T  INDICATES TRACE AMOUNT.




$$

CAS
