000
CDUS43 KGRR 041504
CLIMKG


CLIMATE REPORT
NATIONAL WEATHER SERVICE GRAND RAPIDS, MI
1004 AM EST WED JAN 4 2017


...................................

...THE MUSKEGON MI CLIMATE SUMMARY FOR JANUARY 4 2017...
VALID AS OF 0900 AM LOCAL TIME.

CLIMATE NORMAL PERIOD 1981 TO 2010
CLIMATE RECORD PERIOD 1896 TO 2017


WEATHER ITEM   OBSERVED TIME   RECORD YEAR NORMAL DEPARTURE LAST
                VALUE   (LST)  VALUE       VALUE  FROM      YEAR
                                                  NORMAL
..................................................................
TEMPERATURE (F)
 TODAY
  MAXIMUM         30   1212 AM  61    1997  32     -2       31
  MINIMUM         15    723 AM  -6    1981  21     -6       12
  AVERAGE         23                        26     -3       22

PRECIPITATION (IN)
  TODAY            0.01          0.97 1993   0.07  -0.06     0.02
  MONTH TO DATE    0.14                      0.29  -0.15     0.02
  SINCE DEC 1      2.36                      2.84  -0.48     4.92
  SINCE JAN 1      0.14                      0.29  -0.15     0.02

SNOWFALL (IN)
  TODAY            0.2           9.2  1999   0.9   -0.7      0.3
  MONTH TO DATE    0.2                       3.5   -3.3      0.3
  SINCE DEC 1     20.6                      32.4  -11.8      5.2
  SINCE JUL 1     21.6                      38.6  -17.0      9.1
  SNOW DEPTH       T

DEGREE DAYS
 HEATING
  TODAY           42                        39      3       43
  MONTH TO DATE  136                       154    -18      143
  SINCE DEC 1   1196                      1233    -37      916
  SINCE JUL 1   2101                      2600   -499     1983

 COOLING
  TODAY            0                         0      0        0
  MONTH TO DATE    0                         0      0        0
  SINCE DEC 1      0                         0      0        0
  SINCE JAN 1      0                         0      0        0
..................................................................


WIND (MPH)
  RESULTANT WIND SPEED  19   RESULTANT WIND DIRECTION   W (290)
  HIGHEST WIND SPEED    25   HIGHEST WIND DIRECTION     W (290)
  HIGHEST GUST SPEED    37   HIGHEST GUST DIRECTION    NW (310)
  AVERAGE WIND SPEED    18.8


SKY COVER
  AVERAGE SKY COVER 0.9


WEATHER CONDITIONS
 THE FOLLOWING WEATHER WAS RECORDED TODAY.
  LIGHT SNOW
  BLOWING SNOW


RELATIVE HUMIDITY (PERCENT)
 HIGHEST    80           600 AM
 LOWEST     73           400 AM
 AVERAGE    77

..........................................................


THE MUSKEGON MI CLIMATE NORMALS FOR TOMORROW
                         NORMAL    RECORD    YEAR
 MAXIMUM TEMPERATURE (F)   31        54      1998
 MINIMUM TEMPERATURE (F)   21       -12      1912


SUNRISE AND SUNSET
JANUARY  4 2017.......SUNRISE   817 AM EST   SUNSET   523 PM EST
JANUARY  5 2017.......SUNRISE   817 AM EST   SUNSET   524 PM EST


-  INDICATES NEGATIVE NUMBERS.
R  INDICATES RECORD WAS SET OR TIED.
MM INDICATES DATA IS MISSING.
T  INDICATES TRACE AMOUNT.




$$

JAM
