000
CDUS43 KGRR 200532
CLIMKG


CLIMATE REPORT
NATIONAL WEATHER SERVICE GRAND RAPIDS, MI
131 AM EDT MON MAR 20 2017


...................................

...THE MUSKEGON MI CLIMATE SUMMARY FOR MARCH 19 2017...

CLIMATE NORMAL PERIOD 1981 TO 2010
CLIMATE RECORD PERIOD 1896 TO 2017


WEATHER ITEM   OBSERVED TIME   RECORD YEAR NORMAL DEPARTURE LAST
                VALUE   (LST)  VALUE       VALUE  FROM      YEAR
                                                  NORMAL
..................................................................
TEMPERATURE (F)
 YESTERDAY
  MAXIMUM         45    239 PM  76    2012  44      1       44
  MINIMUM         33    509 AM  -1    1923  28      5       31
  AVERAGE         39                        36      3       38

PRECIPITATION (IN)
  YESTERDAY        0.00          1.98 1948   0.07  -0.07     0.00
  MONTH TO DATE    0.62                      1.34  -0.72     1.20
  SINCE MAR 1      0.62                      1.34  -0.72     1.20
  SINCE JAN 1      6.32                      5.20   1.12     5.41

SNOWFALL (IN)
  YESTERDAY        0.0           5.5  1923   0.2   -0.2      0.0
  MONTH TO DATE    4.5                       6.7   -2.2      4.9
  SINCE MAR 1      4.5                       6.7   -2.2      4.9
  SINCE JUL 1     49.0                      89.1  -40.1     59.4
  SNOW DEPTH       0

DEGREE DAYS
 HEATING
  YESTERDAY       26                        29     -3       27
  MONTH TO DATE  620                       610     10      481
  SINCE MAR 1    620                       610     10      481
  SINCE JUL 1   4485                      5342   -857     4501

 COOLING
  YESTERDAY        0                         0      0        0
  MONTH TO DATE    0                         0      0        0
  SINCE MAR 1      0                         0      0        0
  SINCE JAN 1      0                         0      0        0
..................................................................


WIND (MPH)
  RESULTANT WIND SPEED   2   RESULTANT WIND DIRECTION   S (200)
  HIGHEST WIND SPEED    25   HIGHEST WIND DIRECTION     N (340)
  HIGHEST GUST SPEED    30   HIGHEST GUST DIRECTION     N (340)
  AVERAGE WIND SPEED     6.4


SKY COVER
  AVERAGE SKY COVER 0.8


WEATHER CONDITIONS
 THE FOLLOWING WEATHER WAS RECORDED YESTERDAY.
  THUNDERSTORM


RELATIVE HUMIDITY (PERCENT)
 HIGHEST    89           100 AM
 LOWEST     58           200 PM
 AVERAGE    74

..........................................................


THE MUSKEGON MI CLIMATE NORMALS FOR TODAY
                         NORMAL    RECORD    YEAR
 MAXIMUM TEMPERATURE (F)   45        82      2012
 MINIMUM TEMPERATURE (F)   28         8      1965


SUNRISE AND SUNSET
MARCH 20 2017.........SUNRISE   748 AM EDT   SUNSET   758 PM EDT
MARCH 21 2017.........SUNRISE   746 AM EDT   SUNSET   759 PM EDT


-  INDICATES NEGATIVE NUMBERS.
R  INDICATES RECORD WAS SET OR TIED.
MM INDICATES DATA IS MISSING.
T  INDICATES TRACE AMOUNT.




$$

jam
