000
CDUS43 KGRR 160527
CLIMKG


CLIMATE REPORT
NATIONAL WEATHER SERVICE GRAND RAPIDS, MI
125 AM EDT SAT MAY 16 2015


...................................

...THE MUSKEGON MI CLIMATE SUMMARY FOR MAY 15 2015...

CLIMATE NORMAL PERIOD 1981 TO 2010
CLIMATE RECORD PERIOD 1896 TO 2015


WEATHER ITEM   OBSERVED TIME   RECORD YEAR NORMAL DEPARTURE LAST
                VALUE   (LST)  VALUE       VALUE  FROM      YEAR
                                                  NORMAL
..................................................................
TEMPERATURE (F)
 YESTERDAY
  MAXIMUM         68    539 PM  88    1998  67      1       49
  MINIMUM         51    311 AM  31    1920  47      4       36
  AVERAGE         60                        57      3       43

PRECIPITATION (IN)
  YESTERDAY        0.28          0.95 1982   0.11   0.17     0.35
  MONTH TO DATE    2.25                      1.55   0.70     3.38
  SINCE MAR 1      8.10                      6.71   1.39     7.83
  SINCE JAN 1     11.39                     10.57   0.82    12.96

SNOWFALL (IN)
  YESTERDAY        0.0           0.0    MM   0.0    0.0      0.0
  MONTH TO DATE    0.0                       0.0    0.0      0.0
  SINCE MAR 1      4.0                      11.3   -7.3      9.1
  SINCE JUL 1     92.1                      93.7   -1.6    132.7
  SNOW DEPTH       0

DEGREE DAYS
 HEATING
  YESTERDAY        5                         9     -4       22
  MONTH TO DATE  106                       165    -59      164
  SINCE MAR 1   1648                      1651     -3     1929
  SINCE JUL 1   6773                      6383    390     7069

 COOLING
  YESTERDAY        0                         1     -1        0
  MONTH TO DATE   12                         7      5        7
  SINCE MAR 1     12                        11      1        7
  SINCE JAN 1     12                        11      1        7
..................................................................


WIND (MPH)
  RESULTANT WIND SPEED   5   RESULTANT WIND DIRECTION  SW (220)
  HIGHEST WIND SPEED    22   HIGHEST WIND DIRECTION     S (200)
  HIGHEST GUST SPEED    28   HIGHEST GUST DIRECTION    SW (210)
  AVERAGE WIND SPEED     8.3


SKY COVER
  AVERAGE SKY COVER 0.9


WEATHER CONDITIONS
 THE FOLLOWING WEATHER WAS RECORDED YESTERDAY.
  RAIN
  LIGHT RAIN
  FOG
  HAZE


RELATIVE HUMIDITY (PERCENT)
 HIGHEST    93          1200 PM
 LOWEST     81           400 PM
 AVERAGE    87

..........................................................


THE MUSKEGON MI CLIMATE NORMALS FOR TODAY
                         NORMAL    RECORD    YEAR
 MAXIMUM TEMPERATURE (F)   67        85      1977
 MINIMUM TEMPERATURE (F)   47        29      1997


SUNRISE AND SUNSET
MAY 16 2015...........SUNRISE   620 AM EDT   SUNSET   903 PM EDT
MAY 17 2015...........SUNRISE   619 AM EDT   SUNSET   904 PM EDT


-  INDICATES NEGATIVE NUMBERS.
R  INDICATES RECORD WAS SET OR TIED.
MM INDICATES DATA IS MISSING.
T  INDICATES TRACE AMOUNT.




$$
