000
CDUS43 KGRR 282228
CLIMKG


CLIMATE REPORT
NATIONAL WEATHER SERVICE GRAND RAPIDS, MI
527 PM EST THU JAN 28 2016


...................................

...THE MUSKEGON MI CLIMATE SUMMARY FOR JANUARY 28 2016...
VALID TODAY AS OF 0500 PM LOCAL TIME.

CLIMATE NORMAL PERIOD 1981 TO 2010
CLIMATE RECORD PERIOD 1896 TO 2016


WEATHER ITEM   OBSERVED TIME   RECORD YEAR NORMAL DEPARTURE LAST
                VALUE   (LST)  VALUE       VALUE  FROM      YEAR
                                                  NORMAL
..................................................................
TEMPERATURE (F)
 TODAY
  MAXIMUM         37   1235 PM  50    2002  31      6       32
                                      1906
  MINIMUM         34    459 PM -10    1912  20     14       11
  AVERAGE         36                        25     11       22

PRECIPITATION (IN)
  TODAY            0.04          0.44 1977   0.06  -0.02     0.00
  MONTH TO DATE    2.30                      1.85   0.45     1.71
  SINCE DEC 1      7.20                      4.40   2.80     3.43
  SINCE JAN 1      2.30                      1.85   0.45     1.71

SNOWFALL (IN)
  TODAY            T            10.1  1977   1.0   -1.0      0.0
  MONTH TO DATE   37.1                      25.3   11.8     32.2
  SINCE DEC 1     42.0                      54.2  -12.2     33.6
  SINCE JUL 1     45.9                      60.4  -14.5     58.1
  SNOW DEPTH       9

DEGREE DAYS
 HEATING
  TODAY           29                        40    -11       43
  MONTH TO DATE 1073                      1107    -34     1164
  SINCE DEC 1   1846                      2186   -340     2156
  SINCE JUL 1   2913                      3553   -640     3639

 COOLING
  TODAY            0                         0      0        0
  MONTH TO DATE    0                         0      0        0
  SINCE DEC 1      0                         0      0        0
  SINCE JAN 1      0                         0      0        0
..................................................................


WIND (MPH)
  RESULTANT WIND SPEED  15   RESULTANT WIND DIRECTION  SW (240)
  HIGHEST WIND SPEED    29   HIGHEST WIND DIRECTION    SW (210)
  HIGHEST GUST SPEED    37   HIGHEST GUST DIRECTION    SW (210)
  AVERAGE WIND SPEED    18.1


SKY COVER
  AVERAGE SKY COVER 1.0


WEATHER CONDITIONS
 THE FOLLOWING WEATHER WAS RECORDED TODAY.
  LIGHT RAIN
  SNOW
  LIGHT SNOW
  HAZE


RELATIVE HUMIDITY (PERCENT)
 HIGHEST    82           700 AM
 LOWEST     61           500 PM
 AVERAGE    72

..........................................................


THE MUSKEGON MI CLIMATE NORMALS FOR TOMORROW
                         NORMAL    RECORD    YEAR
 MAXIMUM TEMPERATURE (F)   31        59      2013
 MINIMUM TEMPERATURE (F)   20       -12      1966


SUNRISE AND SUNSET
JANUARY 28 2016.......SUNRISE   805 AM EST   SUNSET   551 PM EST
JANUARY 29 2016.......SUNRISE   804 AM EST   SUNSET   553 PM EST


-  INDICATES NEGATIVE NUMBERS.
R  INDICATES RECORD WAS SET OR TIED.
MM INDICATES DATA IS MISSING.
T  INDICATES TRACE AMOUNT.




$$
