000
CDUS43 KGRR 102132
CLIMKG


CLIMATE REPORT
NATIONAL WEATHER SERVICE GRAND RAPIDS, MI
532 PM EDT TUE MAY 10 2016


...................................

...THE MUSKEGON MI CLIMATE SUMMARY FOR MAY 10 2016...
VALID TODAY AS OF 0500 PM LOCAL TIME.

CLIMATE NORMAL PERIOD 1981 TO 2010
CLIMATE RECORD PERIOD 1896 TO 2016


WEATHER ITEM   OBSERVED TIME   RECORD YEAR NORMAL DEPARTURE LAST
                VALUE   (LST)  VALUE       VALUE  FROM      YEAR
                                                  NORMAL
..................................................................
TEMPERATURE (F)
 TODAY
  MAXIMUM         56   1235 AM  90    1930  65     -9       63
  MINIMUM         49    623 AM  22    1947  45      4       53
  AVERAGE         53                        55     -2       58

PRECIPITATION (IN)
  TODAY            0.58          1.50 1905   0.10   0.48     0.57
  MONTH TO DATE    1.22                      1.02   0.20     1.37
  SINCE MAR 1      8.56                      6.18   2.38     7.22
  SINCE JAN 1     12.77                     10.04   2.73    10.51

SNOWFALL (IN)
  TODAY            0.0           4.0  1902   0.0    0.0      0.0
  MONTH TO DATE    0.0                       0.0    0.0      0.0
  SINCE MAR 1      7.3                      11.3   -4.0      4.0
  SINCE JUL 1     61.8                      93.7  -31.9     92.1
  SNOW DEPTH       0

DEGREE DAYS
 HEATING
  TODAY           12                        10      2        7
  MONTH TO DATE  133                       117     16       48
  SINCE MAR 1   1477                      1603   -126     1590
  SINCE JUL 1   5497                      6335   -838     6715

 COOLING
  TODAY            0                         1     -1        0
  MONTH TO DATE    0                         2     -2       12
  SINCE MAR 1      0                         6     -6       12
  SINCE JAN 1      0                         6     -6       12
..................................................................


WIND (MPH)
  RESULTANT WIND SPEED  16   RESULTANT WIND DIRECTION   E (100)
  HIGHEST WIND SPEED    25   HIGHEST WIND DIRECTION     E (100)
  HIGHEST GUST SPEED    32   HIGHEST GUST DIRECTION     E (110)
  AVERAGE WIND SPEED    15.9


SKY COVER
  AVERAGE SKY COVER 1.0


WEATHER CONDITIONS
 THE FOLLOWING WEATHER WAS RECORDED TODAY.
  HEAVY RAIN
  RAIN
  LIGHT RAIN
  FOG


RELATIVE HUMIDITY (PERCENT)
 HIGHEST    89           300 PM
 LOWEST     51          1200 AM
 AVERAGE    70

..........................................................


THE MUSKEGON MI CLIMATE NORMALS FOR TOMORROW
                         NORMAL    RECORD    YEAR
 MAXIMUM TEMPERATURE (F)   65        87      1930
 MINIMUM TEMPERATURE (F)   45        30      1949
                                             1913
                                             1907


SUNRISE AND SUNSET
MAY 10 2016...........SUNRISE   626 AM EDT   SUNSET   857 PM EDT
MAY 11 2016...........SUNRISE   625 AM EDT   SUNSET   858 PM EDT


-  INDICATES NEGATIVE NUMBERS.
R  INDICATES RECORD WAS SET OR TIED.
MM INDICATES DATA IS MISSING.
T  INDICATES TRACE AMOUNT.




$$
