000
CDUS43 KGRR 100523
CLIMKG


CLIMATE REPORT
NATIONAL WEATHER SERVICE GRAND RAPIDS, MI
1223 AM EST FRI FEB 10 2017


...................................

...THE MUSKEGON MI CLIMATE SUMMARY FOR FEBRUARY 9 2017...

CLIMATE NORMAL PERIOD 1981 TO 2010
CLIMATE RECORD PERIOD 1896 TO 2017


WEATHER ITEM   OBSERVED TIME   RECORD YEAR NORMAL DEPARTURE LAST
                VALUE   (LST)  VALUE       VALUE  FROM      YEAR
                                                  NORMAL
..................................................................
TEMPERATURE (F)
 YESTERDAY
  MAXIMUM         24   1159 PM  53    1925  32     -8       32
  MINIMUM         15   1122 AM -16    1934  20     -5       20
  AVERAGE         20                        26     -6       26

PRECIPITATION (IN)
  YESTERDAY        0.01          1.36 2001   0.06  -0.05      T
  MONTH TO DATE    0.13                      0.52  -0.39     1.30
  SINCE DEC 1      5.38                      5.10   0.28     8.66
  SINCE JAN 1      3.16                      2.55   0.61     3.76

SNOWFALL (IN)
  YESTERDAY        0.2           6.7  2010   0.7   -0.5       T
  MONTH TO DATE    0.3                       7.0   -6.7      0.6
  SINCE DEC 1     38.1                      63.9  -25.8     42.7
  SINCE JUL 1     39.1                      70.1  -31.0     46.6
  SNOW DEPTH       T

DEGREE DAYS
 HEATING
  YESTERDAY       45                        39      6       39
  MONTH TO DATE  344                       355    -11      297
  SINCE DEC 1   2482                      2660   -178     2237
  SINCE JUL 1   3387                      4027   -640     3304

 COOLING
  YESTERDAY        0                         0      0        0
  MONTH TO DATE    0                         0      0        0
  SINCE DEC 1      0                         0      0        0
  SINCE JAN 1      0                         0      0        0
..................................................................


WIND (MPH)
  RESULTANT WIND SPEED  13   RESULTANT WIND DIRECTION  NW (300)
  HIGHEST WIND SPEED    23   HIGHEST WIND DIRECTION    NW (320)
  HIGHEST GUST SPEED    33   HIGHEST GUST DIRECTION    NW (310)
  AVERAGE WIND SPEED    12.9


SKY COVER
  AVERAGE SKY COVER 0.7


WEATHER CONDITIONS
 THE FOLLOWING WEATHER WAS RECORDED YESTERDAY.
  LIGHT SNOW


RELATIVE HUMIDITY (PERCENT)
 HIGHEST    67          1000 AM
 LOWEST     54           600 AM
 AVERAGE    61

..........................................................


THE MUSKEGON MI CLIMATE NORMALS FOR TODAY
                         NORMAL    RECORD    YEAR
 MAXIMUM TEMPERATURE (F)   32        54      1966
 MINIMUM TEMPERATURE (F)   20       -22      1912


SUNRISE AND SUNSET
FEBRUARY 10 2017......SUNRISE   749 AM EST   SUNSET   610 PM EST
FEBRUARY 11 2017......SUNRISE   748 AM EST   SUNSET   611 PM EST


-  INDICATES NEGATIVE NUMBERS.
R  INDICATES RECORD WAS SET OR TIED.
MM INDICATES DATA IS MISSING.
T  INDICATES TRACE AMOUNT.




$$
