462
CDUS43 KGRR 270519
CLIMKG


CLIMATE REPORT
NATIONAL WEATHER SERVICE GRAND RAPIDS, MI
1219 AM EST SUN NOV 27 2016


...................................

...THE MUSKEGON MI CLIMATE SUMMARY FOR NOVEMBER 26 2016...

CLIMATE NORMAL PERIOD 1981 TO 2010
CLIMATE RECORD PERIOD 1896 TO 2016


WEATHER ITEM   OBSERVED TIME   RECORD YEAR NORMAL DEPARTURE LAST
                VALUE   (LST)  VALUE       VALUE  FROM      YEAR
                                                  NORMAL
..................................................................
TEMPERATURE (F)
 YESTERDAY
  MAXIMUM         46   1038 PM  63    1990  42      4       56
                                      1984
                                      1976
  MINIMUM         39   1144 PM   8    1977  31      8       50
  AVERAGE         43                        36      7       53

PRECIPITATION (IN)
  YESTERDAY        0.00          1.55 1981   0.11  -0.11     1.18
  MONTH TO DATE    1.30                      2.94  -1.64     2.72
  SINCE SEP 1     11.00                      9.94   1.06     7.86
  SINCE JAN 1     36.15                     30.52   5.63    30.99

SNOWFALL (IN)
  YESTERDAY        0.0           4.0  1938   0.4   -0.4      0.0
  MONTH TO DATE    1.0                       4.4   -3.4      3.9
  SINCE SEP 1      1.0                       4.6   -3.6      3.9
  SINCE JUL 1      1.0                       4.6   -3.6      3.9
  SNOW DEPTH       0

DEGREE DAYS
 HEATING
  YESTERDAY       22                        29     -7       12
  MONTH TO DATE  477                       626   -149      458
  SINCE SEP 1    820                      1219   -399      916
  SINCE JUL 1    829                      1249   -420      948

 COOLING
  YESTERDAY        0                         0      0        0
  MONTH TO DATE    0                         0      0        0
  SINCE SEP 1    110                        59     51      116
  SINCE JAN 1    774                       566    208      570
..................................................................


WIND (MPH)
  RESULTANT WIND SPEED   5   RESULTANT WIND DIRECTION   W (270)
  HIGHEST WIND SPEED    16   HIGHEST WIND DIRECTION    NW (300)
  HIGHEST GUST SPEED    22   HIGHEST GUST DIRECTION    NW (300)
  AVERAGE WIND SPEED     8.0


SKY COVER
  AVERAGE SKY COVER 1.0


WEATHER CONDITIONS
 THE FOLLOWING WEATHER WAS RECORDED YESTERDAY.
  NO SIGNIFICANT WEATHER WAS OBSERVED.


RELATIVE HUMIDITY (PERCENT)
 HIGHEST    82           700 PM
 LOWEST     67           100 PM
 AVERAGE    75

..........................................................


THE MUSKEGON MI CLIMATE NORMALS FOR TODAY
                         NORMAL    RECORD    YEAR
 MAXIMUM TEMPERATURE (F)   41        62      1990
 MINIMUM TEMPERATURE (F)   31         5      1977
                                             1898


SUNRISE AND SUNSET
NOVEMBER 27 2016......SUNRISE   753 AM EST   SUNSET   512 PM EST
NOVEMBER 28 2016......SUNRISE   754 AM EST   SUNSET   512 PM EST


-  INDICATES NEGATIVE NUMBERS.
R  INDICATES RECORD WAS SET OR TIED.
MM INDICATES DATA IS MISSING.
T  INDICATES TRACE AMOUNT.




$$
