000
CDUS43 KGRR 102128
CLIMKG


CLIMATE REPORT
NATIONAL WEATHER SERVICE GRAND RAPIDS, MI
528 PM EDT SAT JUN 10 2017


...................................

...THE MUSKEGON MI CLIMATE SUMMARY FOR JUNE 10 2017...
VALID TODAY AS OF 0500 PM LOCAL TIME.

CLIMATE NORMAL PERIOD 1981 TO 2010
CLIMATE RECORD PERIOD 1896 TO 2017


WEATHER ITEM   OBSERVED TIME   RECORD YEAR NORMAL DEPARTURE LAST
                VALUE   (LST)  VALUE       VALUE  FROM      YEAR
                                                  NORMAL
..................................................................
TEMPERATURE (F)
 TODAY
  MAXIMUM         85    359 PM  89    2012  75     10       86
                                      1999
  MINIMUM         57    320 AM  33    1980  55      2       57
  AVERAGE         71                        65      6       72

PRECIPITATION (IN)
  TODAY            0.00          0.78 1922   0.09  -0.09     0.02
  MONTH TO DATE    0.42                      0.91  -0.49     0.50
  SINCE JUN 1      0.42                      0.91  -0.49     0.50
  SINCE JAN 1     14.90                     13.18   1.72    14.43

SNOWFALL (IN)
  TODAY            0.0          MM      MM   0.0    0.0      0.0
  MONTH TO DATE    0.0                       0.0    0.0      0.0
  SINCE JUN 1      0.0                       0.0    0.0      0.0
  SINCE JUL 1     49.0                      93.7  -44.7     61.8
  SNOW DEPTH       0

DEGREE DAYS
 HEATING
  TODAY            0                         3     -3        0
  MONTH TO DATE   15                        36    -21       32
  SINCE JUN 1     15                        36    -21       32
  SINCE JUL 1   5486                      6530  -1044     5651

 COOLING
  TODAY            6                         2      4        7
  MONTH TO DATE   20                        20      0       18
  SINCE JUN 1     20                        20      0       18
  SINCE JAN 1     42                        49     -7       62
..................................................................


WIND (MPH)
  RESULTANT WIND SPEED  10   RESULTANT WIND DIRECTION   S (200)
  HIGHEST WIND SPEED    25   HIGHEST WIND DIRECTION     S (190)
  HIGHEST GUST SPEED    34   HIGHEST GUST DIRECTION     S (190)
  AVERAGE WIND SPEED    11.1


SKY COVER
  AVERAGE SKY COVER 0.5


WEATHER CONDITIONS
 THE FOLLOWING WEATHER WAS RECORDED TODAY.
  NO SIGNIFICANT WEATHER WAS OBSERVED.


RELATIVE HUMIDITY (PERCENT)
 HIGHEST    93           100 AM
 LOWEST     32           400 PM
 AVERAGE    63

..........................................................


THE MUSKEGON MI CLIMATE NORMALS FOR TOMORROW
                         NORMAL    RECORD    YEAR
 MAXIMUM TEMPERATURE (F)   75        94      1956
 MINIMUM TEMPERATURE (F)   55        31      1972


SUNRISE AND SUNSET
JUNE 10 2017..........SUNRISE   605 AM EDT   SUNSET   924 PM EDT
JUNE 11 2017..........SUNRISE   605 AM EDT   SUNSET   925 PM EDT


-  INDICATES NEGATIVE NUMBERS.
R  INDICATES RECORD WAS SET OR TIED.
MM INDICATES DATA IS MISSING.
T  INDICATES TRACE AMOUNT.




$$
