000
CDUS43 KGRR 060519
CLIMKG


CLIMATE REPORT
NATIONAL WEATHER SERVICE GRAND RAPIDS, MI
119 AM EDT FRI OCT 6 2017


...................................

...THE MUSKEGON MI CLIMATE SUMMARY FOR OCTOBER 5 2017...

CLIMATE NORMAL PERIOD 1981 TO 2010
CLIMATE RECORD PERIOD 1896 TO 2017


WEATHER ITEM   OBSERVED TIME   RECORD YEAR NORMAL DEPARTURE LAST
                VALUE   (LST)  VALUE       VALUE  FROM      YEAR
                                                  NORMAL
..................................................................
TEMPERATURE (F)
 YESTERDAY
  MAXIMUM         67   1251 PM  83    2007  63      4       80
  MINIMUM         43    614 AM  28    2004  46     -3       56
  AVERAGE         55                        54      1       68

PRECIPITATION (IN)
  YESTERDAY        0.31          1.63 1904   0.10   0.21     0.01
  MONTH TO DATE    0.32                      0.52  -0.20     0.32
  SINCE SEP 1      1.14                      4.41  -3.27     6.24
  SINCE JAN 1     22.30                     24.99  -2.69    31.39

SNOWFALL (IN)
  YESTERDAY        0.0          MM      MM   0.0    0.0      0.0
  MONTH TO DATE    0.0                       0.0    0.0      0.0
  SINCE SEP 1      0.0                       0.0    0.0      0.0
  SINCE JUL 1      0.0                       0.0    0.0      0.0
  SNOW DEPTH       0

DEGREE DAYS
 HEATING
  YESTERDAY       10                        11     -1        0
  MONTH TO DATE   25                        52    -27       11
  SINCE SEP 1    117                       195    -78       36
  SINCE JUL 1    130                       225    -95       45

 COOLING
  YESTERDAY        0                         0      0        3
  MONTH TO DATE    3                         2      1        3
  SINCE SEP 1    114                        56     58      104
  SINCE JAN 1    608                       563     45      768
..................................................................


WIND (MPH)
  RESULTANT WIND SPEED   1   RESULTANT WIND DIRECTION  NW (300)
  HIGHEST WIND SPEED    14   HIGHEST WIND DIRECTION    SW (240)
  HIGHEST GUST SPEED    16   HIGHEST GUST DIRECTION    SW (240)
  AVERAGE WIND SPEED     3.7


SKY COVER
  AVERAGE SKY COVER 0.5


WEATHER CONDITIONS
 THE FOLLOWING WEATHER WAS RECORDED YESTERDAY.
  HEAVY RAIN
  RAIN
  LIGHT RAIN
  FOG
  FOG W/VISIBILITY <= 1/4 MILE


RELATIVE HUMIDITY (PERCENT)
 HIGHEST   100           500 AM
 LOWEST     48          1200 PM
 AVERAGE    74

..........................................................


THE MUSKEGON MI CLIMATE NORMALS FOR TODAY
                         NORMAL    RECORD    YEAR
 MAXIMUM TEMPERATURE (F)   63        82      1900
 MINIMUM TEMPERATURE (F)   45        28      2003


SUNRISE AND SUNSET
OCTOBER  6 2017.......SUNRISE   748 AM EDT   SUNSET   717 PM EDT
OCTOBER  7 2017.......SUNRISE   749 AM EDT   SUNSET   715 PM EDT


-  INDICATES NEGATIVE NUMBERS.
R  INDICATES RECORD WAS SET OR TIED.
MM INDICATES DATA IS MISSING.
T  INDICATES TRACE AMOUNT.




$$
