000
CDUS43 KGRR 220524
CLIMKG


CLIMATE REPORT
NATIONAL WEATHER SERVICE GRAND RAPIDS, MI
120 AM EDT FRI APR 22 2016


...................................

...THE MUSKEGON MI CLIMATE SUMMARY FOR APRIL 21 2016...

CLIMATE NORMAL PERIOD 1981 TO 2010
CLIMATE RECORD PERIOD 1896 TO 2016


WEATHER ITEM   OBSERVED TIME   RECORD YEAR NORMAL DEPARTURE LAST
                VALUE   (LST)  VALUE       VALUE  FROM      YEAR
                                                  NORMAL
..................................................................
TEMPERATURE (F)
 YESTERDAY
  MAXIMUM         60   1230 AM  79    1985  58      2       46
  MINIMUM         49   1159 PM  23    2013  39     10       37
  AVERAGE         55                        49      6       42

PRECIPITATION (IN)
  YESTERDAY        0.24          2.12 1967   0.10   0.14      T
  MONTH TO DATE    1.32                      2.04  -0.72     4.70
  SINCE MAR 1      6.26                      4.29   1.97     5.83
  SINCE JAN 1     10.47                      8.15   2.32     9.12

SNOWFALL (IN)
  YESTERDAY        0.0           0.5  1912   0.0    0.0      0.0
  MONTH TO DATE    2.4                       2.2    0.2      0.0
  SINCE MAR 1      7.3                      11.2   -3.9      4.0
  SINCE JUL 1     61.8                      93.6  -31.8     92.1
  SNOW DEPTH       0

DEGREE DAYS
 HEATING
  YESTERDAY       10                        16     -6       23
  MONTH TO DATE  440                       424     16      355
  SINCE MAR 1   1215                      1354   -139     1362
  SINCE JUL 1   5235                      6086   -851     6487

 COOLING
  YESTERDAY        0                         0      0        0
  MONTH TO DATE    0                         0      0        0
  SINCE MAR 1      0                         0      0        0
  SINCE JAN 1      0                         0      0        0
..................................................................


WIND (MPH)
  RESULTANT WIND SPEED   4   RESULTANT WIND DIRECTION  SE (150)
  HIGHEST WIND SPEED    14   HIGHEST WIND DIRECTION    SE (120)
  HIGHEST GUST SPEED    17   HIGHEST GUST DIRECTION    SE (120)
  AVERAGE WIND SPEED     6.1


SKY COVER
  AVERAGE SKY COVER 1.0


WEATHER CONDITIONS
 THE FOLLOWING WEATHER WAS RECORDED YESTERDAY.
  LIGHT RAIN
  FOG
  FOG W/VISIBILITY <= 1/4 MILE
  HAZE


RELATIVE HUMIDITY (PERCENT)
 HIGHEST    93           300 PM
 LOWEST     37          1200 AM
 AVERAGE    65

..........................................................


THE MUSKEGON MI CLIMATE NORMALS FOR TODAY
                         NORMAL    RECORD    YEAR
 MAXIMUM TEMPERATURE (F)   59        84      1985
 MINIMUM TEMPERATURE (F)   40        22      1926


SUNRISE AND SUNSET
APRIL 22 2016.........SUNRISE   651 AM EDT   SUNSET   836 PM EDT
APRIL 23 2016.........SUNRISE   649 AM EDT   SUNSET   838 PM EDT


-  INDICATES NEGATIVE NUMBERS.
R  INDICATES RECORD WAS SET OR TIED.
MM INDICATES DATA IS MISSING.
T  INDICATES TRACE AMOUNT.




$$
