000
CDUS43 KGRR 190531
CLIMKG


CLIMATE REPORT
NATIONAL WEATHER SERVICE GRAND RAPIDS, MI
131 AM EDT TUE MAY 19 2015


...................................

...THE MUSKEGON MI CLIMATE SUMMARY FOR MAY 18 2015...

CLIMATE NORMAL PERIOD 1981 TO 2010
CLIMATE RECORD PERIOD 1896 TO 2015


WEATHER ITEM   OBSERVED TIME   RECORD YEAR NORMAL DEPARTURE LAST
                VALUE   (LST)  VALUE       VALUE  FROM      YEAR
                                                  NORMAL
..................................................................
TEMPERATURE (F)
 YESTERDAY
  MAXIMUM         75    259 PM  86    1998  68      7       63
  MINIMUM         48   1159 PM  30    1973  47      1       46
  AVERAGE         62                        58      4       55

PRECIPITATION (IN)
  YESTERDAY        0.00          1.70 1898   0.11  -0.11     0.00
  MONTH TO DATE    2.28                      1.87   0.41     3.38
  SINCE MAR 1      8.13                      7.03   1.10     7.83
  SINCE JAN 1     11.42                     10.89   0.53    12.96

SNOWFALL (IN)
  YESTERDAY        0.0           0.0    MM   0.0    0.0      0.0
  MONTH TO DATE    0.0                       0.0    0.0      0.0
  SINCE MAR 1      4.0                      11.3   -7.3      9.1
  SINCE JUL 1     92.1                      93.7   -1.6    132.7
  SNOW DEPTH       0

DEGREE DAYS
 HEATING
  YESTERDAY        3                         8     -5       10
  MONTH TO DATE  109                       191    -82      219
  SINCE MAR 1   1651                      1677    -26     1984
  SINCE JUL 1   6776                      6409    367     7124

 COOLING
  YESTERDAY        0                         1     -1        0
  MONTH TO DATE   22                        10     12        7
  SINCE MAR 1     22                        14      8        7
  SINCE JAN 1     22                        14      8        7
..................................................................


WIND (MPH)
  RESULTANT WIND SPEED  12   RESULTANT WIND DIRECTION  SW (230)
  HIGHEST WIND SPEED    25   HIGHEST WIND DIRECTION     S (200)
  HIGHEST GUST SPEED    39   HIGHEST GUST DIRECTION     S (200)
  AVERAGE WIND SPEED    13.9


SKY COVER
  AVERAGE SKY COVER 0.4


WEATHER CONDITIONS
 THE FOLLOWING WEATHER WAS RECORDED YESTERDAY.
  NO SIGNIFICANT WEATHER WAS OBSERVED.


RELATIVE HUMIDITY (PERCENT)
 HIGHEST    90           600 AM
 LOWEST     48           500 PM
 AVERAGE    69

..........................................................


THE MUSKEGON MI CLIMATE NORMALS FOR TODAY
                         NORMAL    RECORD    YEAR
 MAXIMUM TEMPERATURE (F)   68        87      2013
                                             1911
 MINIMUM TEMPERATURE (F)   48        29      2002


SUNRISE AND SUNSET
MAY 19 2015...........SUNRISE   618 AM EDT   SUNSET   906 PM EDT
MAY 20 2015...........SUNRISE   617 AM EDT   SUNSET   907 PM EDT


-  INDICATES NEGATIVE NUMBERS.
R  INDICATES RECORD WAS SET OR TIED.
MM INDICATES DATA IS MISSING.
T  INDICATES TRACE AMOUNT.




$$
