000
CDUS43 KGRR 161457
CLIMKG


CLIMATE REPORT
NATIONAL WEATHER SERVICE GRAND RAPIDS, MI
957 AM EST FRI JAN 16 2015


...................................

...THE MUSKEGON MI CLIMATE SUMMARY FOR JANUARY 16 2015...
VALID AS OF 0900 AM LOCAL TIME.

CLIMATE NORMAL PERIOD 1981 TO 2010
CLIMATE RECORD PERIOD 1896 TO 2015


WEATHER ITEM   OBSERVED TIME   RECORD YEAR NORMAL DEPARTURE LAST
                VALUE   (LST)  VALUE       VALUE  FROM      YEAR
                                                  NORMAL
..................................................................
TEMPERATURE (F)
 TODAY
  MAXIMUM         33    308 AM  52    1990  31      2       33
  MINIMUM         27    859 AM -11    1972  20      7       22
  AVERAGE         30                        25      5       28

PRECIPITATION (IN)
  TODAY            0.00          0.86 1980   0.07  -0.07     0.21
  MONTH TO DATE    1.53                      1.12   0.41     2.23
  SINCE DEC 1      3.25                      3.67  -0.42     4.93
  SINCE JAN 1      1.53                      1.12   0.41     2.23

SNOWFALL (IN)
  TODAY            0.0           8.0  1924   0.9   -0.9      2.6
  MONTH TO DATE   29.6                      14.4   15.2     18.4
  SINCE DEC 1     31.0                      43.3  -12.3     57.6
  SINCE JUL 1     55.5                      49.5    6.0     66.5
  SNOW DEPTH      10

DEGREE DAYS
 HEATING
  TODAY           35                        40     -5       37
  MONTH TO DATE  723                       627     96      676
  SINCE DEC 1   1715                      1706      9     1869
  SINCE JUL 1   3198                      3073    125     3140

 COOLING
  TODAY            0                         0      0        0
  MONTH TO DATE    0                         0      0        0
  SINCE DEC 1      0                         0      0        0
  SINCE JAN 1      0                         0      0        0
..................................................................


WIND (MPH)
  HIGHEST WIND SPEED    18   HIGHEST WIND DIRECTION     N (340)
  HIGHEST GUST SPEED    24   HIGHEST GUST DIRECTION    NW (330)



WEATHER CONDITIONS
 THE FOLLOWING WEATHER WAS RECORDED TODAY.
  NO SIGNIFICANT WEATHER WAS OBSERVED.


..........................................................




SUNRISE AND SUNSET
JANUARY 16 2015.......SUNRISE   813 AM EST   SUNSET   536 PM EST
JANUARY 17 2015.......SUNRISE   813 AM EST   SUNSET   537 PM EST


-  INDICATES NEGATIVE NUMBERS.
R  INDICATES RECORD WAS SET OR TIED.
MM INDICATES DATA IS MISSING.
T  INDICATES TRACE AMOUNT.




$$
