000
CDUS43 KGRR 210524
CLIMKG


CLIMATE REPORT
NATIONAL WEATHER SERVICE GRAND RAPIDS, MI
1220 AM EST SAT FEB 21 2015


...................................

...THE MUSKEGON MI CLIMATE SUMMARY FOR FEBRUARY 20 2015...

CLIMATE NORMAL PERIOD 1981 TO 2010
CLIMATE RECORD PERIOD 1896 TO 2015


WEATHER ITEM   OBSERVED TIME   RECORD YEAR NORMAL DEPARTURE LAST
                VALUE   (LST)  VALUE       VALUE  FROM      YEAR
                                                  NORMAL
..................................................................
TEMPERATURE (F)
 YESTERDAY
  MAXIMUM         16   1159 PM  56    1983  34    -18       43
  MINIMUM         -9    413 AM -13    1904  22    -31       30
  AVERAGE          4                        28    -24       37

PRECIPITATION (IN)
  YESTERDAY        T             1.13 2002   0.07  -0.07     0.46
  MONTH TO DATE    1.44                      1.25   0.19     1.69
  SINCE DEC 1      4.88                      5.83  -0.95     7.71
  SINCE JAN 1      3.16                      3.28  -0.12     5.01

SNOWFALL (IN)
  YESTERDAY        T             8.6  2011   0.7   -0.7       T
  MONTH TO DATE   26.8                      14.8   12.0     24.2
  SINCE DEC 1     60.7                      71.7  -11.0    111.8
  SINCE JUL 1     85.2                      77.9    7.3    120.7
  SNOW DEPTH      19

DEGREE DAYS
 HEATING
  YESTERDAY       61                        37     24       28
  MONTH TO DATE  956                       773    183      918
  SINCE DEC 1   3230                      3078    152     3490
  SINCE JUL 1   4713                      4445    268     4761

 COOLING
  YESTERDAY        0                         0      0        0
  MONTH TO DATE    0                         0      0        0
  SINCE DEC 1      0                         0      0        0
  SINCE JAN 1      0                         0      0        0
..................................................................


WIND (MPH)
  RESULTANT WIND SPEED  10   RESULTANT WIND DIRECTION   S (160)
  HIGHEST WIND SPEED    23   HIGHEST WIND DIRECTION     S (180)
  HIGHEST GUST SPEED    29   HIGHEST GUST DIRECTION     S (170)
  AVERAGE WIND SPEED    11.6


SKY COVER
  AVERAGE SKY COVER 1.0


WEATHER CONDITIONS
 THE FOLLOWING WEATHER WAS RECORDED YESTERDAY.
  LIGHT SNOW
  HAZE
  BLOWING SNOW


RELATIVE HUMIDITY (PERCENT)
 HIGHEST    79           300 AM
 LOWEST     52           200 PM
 AVERAGE    66

..........................................................


THE MUSKEGON MI CLIMATE NORMALS FOR TODAY
                         NORMAL    RECORD    YEAR
 MAXIMUM TEMPERATURE (F)   35        58      1930
 MINIMUM TEMPERATURE (F)   22       -10      1936


SUNRISE AND SUNSET
FEBRUARY 21 2015......SUNRISE   734 AM EST   SUNSET   624 PM EST
FEBRUARY 22 2015......SUNRISE   733 AM EST   SUNSET   625 PM EST


-  INDICATES NEGATIVE NUMBERS.
R  INDICATES RECORD WAS SET OR TIED.
MM INDICATES DATA IS MISSING.
T  INDICATES TRACE AMOUNT.




$$
