000
CDUS43 KGRR 260514
CLIMKG


CLIMATE REPORT
NATIONAL WEATHER SERVICE GRAND RAPIDS, MI
113 AM EDT FRI JUN 26 2015


...................................

...THE MUSKEGON MI CLIMATE SUMMARY FOR JUNE 25 2015...

CLIMATE NORMAL PERIOD 1981 TO 2010
CLIMATE RECORD PERIOD 1896 TO 2015


WEATHER ITEM   OBSERVED TIME   RECORD YEAR NORMAL DEPARTURE LAST
                VALUE   (LST)  VALUE       VALUE  FROM      YEAR
                                                  NORMAL
..................................................................
TEMPERATURE (F)
 YESTERDAY
  MAXIMUM         77   1257 PM  93    1988  79     -2       78
  MINIMUM         63    549 AM  40    1986  59      4       63
  AVERAGE         70                        69      1       71

PRECIPITATION (IN)
  YESTERDAY        0.01          1.40 1905   0.08  -0.07     0.00
  MONTH TO DATE    2.98                      2.16   0.82     6.69
  SINCE JUN 1      2.98                      2.16   0.82     6.69
  SINCE JAN 1     15.41                     14.43   0.98    19.99

SNOWFALL (IN)
  YESTERDAY        0.0          MM      MM   0.0    0.0      0.0
  MONTH TO DATE    0.0                       0.0    0.0      0.0
  SINCE JUN 1      0.0                       0.0    0.0      0.0
  SINCE JUL 1     92.1                      93.7   -1.6    132.7
  SNOW DEPTH       0

DEGREE DAYS
 HEATING
  YESTERDAY        0                         1     -1        0
  MONTH TO DATE   29                        61    -32       31
  SINCE JUN 1     29                        61    -32       31
  SINCE JUL 1   6907                      6555    352     7195

 COOLING
  YESTERDAY        5                         5      0        6
  MONTH TO DATE   52                        79    -27       86
  SINCE JUN 1     52                        79    -27       86
  SINCE JAN 1     91                       108    -17      103
..................................................................


WIND (MPH)
  RESULTANT WIND SPEED   1   RESULTANT WIND DIRECTION  SE (120)
  HIGHEST WIND SPEED     9   HIGHEST WIND DIRECTION     W (260)
  HIGHEST GUST SPEED    14   HIGHEST GUST DIRECTION     W (270)
  AVERAGE WIND SPEED     3.6


SKY COVER
  AVERAGE SKY COVER 0.8


WEATHER CONDITIONS
 THE FOLLOWING WEATHER WAS RECORDED YESTERDAY.
  FOG
  HAZE


RELATIVE HUMIDITY (PERCENT)
 HIGHEST    87           900 AM
 LOWEST     60           100 PM
 AVERAGE    74

..........................................................


THE MUSKEGON MI CLIMATE NORMALS FOR TODAY
                         NORMAL    RECORD    YEAR
 MAXIMUM TEMPERATURE (F)   79        91      2005
 MINIMUM TEMPERATURE (F)   60        44      1936


SUNRISE AND SUNSET
JUNE 26 2015..........SUNRISE   607 AM EDT   SUNSET   929 PM EDT
JUNE 27 2015..........SUNRISE   607 AM EDT   SUNSET   929 PM EDT


-  INDICATES NEGATIVE NUMBERS.
R  INDICATES RECORD WAS SET OR TIED.
MM INDICATES DATA IS MISSING.
T  INDICATES TRACE AMOUNT.




$$
