000
CDUS43 KGRR 030526
CLIMKG


CLIMATE REPORT
NATIONAL WEATHER SERVICE GRAND RAPIDS, MI
1226 AM EST SAT FEB 3 2018


...................................

...THE MUSKEGON MI CLIMATE SUMMARY FOR FEBRUARY 2 2018...

CLIMATE NORMAL PERIOD 1981 TO 2010
CLIMATE RECORD PERIOD 1896 TO 2018


WEATHER ITEM   OBSERVED TIME   RECORD YEAR NORMAL DEPARTURE LAST
                VALUE   (LST)  VALUE       VALUE  FROM      YEAR
                                                  NORMAL
..................................................................
TEMPERATURE (F)
 YESTERDAY
  MAXIMUM         22   1159 PM  44    1987  31     -9       24
                                      1984
                                      1973
  MINIMUM         12    254 AM -10    1985  20     -8       16
  AVERAGE         17                        25     -8       20

PRECIPITATION (IN)
  YESTERDAY        0.05          1.25 2016   0.05   0.00      T
  MONTH TO DATE    0.11                      0.11   0.00      T
  SINCE DEC 1      5.80                      4.69   1.11     5.25
  SINCE JAN 1      3.03                      2.14   0.89     3.03

SNOWFALL (IN)
  YESTERDAY        0.8          10.4  1978   0.8    0.0       T
  MONTH TO DATE    0.8                       1.7   -0.9       T
  SINCE DEC 1     71.5                      58.6   12.9     40.4
  SINCE JUL 1     71.5                      64.8    6.7     41.4
  SNOW DEPTH       1

DEGREE DAYS
 HEATING
  YESTERDAY       48                        40      8       45
  MONTH TO DATE   89                        80      9       80
  SINCE DEC 1   2445                      2385     60     2218
  SINCE JUL 1   3604                      3752   -148     3123

 COOLING
  YESTERDAY        0                         0      0        0
  MONTH TO DATE    0                         0      0        0
  SINCE DEC 1      0                         0      0        0
  SINCE JAN 1      0                         0      0        0
..................................................................


WIND (MPH)
  RESULTANT WIND SPEED   8   RESULTANT WIND DIRECTION   W (290)
  HIGHEST WIND SPEED    17   HIGHEST WIND DIRECTION     W (260)
  HIGHEST GUST SPEED    23   HIGHEST GUST DIRECTION     W (280)
  AVERAGE WIND SPEED     9.8


SKY COVER
  AVERAGE SKY COVER 0.9


WEATHER CONDITIONS
 THE FOLLOWING WEATHER WAS RECORDED YESTERDAY.
  LIGHT SNOW


RELATIVE HUMIDITY (PERCENT)
 HIGHEST    76           200 AM
 LOWEST     51           900 PM
 AVERAGE    64

..........................................................


THE MUSKEGON MI CLIMATE NORMALS FOR TODAY
                         NORMAL    RECORD    YEAR
 MAXIMUM TEMPERATURE (F)   31        46      1992
                                             1991
                                             1919
 MINIMUM TEMPERATURE (F)   20       -14      1996


SUNRISE AND SUNSET
FEBRUARY  3 2018......SUNRISE   758 AM EST   SUNSET   600 PM EST
FEBRUARY  4 2018......SUNRISE   757 AM EST   SUNSET   601 PM EST


-  INDICATES NEGATIVE NUMBERS.
R  INDICATES RECORD WAS SET OR TIED.
MM INDICATES DATA IS MISSING.
T  INDICATES TRACE AMOUNT.




$$
