000
CDUS43 KGRR 262231
CLIMKG


CLIMATE REPORT
NATIONAL WEATHER SERVICE GRAND RAPIDS, MI
531 PM EST SUN NOV 26 2017


...................................

...THE MUSKEGON MI CLIMATE SUMMARY FOR NOVEMBER 26 2017...
VALID TODAY AS OF 0500 PM LOCAL TIME.

CLIMATE NORMAL PERIOD 1981 TO 2010
CLIMATE RECORD PERIOD 1896 TO 2017


WEATHER ITEM   OBSERVED TIME   RECORD YEAR NORMAL DEPARTURE LAST
                VALUE   (LST)  VALUE       VALUE  FROM      YEAR
                                                  NORMAL
..................................................................
TEMPERATURE (F)
 TODAY
  MAXIMUM         44    308 PM  63    1990  42      2       46
                                      1984
                                      1976
  MINIMUM         21    735 AM   8    1977  31    -10       39
  AVERAGE         33                        36     -3       43

PRECIPITATION (IN)
  TODAY            0.00          1.55 1981   0.11  -0.11     0.00
  MONTH TO DATE    2.46                      2.94  -0.48     1.30
  SINCE SEP 1     12.53                      9.94   2.59    11.00
  SINCE JAN 1     33.69                     30.52   3.17    36.15

SNOWFALL (IN)
  TODAY            0.0           4.0  1938   0.4   -0.4      0.0
  MONTH TO DATE    T                         4.4   -4.4      1.0
  SINCE SEP 1      T                         4.6   -4.6      1.0
  SINCE JUL 1      T                         4.6   -4.6      1.0
  SNOW DEPTH       0

DEGREE DAYS
 HEATING
  TODAY           32                        29      3       22
  MONTH TO DATE  677                       626     51      477
  SINCE SEP 1   1063                      1219   -156      820
  SINCE JUL 1   1076                      1249   -173      829

 COOLING
  TODAY            0                         0      0        0
  MONTH TO DATE    0                         0      0        0
  SINCE SEP 1    121                        59     62      110
  SINCE JAN 1    615                       566     49      774
..................................................................


WIND (MPH)
  RESULTANT WIND SPEED   6   RESULTANT WIND DIRECTION  SW (230)
  HIGHEST WIND SPEED    22   HIGHEST WIND DIRECTION    SW (230)
  HIGHEST GUST SPEED    26   HIGHEST GUST DIRECTION    SW (240)
  AVERAGE WIND SPEED     6.1


SKY COVER
  AVERAGE SKY COVER 0.3


WEATHER CONDITIONS
 THE FOLLOWING WEATHER WAS RECORDED TODAY.
  NO SIGNIFICANT WEATHER WAS OBSERVED.


RELATIVE HUMIDITY (PERCENT)
 HIGHEST    84           700 AM
 LOWEST     49          1200 PM
 AVERAGE    67

..........................................................


THE MUSKEGON MI CLIMATE NORMALS FOR TOMORROW
                         NORMAL    RECORD    YEAR
 MAXIMUM TEMPERATURE (F)   41        62      1990
 MINIMUM TEMPERATURE (F)   31         5      1977
                                             1898


SUNRISE AND SUNSET
NOVEMBER 26 2017......SUNRISE   752 AM EST   SUNSET   513 PM EST
NOVEMBER 27 2017......SUNRISE   753 AM EST   SUNSET   512 PM EST


-  INDICATES NEGATIVE NUMBERS.
R  INDICATES RECORD WAS SET OR TIED.
MM INDICATES DATA IS MISSING.
T  INDICATES TRACE AMOUNT.




$$
