000
CDUS43 KGRR 070526
CLIMKG


CLIMATE REPORT
NATIONAL WEATHER SERVICE GRAND RAPIDS, MI
125 AM EDT SUN MAY 7 2017


...................................

...THE MUSKEGON MI CLIMATE SUMMARY FOR MAY 6 2017...

CLIMATE NORMAL PERIOD 1981 TO 2010
CLIMATE RECORD PERIOD 1896 TO 2017


WEATHER ITEM   OBSERVED TIME   RECORD YEAR NORMAL DEPARTURE LAST
                VALUE   (LST)  VALUE       VALUE  FROM      YEAR
                                                  NORMAL
..................................................................
TEMPERATURE (F)
 YESTERDAY
  MAXIMUM         58    210 PM  85    1959  64     -6       69
  MINIMUM         42    603 AM  26    1967  44     -2       36
  AVERAGE         50                        54     -4       53

PRECIPITATION (IN)
  YESTERDAY        0.00          1.44 1941   0.10  -0.10     0.00
  MONTH TO DATE    0.40                      0.61  -0.21     0.64
  SINCE MAR 1      7.68                      5.77   1.91     7.98
  SINCE JAN 1     13.38                      9.63   3.75    12.19

SNOWFALL (IN)
  YESTERDAY        0.0           T    1989   0.0    0.0      0.0
  MONTH TO DATE    0.0                       0.0    0.0      0.0
  SINCE MAR 1      4.5                      11.3   -6.8      7.3
  SINCE JUL 1     49.0                      93.7  -44.7     61.8
  SNOW DEPTH       0

DEGREE DAYS
 HEATING
  YESTERDAY       15                        12      3       12
  MONTH TO DATE   97                        74     23       90
  SINCE MAR 1   1424                      1560   -136     1434
  SINCE JUL 1   5289                      6292  -1003     5454

 COOLING
  YESTERDAY        0                         0      0        0
  MONTH TO DATE    0                         0      0        0
  SINCE MAR 1      5                         4      1        0
  SINCE JAN 1      5                         4      1        0
..................................................................


WIND (MPH)
  RESULTANT WIND SPEED  14   RESULTANT WIND DIRECTION   N (350)
  HIGHEST WIND SPEED    29   HIGHEST WIND DIRECTION    NW (330)
  HIGHEST GUST SPEED    36   HIGHEST GUST DIRECTION    NW (330)
  AVERAGE WIND SPEED    15.0


SKY COVER
  AVERAGE SKY COVER 0.3


WEATHER CONDITIONS
 THE FOLLOWING WEATHER WAS RECORDED YESTERDAY.
  NO SIGNIFICANT WEATHER WAS OBSERVED.


RELATIVE HUMIDITY (PERCENT)
 HIGHEST    76          1200 AM
 LOWEST     22           500 PM
 AVERAGE    49

..........................................................


THE MUSKEGON MI CLIMATE NORMALS FOR TODAY
                         NORMAL    RECORD    YEAR
 MAXIMUM TEMPERATURE (F)   64        82      2015
 MINIMUM TEMPERATURE (F)   44        27      1974


SUNRISE AND SUNSET
MAY  7 2017...........SUNRISE   630 AM EDT   SUNSET   853 PM EDT
MAY  8 2017...........SUNRISE   629 AM EDT   SUNSET   855 PM EDT


-  INDICATES NEGATIVE NUMBERS.
R  INDICATES RECORD WAS SET OR TIED.
MM INDICATES DATA IS MISSING.
T  INDICATES TRACE AMOUNT.




$$
