000
CDUS43 KGRR 142129
CLIMKG


CLIMATE REPORT
NATIONAL WEATHER SERVICE GRAND RAPIDS, MI
528 PM EDT TUE OCT 14 2014


...................................

...THE MUSKEGON MI CLIMATE SUMMARY FOR OCTOBER 14 2014...
VALID TODAY AS OF 0500 PM LOCAL TIME.

CLIMATE NORMAL PERIOD 1981 TO 2010
CLIMATE RECORD PERIOD 1896 TO 2014


WEATHER ITEM   OBSERVED TIME   RECORD YEAR NORMAL DEPARTURE LAST
                VALUE   (LST)  VALUE       VALUE  FROM      YEAR
                                                  NORMAL
..................................................................
TEMPERATURE (F)
 TODAY
  MAXIMUM         70    126 AM  78    1968  60     10       64
  MINIMUM         61    135 PM  28    1979  43     18       37
                                      1937
                                      1907
  AVERAGE         66                        51     15       51

PRECIPITATION (IN)
  TODAY            0.48          1.07 1940   0.10   0.38     0.00
  MONTH TO DATE    2.29                      1.43   0.86     1.91
  SINCE SEP 1      5.49                      5.32   0.17     3.86
  SINCE JAN 1     32.10                     25.90   6.20    35.11

SNOWFALL (IN)
  TODAY            0.0           T    1995   0.0    0.0      0.0
  MONTH TO DATE    0.0                       0.0    0.0      0.0
  SINCE SEP 1      0.0                       0.0    0.0      0.0
  SINCE JUL 1      0.0                       0.0    0.0      0.0
  SNOW DEPTH       0

DEGREE DAYS
 HEATING
  TODAY            0                        14    -14       14
  MONTH TO DATE  159                       166     -7       76
  SINCE SEP 1    314                       309      5      183
  SINCE JUL 1    363                       339     24      218

 COOLING
  TODAY            1                         0      1        0
  MONTH TO DATE    1                         2     -1       10
  SINCE SEP 1     47                        56     -9       87
  SINCE JAN 1    443                       563   -120      626
..................................................................


WIND (MPH)
  RESULTANT WIND SPEED   5   RESULTANT WIND DIRECTION  SE (140)
  HIGHEST WIND SPEED    22   HIGHEST WIND DIRECTION     S (170)
  HIGHEST GUST SPEED    29   HIGHEST GUST DIRECTION     S (170)
  AVERAGE WIND SPEED     9.3


SKY COVER
  AVERAGE SKY COVER 0.7


WEATHER CONDITIONS
 THE FOLLOWING WEATHER WAS RECORDED TODAY.
  HEAVY RAIN
  RAIN
  LIGHT RAIN
  FOG


RELATIVE HUMIDITY (PERCENT)
 HIGHEST    90           100 PM
 LOWEST     76           400 AM
 AVERAGE    83

..........................................................


THE MUSKEGON MI CLIMATE NORMALS FOR TOMORROW
                         NORMAL    RECORD    YEAR
 MAXIMUM TEMPERATURE (F)   59        86      1899
 MINIMUM TEMPERATURE (F)   43        25      1944


SUNRISE AND SUNSET
OCTOBER 14 2014.......SUNRISE   757 AM EDT   SUNSET   704 PM EDT
OCTOBER 15 2014.......SUNRISE   759 AM EDT   SUNSET   702 PM EDT


-  INDICATES NEGATIVE NUMBERS.
R  INDICATES RECORD WAS SET OR TIED.
MM INDICATES DATA IS MISSING.
T  INDICATES TRACE AMOUNT.




$$

CAS
