000
CDUS43 KGRR 040532
CLIMKG


CLIMATE REPORT
NATIONAL WEATHER SERVICE GRAND RAPIDS, MI
1231 AM EST THU FEB 4 2016


...................................

...THE MUSKEGON MI CLIMATE SUMMARY FOR FEBRUARY 3 2016...

CLIMATE NORMAL PERIOD 1981 TO 2010
CLIMATE RECORD PERIOD 1896 TO 2016


WEATHER ITEM   OBSERVED TIME   RECORD YEAR NORMAL DEPARTURE LAST
                VALUE   (LST)  VALUE       VALUE  FROM      YEAR
                                                  NORMAL
..................................................................
TEMPERATURE (F)
 YESTERDAY
  MAXIMUM         40    853 AM  46    1992  31      9       28
                                      1991
                                      1919
  MINIMUM         31   1159 PM -14    1996  20     11       19
  AVERAGE         36                        25     11       24

PRECIPITATION (IN)
  YESTERDAY        0.04          0.60 1904   0.06  -0.02     0.07
  MONTH TO DATE    1.29                      0.17   1.12     0.54
  SINCE DEC 1      8.65                      4.75   3.90     3.98
  SINCE JAN 1      3.75                      2.20   1.55     2.26

SNOWFALL (IN)
  YESTERDAY        0.2           7.1  2007   0.8   -0.6      0.8
  MONTH TO DATE    0.2                       2.5   -2.3      7.4
  SINCE DEC 1     42.3                      59.4  -17.1     41.3
  SINCE JUL 1     46.2                      65.6  -19.4     65.8
  SNOW DEPTH       2

DEGREE DAYS
 HEATING
  YESTERDAY       29                        40    -11       41
  MONTH TO DATE   94                       120    -26      138
  SINCE DEC 1   2034                      2425   -391     2412
  SINCE JUL 1   3101                      3792   -691     3895

 COOLING
  YESTERDAY        0                         0      0        0
  MONTH TO DATE    0                         0      0        0
  SINCE DEC 1      0                         0      0        0
  SINCE JAN 1      0                         0      0        0
..................................................................


WIND (MPH)
  RESULTANT WIND SPEED   5   RESULTANT WIND DIRECTION  SW (240)
  HIGHEST WIND SPEED    28   HIGHEST WIND DIRECTION    SW (220)
  HIGHEST GUST SPEED    35   HIGHEST GUST DIRECTION    SW (230)
  AVERAGE WIND SPEED    12.3


SKY COVER
  AVERAGE SKY COVER 1.0


WEATHER CONDITIONS
 THE FOLLOWING WEATHER WAS RECORDED YESTERDAY.
  LIGHT RAIN
  LIGHT SNOW
  FOG
  FOG W/VISIBILITY <= 1/4 MILE


RELATIVE HUMIDITY (PERCENT)
 HIGHEST    92           300 AM
 LOWEST     72          1100 PM
 AVERAGE    82

..........................................................


THE MUSKEGON MI CLIMATE NORMALS FOR TODAY
                         NORMAL    RECORD    YEAR
 MAXIMUM TEMPERATURE (F)   31        49      1962
 MINIMUM TEMPERATURE (F)   20       -19      1996


SUNRISE AND SUNSET
FEBRUARY  4 2016......SUNRISE   758 AM EST   SUNSET   601 PM EST
FEBRUARY  5 2016......SUNRISE   756 AM EST   SUNSET   602 PM EST


-  INDICATES NEGATIVE NUMBERS.
R  INDICATES RECORD WAS SET OR TIED.
MM INDICATES DATA IS MISSING.
T  INDICATES TRACE AMOUNT.




$$

JAM
