000
CDUS43 KGRR 170516
CLIMKG


CLIMATE REPORT
NATIONAL WEATHER SERVICE GRAND RAPIDS, MI
1216 AM EST THU NOV 17 2016


...................................

...THE MUSKEGON MI CLIMATE SUMMARY FOR NOVEMBER 16 2016...

CLIMATE NORMAL PERIOD 1981 TO 2010
CLIMATE RECORD PERIOD 1896 TO 2016


WEATHER ITEM   OBSERVED TIME   RECORD YEAR NORMAL DEPARTURE LAST
                VALUE   (LST)  VALUE       VALUE  FROM      YEAR
                                                  NORMAL
..................................................................
TEMPERATURE (F)
 YESTERDAY
  MAXIMUM         56    158 PM  70    1930  46     10       67
  MINIMUM         36    802 AM  14    1933  34      2       46
  AVERAGE         46                        40      6       57

PRECIPITATION (IN)
  YESTERDAY        0.00          1.28 1918   0.12  -0.12     0.00
  MONTH TO DATE    0.31                      1.84  -1.53     0.91
  SINCE SEP 1     10.01                      8.84   1.17     6.05
  SINCE JAN 1     35.16                     29.42   5.74    29.18

SNOWFALL (IN)
  YESTERDAY        0.0           7.0  1973   0.2   -0.2      0.0
  MONTH TO DATE    0.0                       1.7   -1.7       T
  SINCE SEP 1      0.0                       1.9   -1.9       T
  SINCE JUL 1      0.0                       1.9   -1.9       T
  SNOW DEPTH       0

DEGREE DAYS
 HEATING
  YESTERDAY       19                        25     -6        8
  MONTH TO DATE  239                       356   -117      240
  SINCE SEP 1    582                       949   -367      698
  SINCE JUL 1    591                       979   -388      730

 COOLING
  YESTERDAY        0                         0      0        0
  MONTH TO DATE    0                         0      0        0
  SINCE SEP 1    110                        59     51      116
  SINCE JAN 1    774                       566    208      570
..................................................................


WIND (MPH)
  RESULTANT WIND SPEED   1   RESULTANT WIND DIRECTION  SE (150)
  HIGHEST WIND SPEED    10   HIGHEST WIND DIRECTION    SW (220)
  HIGHEST GUST SPEED    13   HIGHEST GUST DIRECTION    SW (240)
  AVERAGE WIND SPEED     2.4


SKY COVER
  AVERAGE SKY COVER 0.6


WEATHER CONDITIONS
 THE FOLLOWING WEATHER WAS RECORDED YESTERDAY.
  FOG
  FOG W/VISIBILITY <= 1/4 MILE


RELATIVE HUMIDITY (PERCENT)
 HIGHEST   100           100 AM
 LOWEST     66           100 PM
 AVERAGE    83

..........................................................


THE MUSKEGON MI CLIMATE NORMALS FOR TODAY
                         NORMAL    RECORD    YEAR
 MAXIMUM TEMPERATURE (F)   46        71      1958
 MINIMUM TEMPERATURE (F)   34         9      1959


SUNRISE AND SUNSET
NOVEMBER 17 2016......SUNRISE   741 AM EST   SUNSET   519 PM EST
NOVEMBER 18 2016......SUNRISE   742 AM EST   SUNSET   518 PM EST


-  INDICATES NEGATIVE NUMBERS.
R  INDICATES RECORD WAS SET OR TIED.
MM INDICATES DATA IS MISSING.
T  INDICATES TRACE AMOUNT.




$$
