000
CDUS43 KGRR 090521
CLIMKG


CLIMATE REPORT
NATIONAL WEATHER SERVICE GRAND RAPIDS, MI
121 AM EDT MON OCT 9 2017


...................................

...THE MUSKEGON MI CLIMATE SUMMARY FOR OCTOBER 8 2017...

CLIMATE NORMAL PERIOD 1981 TO 2010
CLIMATE RECORD PERIOD 1896 TO 2017


WEATHER ITEM   OBSERVED TIME   RECORD YEAR NORMAL DEPARTURE LAST
                VALUE   (LST)  VALUE       VALUE  FROM      YEAR
                                                  NORMAL
..................................................................
TEMPERATURE (F)
 YESTERDAY
  MAXIMUM         74    251 PM  82    2007  62     12       55
                                      1997
                                      1949
  MINIMUM         53   1127 PM  27    1989  45      8       40
  AVERAGE         64                        53     11       48

PRECIPITATION (IN)
  YESTERDAY        T             1.00 1912   0.10  -0.10     0.00
  MONTH TO DATE    1.10                      0.83   0.27     0.59
  SINCE SEP 1      1.92                      4.72  -2.80     6.51
  SINCE JAN 1     23.08                     25.30  -2.22    31.66

SNOWFALL (IN)
  YESTERDAY        0.0          MM      MM   0.0    0.0      0.0
  MONTH TO DATE    0.0                       0.0    0.0      0.0
  SINCE SEP 1      0.0                       0.0    0.0      0.0
  SINCE JUL 1      0.0                       0.0    0.0      0.0
  SNOW DEPTH       0

DEGREE DAYS
 HEATING
  YESTERDAY        1                        12    -11       17
  MONTH TO DATE   28                        87    -59       31
  SINCE SEP 1    120                       230   -110       56
  SINCE JUL 1    133                       260   -127       65

 COOLING
  YESTERDAY        0                         0      0        0
  MONTH TO DATE    8                         2      6        3
  SINCE SEP 1    119                        56     63      104
  SINCE JAN 1    613                       563     50      768
..................................................................


WIND (MPH)
  RESULTANT WIND SPEED   8   RESULTANT WIND DIRECTION  SW (240)
  HIGHEST WIND SPEED    25   HIGHEST WIND DIRECTION     W (250)
  HIGHEST GUST SPEED    33   HIGHEST GUST DIRECTION     W (250)
  AVERAGE WIND SPEED     8.4


SKY COVER
  AVERAGE SKY COVER 0.3


WEATHER CONDITIONS
 THE FOLLOWING WEATHER WAS RECORDED YESTERDAY.
  LIGHT RAIN


RELATIVE HUMIDITY (PERCENT)
 HIGHEST    93          1100 PM
 LOWEST     57           500 PM
 AVERAGE    75

..........................................................


THE MUSKEGON MI CLIMATE NORMALS FOR TODAY
                         NORMAL    RECORD    YEAR
 MAXIMUM TEMPERATURE (F)   61        83      1905
 MINIMUM TEMPERATURE (F)   44        24      1989


SUNRISE AND SUNSET
OCTOBER  9 2017.......SUNRISE   752 AM EDT   SUNSET   712 PM EDT
OCTOBER 10 2017.......SUNRISE   753 AM EDT   SUNSET   710 PM EDT


-  INDICATES NEGATIVE NUMBERS.
R  INDICATES RECORD WAS SET OR TIED.
MM INDICATES DATA IS MISSING.
T  INDICATES TRACE AMOUNT.




$$
