000
CDUS43 KGRR 210517
CLIMKG


CLIMATE REPORT
NATIONAL WEATHER SERVICE GRAND RAPIDS, MI
116 AM EDT THU JUL 21 2016


...................................

...THE MUSKEGON MI CLIMATE SUMMARY FOR JULY 20 2016...

CLIMATE NORMAL PERIOD 1981 TO 2010
CLIMATE RECORD PERIOD 1896 TO 2016


WEATHER ITEM   OBSERVED TIME   RECORD YEAR NORMAL DEPARTURE LAST
                VALUE   (LST)  VALUE       VALUE  FROM      YEAR
                                                  NORMAL
..................................................................
TEMPERATURE (F)
 YESTERDAY
  MAXIMUM         87    540 PM  92    2011  81      6       78
                                      1955
  MINIMUM         60    357 AM  44    1941  62     -2       65
  AVERAGE         74                        71      3       72

PRECIPITATION (IN)
  YESTERDAY        0.00          1.50 1912   0.08  -0.08      T
  MONTH TO DATE    1.02                      1.44  -0.42     5.05
  SINCE JUN 1      3.36                      3.99  -0.63     8.35
  SINCE JAN 1     17.29                     16.26   1.03    20.78

SNOWFALL (IN)
  YESTERDAY        0.0          MM      MM   0.0    0.0      0.0
  MONTH TO DATE    0.0                       0.0    0.0      0.0
  SINCE JUN 1      0.0                       0.0    0.0      0.0
  SINCE JUL 1      0.0                       0.0    0.0      0.0
  SNOW DEPTH       0

DEGREE DAYS
 HEATING
  YESTERDAY        0                         0      0        0
  MONTH TO DATE    9                         4      5       15
  SINCE JUN 1     47                        70    -23       48
  SINCE JUL 1      9                         4      5       15

 COOLING
  YESTERDAY        9                         7      2        7
  MONTH TO DATE  129                       131     -2       76
  SINCE JUN 1    246                       236     10      139
  SINCE JAN 1    290                       265     25      178
..................................................................


WIND (MPH)
  RESULTANT WIND SPEED   5   RESULTANT WIND DIRECTION   S (190)
  HIGHEST WIND SPEED    13   HIGHEST WIND DIRECTION    SW (210)
  HIGHEST GUST SPEED    16   HIGHEST GUST DIRECTION    SW (210)
  AVERAGE WIND SPEED     5.8


SKY COVER
  AVERAGE SKY COVER 0.3


WEATHER CONDITIONS
 THE FOLLOWING WEATHER WAS RECORDED YESTERDAY.
  NO SIGNIFICANT WEATHER WAS OBSERVED.


RELATIVE HUMIDITY (PERCENT)
 HIGHEST    90           400 AM
 LOWEST     48           100 PM
 AVERAGE    69

..........................................................


THE MUSKEGON MI CLIMATE NORMALS FOR TODAY
                         NORMAL    RECORD    YEAR
 MAXIMUM TEMPERATURE (F)   81        95      1934
 MINIMUM TEMPERATURE (F)   62        43      1921


SUNRISE AND SUNSET
JULY 21 2016..........SUNRISE   625 AM EDT   SUNSET   917 PM EDT
JULY 22 2016..........SUNRISE   626 AM EDT   SUNSET   917 PM EDT


-  INDICATES NEGATIVE NUMBERS.
R  INDICATES RECORD WAS SET OR TIED.
MM INDICATES DATA IS MISSING.
T  INDICATES TRACE AMOUNT.




$$
