000
CDUS43 KGRR 130522
CLIMKG


CLIMATE REPORT
NATIONAL WEATHER SERVICE GRAND RAPIDS, MI
1220 AM EST THU NOV 13 2014


...................................

...THE MUSKEGON MI CLIMATE SUMMARY FOR NOVEMBER 12 2014...

CLIMATE NORMAL PERIOD 1981 TO 2010
CLIMATE RECORD PERIOD 1896 TO 2014


WEATHER ITEM   OBSERVED TIME   RECORD YEAR NORMAL DEPARTURE LAST
                VALUE   (LST)  VALUE       VALUE  FROM      YEAR
                                                  NORMAL
..................................................................
TEMPERATURE (F)
 YESTERDAY
  MAXIMUM         35   1242 AM  70    1911  48    -13       35
  MINIMUM         30   1159 PM  17    1986  35     -5       26
  AVERAGE         33                        42     -9       31

PRECIPITATION (IN)
  YESTERDAY        T             0.80 1992   0.11  -0.11      T
  MONTH TO DATE    0.78                      1.36  -0.58     1.35
  SINCE SEP 1      6.88                      8.36  -1.48     7.77
  SINCE JAN 1     33.49                     28.94   4.55    39.02

SNOWFALL (IN)
  YESTERDAY        T             4.0  1920   0.2   -0.2       T
  MONTH TO DATE    T                         1.1   -1.1      0.1
  SINCE SEP 1      T                         1.3   -1.3      0.1
  SINCE JUL 1      T                         1.3   -1.3      0.1
  SNOW DEPTH       0

DEGREE DAYS
 HEATING
  YESTERDAY       32                        23      9       34
  MONTH TO DATE  258                       258      0      249
  SINCE SEP 1    830                       851    -21      722
  SINCE JUL 1    879                       881     -2      757

 COOLING
  YESTERDAY        0                         0      0        0
  MONTH TO DATE    0                         0      0        0
  SINCE SEP 1     46                        59    -13       87
  SINCE JAN 1    442                       566   -124      626
..................................................................


WIND (MPH)
  RESULTANT WIND SPEED  13   RESULTANT WIND DIRECTION   W (290)
  HIGHEST WIND SPEED    23   HIGHEST WIND DIRECTION     W (290)
  HIGHEST GUST SPEED    34   HIGHEST GUST DIRECTION     W (280)
  AVERAGE WIND SPEED    13.2


SKY COVER
  AVERAGE SKY COVER 1.0


WEATHER CONDITIONS
 THE FOLLOWING WEATHER WAS RECORDED YESTERDAY.
  LIGHT SNOW


RELATIVE HUMIDITY (PERCENT)
 HIGHEST    63           500 AM
 LOWEST     51           700 PM
 AVERAGE    57

..........................................................


THE MUSKEGON MI CLIMATE NORMALS FOR TODAY
                         NORMAL    RECORD    YEAR
 MAXIMUM TEMPERATURE (F)   48        67      1909
 MINIMUM TEMPERATURE (F)   35        11      1911


SUNRISE AND SUNSET
NOVEMBER 13 2014......SUNRISE   735 AM EST   SUNSET   523 PM EST
NOVEMBER 14 2014......SUNRISE   736 AM EST   SUNSET   522 PM EST


-  INDICATES NEGATIVE NUMBERS.
R  INDICATES RECORD WAS SET OR TIED.
MM INDICATES DATA IS MISSING.
T  INDICATES TRACE AMOUNT.




$$

63
