000
CDUS43 KGRR 090520
CLIMKG


CLIMATE REPORT
NATIONAL WEATHER SERVICE GRAND RAPIDS, MI
120 AM EDT FRI SEP 9 2016


...................................

...THE MUSKEGON MI CLIMATE SUMMARY FOR SEPTEMBER 8 2016...

CLIMATE NORMAL PERIOD 1981 TO 2010
CLIMATE RECORD PERIOD 1896 TO 2016


WEATHER ITEM   OBSERVED TIME   RECORD YEAR NORMAL DEPARTURE LAST
                VALUE   (LST)  VALUE       VALUE  FROM      YEAR
                                                  NORMAL
..................................................................
TEMPERATURE (F)
 YESTERDAY
  MAXIMUM         80    207 PM  91    1959  74      6       77
  MINIMUM         67   1116 PM  31    1951  56     11       67
  AVERAGE         74                        65      9       72

PRECIPITATION (IN)
  YESTERDAY        0.06          2.74 1941   0.13  -0.07     1.23
  MONTH TO DATE    4.30                      0.97   3.33     1.23
  SINCE SEP 1      4.30                      0.97   3.33     1.23
  SINCE JAN 1     29.45                     21.55   7.90    24.36

SNOWFALL (IN)
  YESTERDAY        0.0           T    1994   0.0    0.0      0.0
  MONTH TO DATE    0.0                       0.0    0.0      0.0
  SINCE SEP 1      0.0                       0.0    0.0      0.0
  SINCE JUL 1      0.0                       0.0    0.0      0.0
  SNOW DEPTH       0

DEGREE DAYS
 HEATING
  YESTERDAY        0                         3     -3        0
  MONTH TO DATE    1                        17    -16        0
  SINCE SEP 1      1                        17    -16        0
  SINCE JUL 1     10                        47    -37       32

 COOLING
  YESTERDAY        9                         3      6        7
  MONTH TO DATE   49                        26     23       78
  SINCE SEP 1     49                        26     23       78
  SINCE JAN 1    713                       533    180      532
..................................................................


WIND (MPH)
  RESULTANT WIND SPEED   6   RESULTANT WIND DIRECTION   W (260)
  HIGHEST WIND SPEED    15   HIGHEST WIND DIRECTION     W (260)
  HIGHEST GUST SPEED    19   HIGHEST GUST DIRECTION     W (260)
  AVERAGE WIND SPEED     6.3


SKY COVER
  AVERAGE SKY COVER 0.7


WEATHER CONDITIONS
 THE FOLLOWING WEATHER WAS RECORDED YESTERDAY.
  HEAVY RAIN
  RAIN
  LIGHT RAIN
  FOG
  FOG W/VISIBILITY <= 1/4 MILE


RELATIVE HUMIDITY (PERCENT)
 HIGHEST   100          1200 AM
 LOWEST     74           200 PM
 AVERAGE    87

..........................................................


THE MUSKEGON MI CLIMATE NORMALS FOR TODAY
                         NORMAL    RECORD    YEAR
 MAXIMUM TEMPERATURE (F)   74        89      2002
                                             1964
                                             1947
 MINIMUM TEMPERATURE (F)   55        38      1949


SUNRISE AND SUNSET
SEPTEMBER  9 2016.....SUNRISE   718 AM EDT   SUNSET   805 PM EDT
SEPTEMBER 10 2016.....SUNRISE   720 AM EDT   SUNSET   803 PM EDT


-  INDICATES NEGATIVE NUMBERS.
R  INDICATES RECORD WAS SET OR TIED.
MM INDICATES DATA IS MISSING.
T  INDICATES TRACE AMOUNT.




$$
