000
CDUS43 KGRR 031352
CLIMKG


CLIMATE REPORT
NATIONAL WEATHER SERVICE GRAND RAPIDS, MI
951 AM EDT TUE OCT 3 2017


...................................

...THE MUSKEGON MI CLIMATE SUMMARY FOR OCTOBER 3 2017...
VALID AS OF 0900 AM LOCAL TIME.

CLIMATE NORMAL PERIOD 1981 TO 2010
CLIMATE RECORD PERIOD 1896 TO 2017


WEATHER ITEM   OBSERVED TIME   RECORD YEAR NORMAL DEPARTURE LAST
                VALUE   (LST)  VALUE       VALUE  FROM      YEAR
                                                  NORMAL
..................................................................
TEMPERATURE (F)
 TODAY
  MAXIMUM         68   1228 AM  81    2005  64      4       69
  MINIMUM         57    502 AM  25    1974  46     11       52
  AVERAGE         63                        55      8       61

PRECIPITATION (IN)
  TODAY            0.00          3.21 1954   0.11  -0.11     0.00
  MONTH TO DATE    0.00                      0.32  -0.32     0.31
  SINCE SEP 1      0.82                      4.21  -3.39     6.23
  SINCE JAN 1     21.98                     24.79  -2.81    31.38

SNOWFALL (IN)
  TODAY            0.0          MM      MM   0.0    0.0      0.0
  MONTH TO DATE    0.0                       0.0    0.0      0.0
  SINCE SEP 1      0.0                       0.0    0.0      0.0
  SINCE JUL 1      0.0                       0.0    0.0      0.0
  SNOW DEPTH       0

DEGREE DAYS
 HEATING
  TODAY            2                        10     -8        4
  MONTH TO DATE   12                        30    -18       11
  SINCE SEP 1    104                       173    -69       36
  SINCE JUL 1    117                       203    -86       45

 COOLING
  TODAY            0                         0      0        0
  MONTH TO DATE    1                         2     -1        0
  SINCE SEP 1    112                        56     56      101
  SINCE JAN 1    606                       563     43      765
..................................................................


WIND (MPH)
  RESULTANT WIND SPEED   9   RESULTANT WIND DIRECTION  SE (150)
  HIGHEST WIND SPEED    12   HIGHEST WIND DIRECTION     S (160)
  HIGHEST GUST SPEED    17   HIGHEST GUST DIRECTION    SE (150)
  AVERAGE WIND SPEED     9.0


SKY COVER
  AVERAGE SKY COVER 0.2


WEATHER CONDITIONS
 THE FOLLOWING WEATHER WAS RECORDED TODAY.
  NO SIGNIFICANT WEATHER WAS OBSERVED.


RELATIVE HUMIDITY (PERCENT)
 HIGHEST    72           500 AM
 LOWEST     53          1200 AM
 AVERAGE    63

..........................................................


THE MUSKEGON MI CLIMATE NORMALS FOR TOMORROW
                         NORMAL    RECORD    YEAR
 MAXIMUM TEMPERATURE (F)   64        83      1951
 MINIMUM TEMPERATURE (F)   46        30      2008
                                             1996


SUNRISE AND SUNSET
OCTOBER  3 2017.......SUNRISE   745 AM EDT   SUNSET   722 PM EDT
OCTOBER  4 2017.......SUNRISE   746 AM EDT   SUNSET   720 PM EDT


-  INDICATES NEGATIVE NUMBERS.
R  INDICATES RECORD WAS SET OR TIED.
MM INDICATES DATA IS MISSING.
T  INDICATES TRACE AMOUNT.




$$

JAM
