000
CDUS43 KGRR 042123
CLIMKG


CLIMATE REPORT
NATIONAL WEATHER SERVICE GRAND RAPIDS, MI
523 PM EDT FRI JUL 4 2014


...................................

...THE MUSKEGON MI CLIMATE SUMMARY FOR JULY 4 2014...
VALID TODAY AS OF 0500 PM LOCAL TIME.

CLIMATE NORMAL PERIOD 1981 TO 2010
CLIMATE RECORD PERIOD 1895 TO 2014


WEATHER ITEM   OBSERVED TIME   RECORD YEAR NORMAL DEPARTURE LAST
                VALUE   (LST)  VALUE       VALUE  FROM      YEAR
                                                  NORMAL
..................................................................
TEMPERATURE (F)
 TODAY
  MAXIMUM         78    108 PM  97    1911  80     -2       78
  MINIMUM         51    534 AM  46    1963  61    -10       62
  AVERAGE         65                        71     -6       70

PRECIPITATION (IN)
  TODAY            0.00          3.75 1901   0.08  -0.08     0.00
  MONTH TO DATE    0.13                      0.30  -0.17     0.45
  SINCE JUN 1      7.15                      2.85   4.30     4.78
  SINCE JAN 1     20.45                     15.12   5.33    27.47

SNOWFALL (IN)
  TODAY            0.0          MM      MM   0.0    0.0      0.0
  MONTH TO DATE    0.0                       0.0    0.0      0.0
  SINCE JUN 1      0.0                       0.0    0.0      0.0
  SINCE JUL 1      0.0                       0.0    0.0      0.0
  SNOW DEPTH       0

DEGREE DAYS
 HEATING
  TODAY            0                         1     -1        0
  MONTH TO DATE    0                         4     -4        2
  SINCE JUN 1     31                        70    -39       54
  SINCE JUL 1      0                         4     -4        2

 COOLING
  TODAY            0                         6     -6        5
  MONTH TO DATE    5                        24    -19       13
  SINCE JUN 1    137                       129      8      113
  SINCE JAN 1    154                       158     -4      173
..................................................................


WIND (MPH)
  RESULTANT WIND SPEED   2   RESULTANT WIND DIRECTION   N (350)
  HIGHEST WIND SPEED    16   HIGHEST WIND DIRECTION     W (270)
  HIGHEST GUST SPEED    19   HIGHEST GUST DIRECTION    SW (240)
  AVERAGE WIND SPEED     4.7


SKY COVER
  AVERAGE SKY COVER 0.1


WEATHER CONDITIONS
 THE FOLLOWING WEATHER WAS RECORDED TODAY.
  NO SIGNIFICANT WEATHER WAS OBSERVED.


RELATIVE HUMIDITY (PERCENT)
 HIGHEST    89           300 AM
 LOWEST     28           100 PM
 AVERAGE    59

..........................................................


THE MUSKEGON MI CLIMATE NORMALS FOR TOMORROW
                         NORMAL    RECORD    YEAR
 MAXIMUM TEMPERATURE (F)   80        95      1988
                                             1911
 MINIMUM TEMPERATURE (F)   61        44      1997


SUNRISE AND SUNSET
JULY  4 2014..........SUNRISE   611 AM EDT   SUNSET   928 PM EDT
JULY  5 2014..........SUNRISE   611 AM EDT   SUNSET   927 PM EDT


-  INDICATES NEGATIVE NUMBERS.
R  INDICATES RECORD WAS SET OR TIED.
MM INDICATES DATA IS MISSING.
T  INDICATES TRACE AMOUNT.




$$
