000
CDUS43 KGRR 200520
CLIMKG


CLIMATE REPORT
NATIONAL WEATHER SERVICE GRAND RAPIDS, MI
119 AM EDT FRI MAR 20 2015


...................................

...THE MUSKEGON MI CLIMATE SUMMARY FOR MARCH 19 2015...

CLIMATE NORMAL PERIOD 1981 TO 2010
CLIMATE RECORD PERIOD 1896 TO 2015


WEATHER ITEM   OBSERVED TIME   RECORD YEAR NORMAL DEPARTURE LAST
                VALUE   (LST)  VALUE       VALUE  FROM      YEAR
                                                  NORMAL
..................................................................
TEMPERATURE (F)
 YESTERDAY
  MAXIMUM         43    138 PM  76    2012  44     -1       41
  MINIMUM         29    352 AM  -1    1923  28      1       33
  AVERAGE         36                        36      0       37

PRECIPITATION (IN)
  YESTERDAY        0.00          1.98 1948   0.07  -0.07     0.18
  MONTH TO DATE    0.46                      1.34  -0.88     0.53
  SINCE MAR 1      0.46                      1.34  -0.88     0.53
  SINCE JAN 1      3.75                      5.20  -1.45     5.66

SNOWFALL (IN)
  YESTERDAY        0.0           5.5  1923   0.2   -0.2      0.3
  MONTH TO DATE    4.0                       6.7   -2.7      6.3
  SINCE MAR 1      4.0                       6.7   -2.7      6.3
  SINCE JUL 1     92.1                      89.1    3.0    129.9
  SNOW DEPTH       0

DEGREE DAYS
 HEATING
  YESTERDAY       29                        29      0       28
  MONTH TO DATE  627                       610     17      791
  SINCE MAR 1    627                       610     17      791
  SINCE JUL 1   5752                      5342    410     5931

 COOLING
  YESTERDAY        0                         0      0        0
  MONTH TO DATE    0                         0      0        0
  SINCE MAR 1      0                         0      0        0
  SINCE JAN 1      0                         0      0        0
..................................................................


WIND (MPH)
  RESULTANT WIND SPEED   6   RESULTANT WIND DIRECTION   E (110)
  HIGHEST WIND SPEED    16   HIGHEST WIND DIRECTION     E (110)
  HIGHEST GUST SPEED    20   HIGHEST GUST DIRECTION     E (110)
  AVERAGE WIND SPEED     6.0


SKY COVER
  AVERAGE SKY COVER 0.6


WEATHER CONDITIONS
 THE FOLLOWING WEATHER WAS RECORDED YESTERDAY.
  NO SIGNIFICANT WEATHER WAS OBSERVED.


RELATIVE HUMIDITY (PERCENT)
 HIGHEST    78          1200 AM
 LOWEST     30           200 PM
 AVERAGE    54

..........................................................


THE MUSKEGON MI CLIMATE NORMALS FOR TODAY
                         NORMAL    RECORD    YEAR
 MAXIMUM TEMPERATURE (F)   45        82      2012
 MINIMUM TEMPERATURE (F)   28         8      1965


SUNRISE AND SUNSET
MARCH 20 2015.........SUNRISE   749 AM EDT   SUNSET   757 PM EDT
MARCH 21 2015.........SUNRISE   747 AM EDT   SUNSET   758 PM EDT


-  INDICATES NEGATIVE NUMBERS.
R  INDICATES RECORD WAS SET OR TIED.
MM INDICATES DATA IS MISSING.
T  INDICATES TRACE AMOUNT.




$$
