000
CDUS43 KGRR 020521
CLIMKG


CLIMATE REPORT
NATIONAL WEATHER SERVICE GRAND RAPIDS, MI
1218 AM EST MON MAR 2 2015


...................................

...THE MUSKEGON MI CLIMATE SUMMARY FOR MARCH 1 2015...

CLIMATE NORMAL PERIOD 1981 TO 2010
CLIMATE RECORD PERIOD 1896 TO 2015


WEATHER ITEM   OBSERVED TIME   RECORD YEAR NORMAL DEPARTURE LAST
                VALUE   (LST)  VALUE       VALUE  FROM      YEAR
                                                  NORMAL
..................................................................
TEMPERATURE (F)
 YESTERDAY
  MAXIMUM         28   1131 PM  54    2004  37     -9       22
                                      2000
                                      1991
  MINIMUM         16    846 AM  -5    1967  23     -7       13
  AVERAGE         22                        30     -8       18

PRECIPITATION (IN)
  YESTERDAY        0.09          1.05 1976   0.07   0.02     0.19
  MONTH TO DATE    0.09                      0.07   0.02     0.19
  SINCE MAR 1      0.09                      0.07   0.02     0.19
  SINCE JAN 1      3.38                      3.93  -0.55     5.32

SNOWFALL (IN)
  YESTERDAY        1.8           3.4  2005   0.5    1.3      2.6
  MONTH TO DATE    1.8                       0.5    1.3      2.6
  SINCE MAR 1      1.8                       0.5    1.3      2.6
  SINCE JUL 1     89.9                      82.9    7.0    126.2
  SNOW DEPTH      17

DEGREE DAYS
 HEATING
  YESTERDAY       43                        35      8       47
  MONTH TO DATE   43                        35      8       47
  SINCE MAR 1     43                        35      8       47
  SINCE JUL 1   5168                      4767    401     5187

 COOLING
  YESTERDAY        0                         0      0        0
  MONTH TO DATE    0                         0      0        0
  SINCE MAR 1      0                         0      0        0
  SINCE JAN 1      0                         0      0        0
..................................................................


WIND (MPH)
  RESULTANT WIND SPEED   7   RESULTANT WIND DIRECTION   S (200)
  HIGHEST WIND SPEED    20   HIGHEST WIND DIRECTION     W (270)
  HIGHEST GUST SPEED    26   HIGHEST GUST DIRECTION     W (280)
  AVERAGE WIND SPEED     9.2


SKY COVER
  AVERAGE SKY COVER 1.0


WEATHER CONDITIONS
 THE FOLLOWING WEATHER WAS RECORDED YESTERDAY.
  LIGHT SNOW
  FOG
  HAZE


RELATIVE HUMIDITY (PERCENT)
 HIGHEST    88           300 AM
 LOWEST     61          1200 AM
 AVERAGE    75

..........................................................


THE MUSKEGON MI CLIMATE NORMALS FOR TODAY
                         NORMAL    RECORD    YEAR
 MAXIMUM TEMPERATURE (F)   38        55      2008
                                             1983
                                             1964
 MINIMUM TEMPERATURE (F)   23        -9      1912


SUNRISE AND SUNSET
MARCH  2 2015.........SUNRISE   720 AM EST   SUNSET   635 PM EST
MARCH  3 2015.........SUNRISE   718 AM EST   SUNSET   636 PM EST


-  INDICATES NEGATIVE NUMBERS.
R  INDICATES RECORD WAS SET OR TIED.
MM INDICATES DATA IS MISSING.
T  INDICATES TRACE AMOUNT.




$$

63
