000
CDUS43 KGRR 230517
CLIMKG


CLIMATE REPORT
NATIONAL WEATHER SERVICE GRAND RAPIDS, MI
116 AM EDT THU MAR 23 2017


...................................

...THE MUSKEGON MI CLIMATE SUMMARY FOR MARCH 22 2017...

CLIMATE NORMAL PERIOD 1981 TO 2010
CLIMATE RECORD PERIOD 1896 TO 2017


WEATHER ITEM   OBSERVED TIME   RECORD YEAR NORMAL DEPARTURE LAST
                VALUE   (LST)  VALUE       VALUE  FROM      YEAR
                                                  NORMAL
..................................................................
TEMPERATURE (F)
 YESTERDAY
  MAXIMUM         34    431 PM  81    2012  45    -11       54
  MINIMUM         20    700 AM   7    1989  29     -9       35
  AVERAGE         27                        37    -10       45

PRECIPITATION (IN)
  YESTERDAY        0.00          1.35 1955   0.07  -0.07      T
  MONTH TO DATE    0.80                      1.56  -0.76     1.20
  SINCE MAR 1      0.80                      1.56  -0.76     1.20
  SINCE JAN 1      6.50                      5.42   1.08     5.41

SNOWFALL (IN)
  YESTERDAY        0.0           7.0  1932   0.2   -0.2      0.0
  MONTH TO DATE    4.5                       7.3   -2.8      4.9
  SINCE MAR 1      4.5                       7.3   -2.8      4.9
  SINCE JUL 1     49.0                      89.7  -40.7     59.4
  SNOW DEPTH       0

DEGREE DAYS
 HEATING
  YESTERDAY       38                        28     10       20
  MONTH TO DATE  706                       695     11      564
  SINCE MAR 1    706                       695     11      564
  SINCE JUL 1   4571                      5427   -856     4584

 COOLING
  YESTERDAY        0                         0      0        0
  MONTH TO DATE    0                         0      0        0
  SINCE MAR 1      0                         0      0        0
  SINCE JAN 1      0                         0      0        0
..................................................................


WIND (MPH)
  RESULTANT WIND SPEED   5   RESULTANT WIND DIRECTION   N (350)
  HIGHEST WIND SPEED    22   HIGHEST WIND DIRECTION     N (10)
  HIGHEST GUST SPEED    30   HIGHEST GUST DIRECTION     N (10)
  AVERAGE WIND SPEED     6.7


SKY COVER
  AVERAGE SKY COVER 0.3


WEATHER CONDITIONS
 THE FOLLOWING WEATHER WAS RECORDED YESTERDAY.
  NO SIGNIFICANT WEATHER WAS OBSERVED.


RELATIVE HUMIDITY (PERCENT)
 HIGHEST    67           600 AM
 LOWEST     36          1200 PM
 AVERAGE    52

..........................................................


THE MUSKEGON MI CLIMATE NORMALS FOR TODAY
                         NORMAL    RECORD    YEAR
 MAXIMUM TEMPERATURE (F)   46        73      1907
 MINIMUM TEMPERATURE (F)   29         4      1906


SUNRISE AND SUNSET
MARCH 23 2017.........SUNRISE   742 AM EDT   SUNSET   801 PM EDT
MARCH 24 2017.........SUNRISE   741 AM EDT   SUNSET   802 PM EDT


-  INDICATES NEGATIVE NUMBERS.
R  INDICATES RECORD WAS SET OR TIED.
MM INDICATES DATA IS MISSING.
T  INDICATES TRACE AMOUNT.




$$
