000
CDUS43 KGRR 240527
CLIMKG


CLIMATE REPORT
NATIONAL WEATHER SERVICE GRAND RAPIDS, MI
127 AM EDT FRI OCT 24 2014


...................................

...THE MUSKEGON MI CLIMATE SUMMARY FOR OCTOBER 23 2014...

CLIMATE NORMAL PERIOD 1981 TO 2010
CLIMATE RECORD PERIOD 1896 TO 2014


WEATHER ITEM   OBSERVED TIME   RECORD YEAR NORMAL DEPARTURE LAST
                VALUE   (LST)  VALUE       VALUE  FROM      YEAR
                                                  NORMAL
..................................................................
TEMPERATURE (F)
 YESTERDAY
  MAXIMUM         57    236 PM  80    1963  56      1       46
  MINIMUM         30    553 AM  25    1982  41    -11       34
  AVERAGE         44                        48     -4       40

PRECIPITATION (IN)
  YESTERDAY        0.00          2.05 1959   0.10  -0.10     0.10
  MONTH TO DATE    2.69                      2.29   0.40     3.08
  SINCE SEP 1      5.89                      6.18  -0.29     5.03
  SINCE JAN 1     32.50                     26.76   5.74    36.28

SNOWFALL (IN)
  YESTERDAY        0.0           0.4  1962   0.0    0.0       T
  MONTH TO DATE    0.0                       0.1   -0.1       T
  SINCE SEP 1      0.0                       0.1   -0.1       T
  SINCE JUL 1      0.0                       0.1   -0.1       T
  SNOW DEPTH       0

DEGREE DAYS
 HEATING
  YESTERDAY       21                        17      4       25
  MONTH TO DATE  304                       305     -1      217
  SINCE SEP 1    459                       448     11      324
  SINCE JUL 1    508                       478     30      359

 COOLING
  YESTERDAY        0                         0      0        0
  MONTH TO DATE    0                         2     -2       10
  SINCE SEP 1     46                        56    -10       87
  SINCE JAN 1    442                       563   -121      626
..................................................................


WIND (MPH)
  RESULTANT WIND SPEED   4   RESULTANT WIND DIRECTION   S (170)
  HIGHEST WIND SPEED    16   HIGHEST WIND DIRECTION    SW (210)
  HIGHEST GUST SPEED    21   HIGHEST GUST DIRECTION    SW (220)
  AVERAGE WIND SPEED     5.3


SKY COVER
  AVERAGE SKY COVER 0.5


WEATHER CONDITIONS
 THE FOLLOWING WEATHER WAS RECORDED YESTERDAY.
  FOG
  FOG W/VISIBILITY <= 1/4 MILE
  HAZE


RELATIVE HUMIDITY (PERCENT)
 HIGHEST    96           800 AM
 LOWEST     61           300 PM
 AVERAGE    79

..........................................................


THE MUSKEGON MI CLIMATE NORMALS FOR TODAY
                         NORMAL    RECORD    YEAR
 MAXIMUM TEMPERATURE (F)   56        76      1975
                                             1963
 MINIMUM TEMPERATURE (F)   40        24      1907


SUNRISE AND SUNSET
OCTOBER 24 2014.......SUNRISE   810 AM EDT   SUNSET   648 PM EDT
OCTOBER 25 2014.......SUNRISE   811 AM EDT   SUNSET   646 PM EDT


-  INDICATES NEGATIVE NUMBERS.
R  INDICATES RECORD WAS SET OR TIED.
MM INDICATES DATA IS MISSING.
T  INDICATES TRACE AMOUNT.




$$
