383
CDUS43 KGRR 260517
CLIMKG


CLIMATE REPORT
NATIONAL WEATHER SERVICE GRAND RAPIDS, MI
117 AM EDT FRI MAY 26 2017


...................................

...THE MUSKEGON MI CLIMATE SUMMARY FOR MAY 25 2017...

CLIMATE NORMAL PERIOD 1981 TO 2010
CLIMATE RECORD PERIOD 1896 TO 2017


WEATHER ITEM   OBSERVED TIME   RECORD YEAR NORMAL DEPARTURE LAST
                VALUE   (LST)  VALUE       VALUE  FROM      YEAR
                                                  NORMAL
..................................................................
TEMPERATURE (F)
 YESTERDAY
  MAXIMUM         71    309 PM  88    1977  70      1       83
  MINIMUM         55   1159 PM  32    1992  50      5       63
  AVERAGE         63                        60      3       73

PRECIPITATION (IN)
  YESTERDAY        0.01          1.85 1991   0.11  -0.10     0.22
  MONTH TO DATE    1.46                      2.65  -1.19     2.24
  SINCE MAR 1      8.74                      7.81   0.93     9.58
  SINCE JAN 1     14.44                     11.67   2.77    13.79

SNOWFALL (IN)
  YESTERDAY        0.0           T    1989   0.0    0.0      0.0
  MONTH TO DATE    0.0                       0.0    0.0      0.0
  SINCE MAR 1      4.5                      11.3   -6.8      7.3
  SINCE JUL 1     49.0                      93.7  -44.7     61.8
  SNOW DEPTH       0

DEGREE DAYS
 HEATING
  YESTERDAY        2                         7     -5        0
  MONTH TO DATE  253                       243     10      255
  SINCE MAR 1   1580                      1729   -149     1599
  SINCE JUL 1   5445                      6461  -1016     5619

 COOLING
  YESTERDAY        0                         1     -1        8
  MONTH TO DATE   17                        17      0       11
  SINCE MAR 1     22                        21      1       11
  SINCE JAN 1     22                        21      1       11
..................................................................


WIND (MPH)
  RESULTANT WIND SPEED   6   RESULTANT WIND DIRECTION   N (10)
  HIGHEST WIND SPEED    16   HIGHEST WIND DIRECTION    NE (60)
  HIGHEST GUST SPEED    24   HIGHEST GUST DIRECTION    NE (50)
  AVERAGE WIND SPEED     8.2


SKY COVER
  AVERAGE SKY COVER 0.8


WEATHER CONDITIONS
 THE FOLLOWING WEATHER WAS RECORDED YESTERDAY.
  LIGHT RAIN
  FOG


RELATIVE HUMIDITY (PERCENT)
 HIGHEST    93           200 AM
 LOWEST     61           300 PM
 AVERAGE    77

..........................................................


THE MUSKEGON MI CLIMATE NORMALS FOR TODAY
                         NORMAL    RECORD    YEAR
 MAXIMUM TEMPERATURE (F)   70        87      2010
 MINIMUM TEMPERATURE (F)   50        30      1961


SUNRISE AND SUNSET
MAY 26 2017...........SUNRISE   611 AM EDT   SUNSET   913 PM EDT
MAY 27 2017...........SUNRISE   611 AM EDT   SUNSET   914 PM EDT


-  INDICATES NEGATIVE NUMBERS.
R  INDICATES RECORD WAS SET OR TIED.
MM INDICATES DATA IS MISSING.
T  INDICATES TRACE AMOUNT.




$$
