000
CDUS43 KGRR 200516
CLIMKG


CLIMATE REPORT
NATIONAL WEATHER SERVICE GRAND RAPIDS, MI
116 AM EDT WED SEP 20 2017


...................................

...THE MUSKEGON MI CLIMATE SUMMARY FOR SEPTEMBER 19 2017...

CLIMATE NORMAL PERIOD 1981 TO 2010
CLIMATE RECORD PERIOD 1896 TO 2017


WEATHER ITEM   OBSERVED TIME   RECORD YEAR NORMAL DEPARTURE LAST
                VALUE   (LST)  VALUE       VALUE  FROM      YEAR
                                                  NORMAL
..................................................................
TEMPERATURE (F)
 YESTERDAY
  MAXIMUM         78    416 PM  93    1932  70      8       80
  MINIMUM         60    103 AM  36    1979  52      8       57
  AVERAGE         69                        61      8       69

PRECIPITATION (IN)
  YESTERDAY        0.00          1.07 1988   0.14  -0.14     0.05
  MONTH TO DATE    0.79                      2.43  -1.64     4.84
  SINCE SEP 1      0.79                      2.43  -1.64     4.84
  SINCE JAN 1     21.95                     23.01  -1.06    29.99

SNOWFALL (IN)
  YESTERDAY        0.0           T    1991   0.0    0.0      0.0
  MONTH TO DATE    0.0                       0.0    0.0      0.0
  SINCE SEP 1      0.0                       0.0    0.0      0.0
  SINCE JUL 1      0.0                       0.0    0.0      0.0
  SNOW DEPTH       0

DEGREE DAYS
 HEATING
  YESTERDAY        0                         5     -5        0
  MONTH TO DATE   68                        61      7        4
  SINCE SEP 1     68                        61      7        4
  SINCE JUL 1     81                        91    -10       13

 COOLING
  YESTERDAY        4                         1      3        4
  MONTH TO DATE   24                        46    -22       84
  SINCE SEP 1     24                        46    -22       84
  SINCE JAN 1    518                       553    -35      748
..................................................................


WIND (MPH)
  RESULTANT WIND SPEED   7   RESULTANT WIND DIRECTION   E (90)
  HIGHEST WIND SPEED    14   HIGHEST WIND DIRECTION     E (100)
  HIGHEST GUST SPEED    17   HIGHEST GUST DIRECTION     E (90)
  AVERAGE WIND SPEED     7.3


SKY COVER
  AVERAGE SKY COVER 0.6


WEATHER CONDITIONS
 THE FOLLOWING WEATHER WAS RECORDED YESTERDAY.
  NO SIGNIFICANT WEATHER WAS OBSERVED.


RELATIVE HUMIDITY (PERCENT)
 HIGHEST    93          1000 PM
 LOWEST     53          1200 PM
 AVERAGE    73

..........................................................


THE MUSKEGON MI CLIMATE NORMALS FOR TODAY
                         NORMAL    RECORD    YEAR
 MAXIMUM TEMPERATURE (F)   70        85      1908
 MINIMUM TEMPERATURE (F)   51        33      1956


SUNRISE AND SUNSET
SEPTEMBER 20 2017.....SUNRISE   730 AM EDT   SUNSET   745 PM EDT
SEPTEMBER 21 2017.....SUNRISE   731 AM EDT   SUNSET   744 PM EDT


-  INDICATES NEGATIVE NUMBERS.
R  INDICATES RECORD WAS SET OR TIED.
MM INDICATES DATA IS MISSING.
T  INDICATES TRACE AMOUNT.




$$
