000
CDUS43 KGRR 220524
CLIMKG


CLIMATE REPORT
NATIONAL WEATHER SERVICE GRAND RAPIDS, MI
1224 AM EST SUN JAN 22 2017


...................................

...THE MUSKEGON MI CLIMATE SUMMARY FOR JANUARY 21 2017...

CLIMATE NORMAL PERIOD 1981 TO 2010
CLIMATE RECORD PERIOD 1896 TO 2017


WEATHER ITEM   OBSERVED TIME   RECORD YEAR NORMAL DEPARTURE LAST
                VALUE   (LST)  VALUE       VALUE  FROM      YEAR
                                                  NORMAL
..................................................................
TEMPERATURE (F)
 YESTERDAY
  MAXIMUM         62R   333 PM  49    1997  30     32       28
  MINIMUM         37    201 AM  -5    1924  20     17       21
  AVERAGE         50                        25     25       25

PRECIPITATION (IN)
  YESTERDAY        0.02          0.73 1958   0.06  -0.04      T
  MONTH TO DATE    2.53                      1.43   1.10     2.15
  SINCE DEC 1      4.75                      3.98   0.77     7.05
  SINCE JAN 1      2.53                      1.43   1.10     2.15

SNOWFALL (IN)
  YESTERDAY        0.0           7.9  1959   0.9   -0.9       T
  MONTH TO DATE   11.8                      18.9   -7.1     35.9
  SINCE DEC 1     32.2                      47.8  -15.6     40.8
  SINCE JUL 1     33.2                      54.0  -20.8     44.7
  SNOW DEPTH       0

DEGREE DAYS
 HEATING
  YESTERDAY       15                        40    -25       40
  MONTH TO DATE  764                       827    -63      832
  SINCE DEC 1   1824                      1906    -82     1605
  SINCE JUL 1   2729                      3273   -544     2672

 COOLING
  YESTERDAY        0                         0      0        0
  MONTH TO DATE    0                         0      0        0
  SINCE DEC 1      0                         0      0        0
  SINCE JAN 1      0                         0      0        0
..................................................................


WIND (MPH)
  RESULTANT WIND SPEED   6   RESULTANT WIND DIRECTION   S (160)
  HIGHEST WIND SPEED    16   HIGHEST WIND DIRECTION    SW (220)
  HIGHEST GUST SPEED    21   HIGHEST GUST DIRECTION    SW (220)
  AVERAGE WIND SPEED     8.2


SKY COVER
  AVERAGE SKY COVER 0.8


WEATHER CONDITIONS
 THE FOLLOWING WEATHER WAS RECORDED YESTERDAY.
  LIGHT RAIN
  FOG
  FOG W/VISIBILITY <= 1/4 MILE
  HAZE


RELATIVE HUMIDITY (PERCENT)
 HIGHEST   100           100 AM
 LOWEST     60           400 PM
 AVERAGE    80

..........................................................


THE MUSKEGON MI CLIMATE NORMALS FOR TODAY
                         NORMAL    RECORD    YEAR
 MAXIMUM TEMPERATURE (F)   30        52      1964
                                             1933
 MINIMUM TEMPERATURE (F)   20        -2      1920


SUNRISE AND SUNSET
JANUARY 22 2017.......SUNRISE   809 AM EST   SUNSET   544 PM EST
JANUARY 23 2017.......SUNRISE   808 AM EST   SUNSET   546 PM EST


-  INDICATES NEGATIVE NUMBERS.
R  INDICATES RECORD WAS SET OR TIED.
MM INDICATES DATA IS MISSING.
T  INDICATES TRACE AMOUNT.




$$
