000
CDUS43 KGRR 140527
CLIMKG


CLIMATE REPORT
NATIONAL WEATHER SERVICE GRAND RAPIDS, MI
127 AM EDT MON APR 14 2014


...................................

...THE MUSKEGON MI CLIMATE SUMMARY FOR APRIL 13 2014...

CLIMATE NORMAL PERIOD 1981 TO 2010
CLIMATE RECORD PERIOD 1895 TO 2014


WEATHER ITEM   OBSERVED TIME   RECORD YEAR NORMAL DEPARTURE LAST
                VALUE   (LST)  VALUE       VALUE  FROM      YEAR
                                                  NORMAL
..................................................................
TEMPERATURE (F)
 YESTERDAY
  MAXIMUM         64   1159 PM  74    1968  55      9       42
  MINIMUM         48    242 PM  12    1917  37     11       35
  AVERAGE         56                        46     10       39

PRECIPITATION (IN)
  YESTERDAY        0.78          0.96 1945   0.10   0.68     0.02
  MONTH TO DATE    1.38                      1.25   0.13     3.39
  SINCE MAR 1      3.05                      3.50  -0.45     4.64
  SINCE JAN 1      8.18                      7.36   0.82    14.08

SNOWFALL (IN)
  YESTERDAY        0.0           1.1  1962   0.1   -0.1       T
  MONTH TO DATE    T                         1.8   -1.8       T
  SINCE MAR 1      7.5                      10.8   -3.3      5.7
  SINCE JUL 1    131.1                      93.2   37.9     98.6
  SNOW DEPTH       0

DEGREE DAYS
 HEATING
  YESTERDAY        9                        19    -10       26
  MONTH TO DATE  279                       283     -4      342
  SINCE MAR 1   1467                      1213    254     1376
  SINCE JUL 1   6607                      5945    662     5798

 COOLING
  YESTERDAY        0                         0      0        0
  MONTH TO DATE    0                         0      0        0
  SINCE MAR 1      0                         0      0        0
  SINCE JAN 1      0                         0      0        0
..................................................................


WIND (MPH)
  RESULTANT WIND SPEED   2   RESULTANT WIND DIRECTION   S (200)
  HIGHEST WIND SPEED    28   HIGHEST WIND DIRECTION     S (190)
  HIGHEST GUST SPEED    38   HIGHEST GUST DIRECTION     S (180)
  AVERAGE WIND SPEED     6.7


SKY COVER
  AVERAGE SKY COVER 0.7


WEATHER CONDITIONS
 THE FOLLOWING WEATHER WAS RECORDED YESTERDAY.
  THUNDERSTORM
  HEAVY RAIN
  RAIN
  LIGHT RAIN
  FOG
  HAZE


RELATIVE HUMIDITY (PERCENT)
 HIGHEST    90          1100 PM
 LOWEST     71           400 PM
 AVERAGE    81

..........................................................


THE MUSKEGON MI CLIMATE NORMALS FOR TODAY
                         NORMAL    RECORD    YEAR
 MAXIMUM TEMPERATURE (F)   55        76      2003
 MINIMUM TEMPERATURE (F)   37        20      1953


SUNRISE AND SUNSET
APRIL 14 2014.........SUNRISE   705 AM EDT   SUNSET   827 PM EDT
APRIL 15 2014.........SUNRISE   703 AM EDT   SUNSET   828 PM EDT


-  INDICATES NEGATIVE NUMBERS.
R  INDICATES RECORD WAS SET OR TIED.
MM INDICATES DATA IS MISSING.
T  INDICATES TRACE AMOUNT.




$$
