000
CDUS43 KGRR 200516
CLIMKG


CLIMATE REPORT
NATIONAL WEATHER SERVICE GRAND RAPIDS, MI
115 AM EDT FRI OCT 20 2017


...................................

...THE MUSKEGON MI CLIMATE SUMMARY FOR OCTOBER 19 2017...

CLIMATE NORMAL PERIOD 1981 TO 2010
CLIMATE RECORD PERIOD 1896 TO 2017


WEATHER ITEM   OBSERVED TIME   RECORD YEAR NORMAL DEPARTURE LAST
                VALUE   (LST)  VALUE       VALUE  FROM      YEAR
                                                  NORMAL
..................................................................
TEMPERATURE (F)
 YESTERDAY
  MAXIMUM         63    333 PM  77    1971  58      5       67
                                      1910
  MINIMUM         46   1159 PM  22    1972  42      4       45
  AVERAGE         55                        50      5       56

PRECIPITATION (IN)
  YESTERDAY        0.00          1.25 1911   0.09  -0.09     0.00
                                      1906
  MONTH TO DATE    3.71                      1.89   1.82     2.48
  SINCE SEP 1      4.53                      5.78  -1.25     8.40
  SINCE JAN 1     25.69                     26.36  -0.67    33.55

SNOWFALL (IN)
  YESTERDAY        0.0           4.1  1989   0.0    0.0      0.0
  MONTH TO DATE    0.0                       0.0    0.0      0.0
  SINCE SEP 1      0.0                       0.0    0.0      0.0
  SINCE JUL 1      0.0                       0.0    0.0      0.0
  SNOW DEPTH       0

DEGREE DAYS
 HEATING
  YESTERDAY       10                        15     -5        9
  MONTH TO DATE  101                       240   -139      118
  SINCE SEP 1    193                       383   -190      143
  SINCE JUL 1    206                       413   -207      152

 COOLING
  YESTERDAY        0                         0      0        0
  MONTH TO DATE    8                         2      6        9
  SINCE SEP 1    119                        56     63      110
  SINCE JAN 1    613                       563     50      774
..................................................................


WIND (MPH)
  RESULTANT WIND SPEED   7   RESULTANT WIND DIRECTION   W (250)
  HIGHEST WIND SPEED    22   HIGHEST WIND DIRECTION    SW (210)
  HIGHEST GUST SPEED    29   HIGHEST GUST DIRECTION    SW (220)
  AVERAGE WIND SPEED     9.3


SKY COVER
  AVERAGE SKY COVER 0.4


WEATHER CONDITIONS
 THE FOLLOWING WEATHER WAS RECORDED YESTERDAY.
  NO SIGNIFICANT WEATHER WAS OBSERVED.


RELATIVE HUMIDITY (PERCENT)
 HIGHEST    86          1100 PM
 LOWEST     36           900 AM
 AVERAGE    61

..........................................................


THE MUSKEGON MI CLIMATE NORMALS FOR TODAY
                         NORMAL    RECORD    YEAR
 MAXIMUM TEMPERATURE (F)   57        80      1971
 MINIMUM TEMPERATURE (F)   41        24      1952


SUNRISE AND SUNSET
OCTOBER 20 2017.......SUNRISE   805 AM EDT   SUNSET   654 PM EDT
OCTOBER 21 2017.......SUNRISE   806 AM EDT   SUNSET   652 PM EDT


-  INDICATES NEGATIVE NUMBERS.
R  INDICATES RECORD WAS SET OR TIED.
MM INDICATES DATA IS MISSING.
T  INDICATES TRACE AMOUNT.




$$
