000
CDUS43 KGRR 282129
CLIMKG


CLIMATE REPORT
NATIONAL WEATHER SERVICE GRAND RAPIDS, MI
528 PM EDT FRI AUG 28 2015


...................................

...THE MUSKEGON MI CLIMATE SUMMARY FOR AUGUST 28 2015...
VALID TODAY AS OF 0500 PM LOCAL TIME.

CLIMATE NORMAL PERIOD 1981 TO 2010
CLIMATE RECORD PERIOD 1896 TO 2015


WEATHER ITEM   OBSERVED TIME   RECORD YEAR NORMAL DEPARTURE LAST
                VALUE   (LST)  VALUE       VALUE  FROM      YEAR
                                                  NORMAL
..................................................................
TEMPERATURE (F)
 TODAY
  MAXIMUM         75    135 PM  91    1953  77     -2       76
                                      1899
  MINIMUM         53    259 AM  40    1941  59     -6       52
                                      1929
  AVERAGE         64                        68     -4       64

PRECIPITATION (IN)
  TODAY            0.00          1.14 2004   0.12  -0.12     0.00
  MONTH TO DATE    1.97                      3.04  -1.07     1.92
  SINCE JUN 1     10.32                      7.96   2.36    12.67
  SINCE JAN 1     22.75                     20.23   2.52    25.97

SNOWFALL (IN)
  TODAY            0.0          MM      MM   0.0    0.0      0.0
  MONTH TO DATE    0.0                       0.0    0.0      0.0
  SINCE JUN 1      0.0                       0.0    0.0      0.0
  SINCE JUL 1      0.0                       0.0    0.0      0.0
  SNOW DEPTH       0

DEGREE DAYS
 HEATING
  TODAY            1                         1      0        1
  MONTH TO DATE   17                        11      6       18
  SINCE JUN 1     65                        88    -23       80
  SINCE JUL 1     32                        22     10       49

 COOLING
  TODAY            0                         4     -4        0
  MONTH TO DATE  168                       155     13      147
  SINCE JUN 1    408                       462    -54      356
  SINCE JAN 1    447                       491    -44      373
..................................................................


WIND (MPH)
  RESULTANT WIND SPEED   4   RESULTANT WIND DIRECTION   S (170)
  HIGHEST WIND SPEED     9   HIGHEST WIND DIRECTION    SW (240)
  HIGHEST GUST SPEED    12   HIGHEST GUST DIRECTION    SW (210)
  AVERAGE WIND SPEED     5.6


SKY COVER
  AVERAGE SKY COVER 0.5


WEATHER CONDITIONS
 THE FOLLOWING WEATHER WAS RECORDED TODAY.
  FOG


RELATIVE HUMIDITY (PERCENT)
 HIGHEST    93          1200 AM
 LOWEST     61           100 PM
 AVERAGE    77

..........................................................


THE MUSKEGON MI CLIMATE NORMALS FOR TOMORROW
                         NORMAL    RECORD    YEAR
 MAXIMUM TEMPERATURE (F)   77        94      1953
 MINIMUM TEMPERATURE (F)   59        38      1982


SUNRISE AND SUNSET
AUGUST 28 2015........SUNRISE   704 AM EDT   SUNSET   827 PM EDT
AUGUST 29 2015........SUNRISE   706 AM EDT   SUNSET   825 PM EDT


-  INDICATES NEGATIVE NUMBERS.
R  INDICATES RECORD WAS SET OR TIED.
MM INDICATES DATA IS MISSING.
T  INDICATES TRACE AMOUNT.




$$

JAM
