000
CDUS43 KGRR 300522
CLIMKG


CLIMATE REPORT
NATIONAL WEATHER SERVICE GRAND RAPIDS, MI
120 AM EDT TUE SEP 30 2014


...................................

...THE MUSKEGON MI CLIMATE SUMMARY FOR SEPTEMBER 29 2014...

CLIMATE NORMAL PERIOD 1981 TO 2010
CLIMATE RECORD PERIOD 1896 TO 2014


WEATHER ITEM   OBSERVED TIME   RECORD YEAR NORMAL DEPARTURE LAST
                VALUE   (LST)  VALUE       VALUE  FROM      YEAR
                                                  NORMAL
..................................................................
TEMPERATURE (F)
 YESTERDAY
  MAXIMUM         73    231 PM  92    1953  66      7       73
  MINIMUM         49   1159 PM  31    1991  48      1       52
  AVERAGE         61                        57      4       63

PRECIPITATION (IN)
  YESTERDAY        0.06          2.28 1906   0.12  -0.06     0.42
  MONTH TO DATE    3.20                      3.76  -0.56     1.95
  SINCE SEP 1      3.20                      3.76  -0.56     1.95
  SINCE JAN 1     29.81                     24.34   5.47    33.20

SNOWFALL (IN)
  YESTERDAY        0.0          MM      MM   0.0    0.0      0.0
  MONTH TO DATE    0.0                       0.0    0.0      0.0
  SINCE SEP 1      0.0                       0.0    0.0      0.0
  SINCE JUL 1      0.0                       0.0    0.0      0.0
  SNOW DEPTH       0

DEGREE DAYS
 HEATING
  YESTERDAY        4                         9     -5        2
  MONTH TO DATE  143                       134      9      100
  SINCE SEP 1    143                       134      9      100
  SINCE JUL 1    192                       164     28      135

 COOLING
  YESTERDAY        0                         1     -1        0
  MONTH TO DATE   46                        56    -10       77
  SINCE SEP 1     46                        56    -10       77
  SINCE JAN 1    442                       563   -121      616
..................................................................


WIND (MPH)
  RESULTANT WIND SPEED   3   RESULTANT WIND DIRECTION   W (270)
  HIGHEST WIND SPEED    20   HIGHEST WIND DIRECTION     N (10)
  HIGHEST GUST SPEED    27   HIGHEST GUST DIRECTION     N (10)
  AVERAGE WIND SPEED     7.3


SKY COVER
  AVERAGE SKY COVER 0.5


WEATHER CONDITIONS
 THE FOLLOWING WEATHER WAS RECORDED YESTERDAY.
  RAIN
  LIGHT RAIN
  FOG
  FOG W/VISIBILITY <= 1/4 MILE
  HAZE


RELATIVE HUMIDITY (PERCENT)
 HIGHEST    96           100 AM
 LOWEST     61          1100 AM
 AVERAGE    79

..........................................................


THE MUSKEGON MI CLIMATE NORMALS FOR TODAY
                         NORMAL    RECORD    YEAR
 MAXIMUM TEMPERATURE (F)   65        86      1905
 MINIMUM TEMPERATURE (F)   47        28      1984


SUNRISE AND SUNSET
SEPTEMBER 30 2014.....SUNRISE   741 AM EDT   SUNSET   728 PM EDT
OCTOBER  1 2014.......SUNRISE   742 AM EDT   SUNSET   726 PM EDT


-  INDICATES NEGATIVE NUMBERS.
R  INDICATES RECORD WAS SET OR TIED.
MM INDICATES DATA IS MISSING.
T  INDICATES TRACE AMOUNT.




$$
