000
CDUS43 KGRR 130515
CLIMKG


CLIMATE REPORT
NATIONAL WEATHER SERVICE GRAND RAPIDS, MI
113 AM EDT SUN JUL 13 2014


...................................

...THE MUSKEGON MI CLIMATE SUMMARY FOR JULY 12 2014...

CLIMATE NORMAL PERIOD 1981 TO 2010
CLIMATE RECORD PERIOD 1895 TO 2014


WEATHER ITEM   OBSERVED TIME   RECORD YEAR NORMAL DEPARTURE LAST
                VALUE   (LST)  VALUE       VALUE  FROM      YEAR
                                                  NORMAL
..................................................................
TEMPERATURE (F)
 YESTERDAY
  MAXIMUM         78   1047 AM  92    1930  81     -3       83
  MINIMUM         62    453 AM  45    1978  62      0       57
  AVERAGE         70                        71     -1       70

PRECIPITATION (IN)
  YESTERDAY        1.51R         1.13 1922   0.07   1.44     0.00
  MONTH TO DATE    2.21                      0.86   1.35     0.60
  SINCE JUN 1      9.23                      3.41   5.82     4.93
  SINCE JAN 1     22.53                     15.68   6.85    27.62

SNOWFALL (IN)
  YESTERDAY        0.0          MM      MM   0.0    0.0      0.0
  MONTH TO DATE    0.0                       0.0    0.0      0.0
  SINCE JUN 1      0.0                       0.0    0.0      0.0
  SINCE JUL 1      0.0                       0.0    0.0      0.0
  SNOW DEPTH       0

DEGREE DAYS
 HEATING
  YESTERDAY        0                         0      0        0
  MONTH TO DATE    3                         4     -1        2
  SINCE JUN 1     34                        70    -36       54
  SINCE JUL 1      3                         4     -1        2

 COOLING
  YESTERDAY        5                         7     -2        5
  MONTH TO DATE   30                        75    -45       69
  SINCE JUN 1    165                       180    -15      169
  SINCE JAN 1    182                       209    -27      229
..................................................................


WIND (MPH)
  RESULTANT WIND SPEED   7   RESULTANT WIND DIRECTION   S (180)
  HIGHEST WIND SPEED    17   HIGHEST WIND DIRECTION     S (190)
  HIGHEST GUST SPEED    24   HIGHEST GUST DIRECTION     S (180)
  AVERAGE WIND SPEED     7.5


SKY COVER
  AVERAGE SKY COVER 0.8


WEATHER CONDITIONS
 THE FOLLOWING WEATHER WAS RECORDED YESTERDAY.
  THUNDERSTORM
  HEAVY RAIN
  RAIN
  LIGHT RAIN
  FOG
  HAZE


RELATIVE HUMIDITY (PERCENT)
 HIGHEST    93           900 PM
 LOWEST     60          1100 AM
 AVERAGE    77

..........................................................


THE MUSKEGON MI CLIMATE NORMALS FOR TODAY
                         NORMAL    RECORD    YEAR
 MAXIMUM TEMPERATURE (F)   81        93      1995
 MINIMUM TEMPERATURE (F)   62        45      1940
                                             1929


SUNRISE AND SUNSET
JULY 13 2014..........SUNRISE   617 AM EDT   SUNSET   924 PM EDT
JULY 14 2014..........SUNRISE   618 AM EDT   SUNSET   923 PM EDT


-  INDICATES NEGATIVE NUMBERS.
R  INDICATES RECORD WAS SET OR TIED.
MM INDICATES DATA IS MISSING.
T  INDICATES TRACE AMOUNT.




$$
