000
CDUS43 KGRR 100520
CLIMKG


CLIMATE REPORT
NATIONAL WEATHER SERVICE GRAND RAPIDS, MI
1219 AM EST WED FEB 10 2016


...................................

...THE MUSKEGON MI CLIMATE SUMMARY FOR FEBRUARY 9 2016...

CLIMATE NORMAL PERIOD 1981 TO 2010
CLIMATE RECORD PERIOD 1896 TO 2016


WEATHER ITEM   OBSERVED TIME   RECORD YEAR NORMAL DEPARTURE LAST
                VALUE   (LST)  VALUE       VALUE  FROM      YEAR
                                                  NORMAL
..................................................................
TEMPERATURE (F)
 YESTERDAY
  MAXIMUM         32   1220 AM  53    1925  32      0       31
  MINIMUM         20   1159 PM -16    1934  20      0       18
  AVERAGE         26                        26      0       25

PRECIPITATION (IN)
  YESTERDAY        T             1.36 2001   0.06  -0.06     0.00
  MONTH TO DATE    1.31                      0.52   0.79     0.56
  SINCE DEC 1      8.67                      5.10   3.57     4.00
  SINCE JAN 1      3.77                      2.55   1.22     2.28

SNOWFALL (IN)
  YESTERDAY        T             6.7  2010   0.7   -0.7      0.0
  MONTH TO DATE    0.6                       7.0   -6.4      7.8
  SINCE DEC 1     42.7                      63.9  -21.2     41.7
  SINCE JUL 1     46.6                      70.1  -23.5     66.2
  SNOW DEPTH       T

DEGREE DAYS
 HEATING
  YESTERDAY       39                        39      0       40
  MONTH TO DATE  297                       355    -58      379
  SINCE DEC 1   2237                      2660   -423     2653
  SINCE JUL 1   3304                      4027   -723     4136

 COOLING
  YESTERDAY        0                         0      0        0
  MONTH TO DATE    0                         0      0        0
  SINCE DEC 1      0                         0      0        0
  SINCE JAN 1      0                         0      0        0
..................................................................


WIND (MPH)
  RESULTANT WIND SPEED  15   RESULTANT WIND DIRECTION  NW (330)
  HIGHEST WIND SPEED    22   HIGHEST WIND DIRECTION    NW (330)
  HIGHEST GUST SPEED    27   HIGHEST GUST DIRECTION    NW (320)
  AVERAGE WIND SPEED    15.5


SKY COVER
  AVERAGE SKY COVER 1.0


WEATHER CONDITIONS
 THE FOLLOWING WEATHER WAS RECORDED YESTERDAY.
  LIGHT SNOW


RELATIVE HUMIDITY (PERCENT)
 HIGHEST    82          1200 AM
 LOWEST     63          1200 PM
 AVERAGE    73

..........................................................


THE MUSKEGON MI CLIMATE NORMALS FOR TODAY
                         NORMAL    RECORD    YEAR
 MAXIMUM TEMPERATURE (F)   32        54      1966
 MINIMUM TEMPERATURE (F)   20       -22      1912


SUNRISE AND SUNSET
FEBRUARY 10 2016......SUNRISE   750 AM EST   SUNSET   609 PM EST
FEBRUARY 11 2016......SUNRISE   749 AM EST   SUNSET   610 PM EST


-  INDICATES NEGATIVE NUMBERS.
R  INDICATES RECORD WAS SET OR TIED.
MM INDICATES DATA IS MISSING.
T  INDICATES TRACE AMOUNT.




$$

63
