000
CDUS43 KGRR 252126
CLIMKG


CLIMATE REPORT
NATIONAL WEATHER SERVICE GRAND RAPIDS, MI
525 PM EDT THU AUG 25 2016


...................................

...THE MUSKEGON MI CLIMATE SUMMARY FOR AUGUST 25 2016...
VALID TODAY AS OF 0500 PM LOCAL TIME.

CLIMATE NORMAL PERIOD 1981 TO 2010
CLIMATE RECORD PERIOD 1896 TO 2016


WEATHER ITEM   OBSERVED TIME   RECORD YEAR NORMAL DEPARTURE LAST
                VALUE   (LST)  VALUE       VALUE  FROM      YEAR
                                                  NORMAL
..................................................................
TEMPERATURE (F)
 TODAY
  MAXIMUM         80    147 PM  90    1948  78      2       62
  MINIMUM         71    652 AM  43    1977  60     11       56
  AVERAGE         76                        69      7       59

PRECIPITATION (IN)
  TODAY            0.87          1.83 1940   0.11   0.76     0.08
  MONTH TO DATE    2.70                      2.70   0.00     1.96
  SINCE JUN 1     11.06                      7.62   3.44    10.31
  SINCE JAN 1     24.99                     19.89   5.10    22.74

SNOWFALL (IN)
  TODAY            0.0          MM      MM   0.0    0.0      0.0
  MONTH TO DATE    0.0                       0.0    0.0      0.0
  SINCE JUN 1      0.0                       0.0    0.0      0.0
  SINCE JUL 1      0.0                       0.0    0.0      0.0
  SNOW DEPTH       0

DEGREE DAYS
 HEATING
  TODAY            0                         1     -1        6
  MONTH TO DATE    0                         8     -8        9
  SINCE JUN 1     47                        85    -38       57
  SINCE JUL 1      9                        19    -10       24

 COOLING
  TODAY           11                         5      6        0
  MONTH TO DATE  219                       142     77      168
  SINCE JUN 1    577                       449    128      408
  SINCE JAN 1    621                       478    143      447
..................................................................


WIND (MPH)
  RESULTANT WIND SPEED   5   RESULTANT WIND DIRECTION   W (280)
  HIGHEST WIND SPEED    14   HIGHEST WIND DIRECTION     W (280)
  HIGHEST GUST SPEED    17   HIGHEST GUST DIRECTION     W (290)
  AVERAGE WIND SPEED     6.4


SKY COVER
  AVERAGE SKY COVER 0.8


WEATHER CONDITIONS
 THE FOLLOWING WEATHER WAS RECORDED TODAY.
  THUNDERSTORM
  HEAVY RAIN
  RAIN
  LIGHT RAIN
  FOG


RELATIVE HUMIDITY (PERCENT)
 HIGHEST    94          1200 AM
 LOWEST     62           100 PM
 AVERAGE    78

..........................................................


THE MUSKEGON MI CLIMATE NORMALS FOR TOMORROW
                         NORMAL    RECORD    YEAR
 MAXIMUM TEMPERATURE (F)   78        91      1948
 MINIMUM TEMPERATURE (F)   60        44      1945


SUNRISE AND SUNSET
AUGUST 25 2016........SUNRISE   702 AM EDT   SUNSET   831 PM EDT
AUGUST 26 2016........SUNRISE   703 AM EDT   SUNSET   829 PM EDT


-  INDICATES NEGATIVE NUMBERS.
R  INDICATES RECORD WAS SET OR TIED.
MM INDICATES DATA IS MISSING.
T  INDICATES TRACE AMOUNT.




$$

JAM
