413
CDUS43 KGRR 260517
CLIMKG


CLIMATE REPORT
NATIONAL WEATHER SERVICE GRAND RAPIDS, MI
1217 AM EST SUN FEB 26 2017


...................................

...THE MUSKEGON MI CLIMATE SUMMARY FOR FEBRUARY 25 2017...

CLIMATE NORMAL PERIOD 1981 TO 2010
CLIMATE RECORD PERIOD 1896 TO 2017


WEATHER ITEM   OBSERVED TIME   RECORD YEAR NORMAL DEPARTURE LAST
                VALUE   (LST)  VALUE       VALUE  FROM      YEAR
                                                  NORMAL
..................................................................
TEMPERATURE (F)
 YESTERDAY
  MAXIMUM         37   1217 AM  60    2000  36      1       34
  MINIMUM         24    652 PM -10    1904  23      1       29
  AVERAGE         31                        29      2       32

PRECIPITATION (IN)
  YESTERDAY        0.10          1.39 1957   0.08   0.02     0.09
  MONTH TO DATE    1.56                      1.61  -0.05     1.67
  SINCE DEC 1      6.81                      6.19   0.62     9.03
  SINCE JAN 1      4.59                      3.64   0.95     4.13

SNOWFALL (IN)
  YESTERDAY        2.8           9.0  1935   0.6    2.2      1.6
  MONTH TO DATE    3.1                      17.8  -14.7      8.5
  SINCE DEC 1     40.9                      74.7  -33.8     50.6
  SINCE JUL 1     41.9                      80.9  -39.0     54.5
  SNOW DEPTH       1

DEGREE DAYS
 HEATING
  YESTERDAY       34                        36     -2       33
  MONTH TO DATE  745                       955   -210      896
  SINCE DEC 1   2883                      3260   -377     2836
  SINCE JUL 1   3788                      4627   -839     3903

 COOLING
  YESTERDAY        0                         0      0        0
  MONTH TO DATE    0                         0      0        0
  SINCE DEC 1      0                         0      0        0
  SINCE JAN 1      0                         0      0        0
..................................................................


WIND (MPH)
  RESULTANT WIND SPEED  14   RESULTANT WIND DIRECTION   W (290)
  HIGHEST WIND SPEED    22   HIGHEST WIND DIRECTION     W (290)
  HIGHEST GUST SPEED    31   HIGHEST GUST DIRECTION     W (280)
  AVERAGE WIND SPEED    14.3


SKY COVER
  AVERAGE SKY COVER 1.0


WEATHER CONDITIONS
 THE FOLLOWING WEATHER WAS RECORDED YESTERDAY.
  LT FREEZING RAIN
  SNOW
  LIGHT SNOW
  FOG


RELATIVE HUMIDITY (PERCENT)
 HIGHEST    92          1200 AM
 LOWEST     62           300 PM
 AVERAGE    77

..........................................................


THE MUSKEGON MI CLIMATE NORMALS FOR TODAY
                         NORMAL    RECORD    YEAR
 MAXIMUM TEMPERATURE (F)   36        66      2000
 MINIMUM TEMPERATURE (F)   23       -12      1963


SUNRISE AND SUNSET
FEBRUARY 26 2017......SUNRISE   725 AM EST   SUNSET   631 PM EST
FEBRUARY 27 2017......SUNRISE   724 AM EST   SUNSET   632 PM EST


-  INDICATES NEGATIVE NUMBERS.
R  INDICATES RECORD WAS SET OR TIED.
MM INDICATES DATA IS MISSING.
T  INDICATES TRACE AMOUNT.




$$
