000
CDUS43 KGRR 132226
CLIMKG


CLIMATE REPORT
NATIONAL WEATHER SERVICE GRAND RAPIDS, MI
525 PM EST SAT FEB 13 2016


...................................

...THE MUSKEGON MI CLIMATE SUMMARY FOR FEBRUARY 13 2016...
VALID TODAY AS OF 0500 PM LOCAL TIME.

CLIMATE NORMAL PERIOD 1981 TO 2010
CLIMATE RECORD PERIOD 1896 TO 2016


WEATHER ITEM   OBSERVED TIME   RECORD YEAR NORMAL DEPARTURE LAST
                VALUE   (LST)  VALUE       VALUE  FROM      YEAR
                                                  NORMAL
..................................................................
TEMPERATURE (F)
 TODAY
  MAXIMUM         15    239 PM  51    1984  33    -18       26
  MINIMUM          8   1249 AM -22    1899  21    -13       13
  AVERAGE         12                        27    -15       20

PRECIPITATION (IN)
  TODAY            0.06          1.63 1938   0.07  -0.01     0.07
  MONTH TO DATE    1.41                      0.78   0.63     0.71
  SINCE DEC 1      8.77                      5.36   3.41     4.15
  SINCE JAN 1      3.87                      2.81   1.06     2.43

SNOWFALL (IN)
  TODAY            1.9           4.0  1936   0.7    1.2      2.2
                                      1917
  MONTH TO DATE    3.1                       9.9   -6.8     11.2
  SINCE DEC 1     45.2                      66.8  -21.6     45.1
  SINCE JUL 1     49.1                      73.0  -23.9     69.6
  SNOW DEPTH       2

DEGREE DAYS
 HEATING
  TODAY           53                        38     15       45
  MONTH TO DATE  492                       510    -18      556
  SINCE DEC 1   2432                      2815   -383     2830
  SINCE JUL 1   3499                      4182   -683     4313

 COOLING
  TODAY            0                         0      0        0
  MONTH TO DATE    0                         0      0        0
  SINCE DEC 1      0                         0      0        0
  SINCE JAN 1      0                         0      0        0
..................................................................


WIND (MPH)
  RESULTANT WIND SPEED  11   RESULTANT WIND DIRECTION   N (340)
  HIGHEST WIND SPEED    17   HIGHEST WIND DIRECTION    NW (320)
  HIGHEST GUST SPEED    22   HIGHEST GUST DIRECTION     N (350)
  AVERAGE WIND SPEED    11.4


SKY COVER
  AVERAGE SKY COVER 1.0


WEATHER CONDITIONS
 THE FOLLOWING WEATHER WAS RECORDED TODAY.
  SNOW
  LIGHT SNOW
  HAZE


RELATIVE HUMIDITY (PERCENT)
 HIGHEST    76           600 AM
 LOWEST     64           400 PM
 AVERAGE    70

..........................................................


THE MUSKEGON MI CLIMATE NORMALS FOR TOMORROW
                         NORMAL    RECORD    YEAR
 MAXIMUM TEMPERATURE (F)   33        56      1954
 MINIMUM TEMPERATURE (F)   21       -11      1902


SUNRISE AND SUNSET
FEBRUARY 13 2016......SUNRISE   746 AM EST   SUNSET   613 PM EST
FEBRUARY 14 2016......SUNRISE   745 AM EST   SUNSET   614 PM EST


-  INDICATES NEGATIVE NUMBERS.
R  INDICATES RECORD WAS SET OR TIED.
MM INDICATES DATA IS MISSING.
T  INDICATES TRACE AMOUNT.




$$
