000
CDUS43 KGRR 300530
CLIMKG


CLIMATE REPORT
NATIONAL WEATHER SERVICE GRAND RAPIDS, MI
128 AM EDT WED JUL 30 2014


...................................

...THE MUSKEGON MI CLIMATE SUMMARY FOR JULY 29 2014...

CLIMATE NORMAL PERIOD 1981 TO 2010
CLIMATE RECORD PERIOD 1895 TO 2014


WEATHER ITEM   OBSERVED TIME   RECORD YEAR NORMAL DEPARTURE LAST
                VALUE   (LST)  VALUE       VALUE  FROM      YEAR
                                                  NORMAL
..................................................................
TEMPERATURE (F)
 YESTERDAY
  MAXIMUM         71        MM  95    1916  80     -9       68
  MINIMUM         50        MM  48    1971  62    -12       54
                                      1956
                                      1952
  AVERAGE         61                        71    -10       61

PRECIPITATION (IN)
  YESTERDAY        T             3.75 1905   0.08  -0.08      T
  MONTH TO DATE    3.73                      2.19   1.54     2.14
  SINCE JUN 1     10.75                      4.74   6.01     6.47
  SINCE JAN 1     24.05                     17.01   7.04    29.16

SNOWFALL (IN)
  YESTERDAY        0.0          MM      MM   0.0    0.0      0.0
  MONTH TO DATE    0.0                       0.0    0.0      0.0
  SINCE JUN 1      0.0                       0.0    0.0      0.0
  SINCE JUL 1      0.0                       0.0    0.0      0.0
  SNOW DEPTH       0

DEGREE DAYS
 HEATING
  YESTERDAY        4                         0      4        4
  MONTH TO DATE   27                         4     23       16
  SINCE JUN 1     58                        70    -12       68
  SINCE JUL 1     27                         4     23       16

 COOLING
  YESTERDAY        0                         7     -7        0
  MONTH TO DATE   74                       194   -120      215
  SINCE JUN 1    209                       299    -90      315
  SINCE JAN 1    226                       328   -102      375
..................................................................


WIND (MPH)
  RESULTANT WIND SPEED   4   RESULTANT WIND DIRECTION   W (270)
  HIGHEST WIND SPEED    12   HIGHEST WIND DIRECTION     W (290)
  HIGHEST GUST SPEED    MM   HIGHEST GUST DIRECTION    MM
  AVERAGE WIND SPEED     5.2


SKY COVER
  AVERAGE SKY COVER 0.0


WEATHER CONDITIONS
 THE FOLLOWING WEATHER WAS RECORDED YESTERDAY.
  NO SIGNIFICANT WEATHER WAS OBSERVED.


RELATIVE HUMIDITY (PERCENT)
 HIGHEST    MM
 LOWEST     MM
 AVERAGE    MM

..........................................................


THE MUSKEGON MI CLIMATE NORMALS FOR TODAY
                         NORMAL    RECORD    YEAR
 MAXIMUM TEMPERATURE (F)   80        99      1913
 MINIMUM TEMPERATURE (F)   62        46      1956


SUNRISE AND SUNSET
JULY 30 2014..........SUNRISE   633 AM EDT   SUNSET   909 PM EDT
JULY 31 2014..........SUNRISE   634 AM EDT   SUNSET   908 PM EDT


-  INDICATES NEGATIVE NUMBERS.
R  INDICATES RECORD WAS SET OR TIED.
MM INDICATES DATA IS MISSING.
T  INDICATES TRACE AMOUNT.




$$
