000
CDUS43 KGRR 230528
CLIMKG


CLIMATE REPORT
NATIONAL WEATHER SERVICE GRAND RAPIDS, MI
1228 AM EST MON JAN 23 2017


...................................

...THE MUSKEGON MI CLIMATE SUMMARY FOR JANUARY 22 2017...

CLIMATE NORMAL PERIOD 1981 TO 2010
CLIMATE RECORD PERIOD 1896 TO 2017


WEATHER ITEM   OBSERVED TIME   RECORD YEAR NORMAL DEPARTURE LAST
                VALUE   (LST)  VALUE       VALUE  FROM      YEAR
                                                  NORMAL
..................................................................
TEMPERATURE (F)
 YESTERDAY
  MAXIMUM         48    256 PM  52    1964  30     18       31
                                      1933
  MINIMUM         36   1222 AM  -2    1920  20     16       20
  AVERAGE         42                        25     17       26

PRECIPITATION (IN)
  YESTERDAY        0.00          1.36 1909   0.06  -0.06      T
  MONTH TO DATE    2.53                      1.49   1.04     2.15
  SINCE DEC 1      4.75                      4.04   0.71     7.05
  SINCE JAN 1      2.53                      1.49   1.04     2.15

SNOWFALL (IN)
  YESTERDAY        0.0          10.7  2011   0.9   -0.9       T
  MONTH TO DATE   11.8                      19.8   -8.0     35.9
  SINCE DEC 1     32.2                      48.7  -16.5     40.8
  SINCE JUL 1     33.2                      54.9  -21.7     44.7
  SNOW DEPTH       0

DEGREE DAYS
 HEATING
  YESTERDAY       23                        40    -17       39
  MONTH TO DATE  787                       867    -80      871
  SINCE DEC 1   1847                      1946    -99     1644
  SINCE JUL 1   2752                      3313   -561     2711

 COOLING
  YESTERDAY        0                         0      0        0
  MONTH TO DATE    0                         0      0        0
  SINCE DEC 1      0                         0      0        0
  SINCE JAN 1      0                         0      0        0
..................................................................


WIND (MPH)
  RESULTANT WIND SPEED   1   RESULTANT WIND DIRECTION   N (340)
  HIGHEST WIND SPEED     9   HIGHEST WIND DIRECTION    NW (310)
  HIGHEST GUST SPEED    12   HIGHEST GUST DIRECTION     W (290)
  AVERAGE WIND SPEED     2.4


SKY COVER
  AVERAGE SKY COVER 1.0


WEATHER CONDITIONS
 THE FOLLOWING WEATHER WAS RECORDED YESTERDAY.
  FOG
  FOG W/VISIBILITY <= 1/4 MILE


RELATIVE HUMIDITY (PERCENT)
 HIGHEST   100           100 AM
 LOWEST     71           300 PM
 AVERAGE    86

..........................................................


THE MUSKEGON MI CLIMATE NORMALS FOR TODAY
                         NORMAL    RECORD    YEAR
 MAXIMUM TEMPERATURE (F)   30        55      1909
 MINIMUM TEMPERATURE (F)   20       -13      1948


SUNRISE AND SUNSET
JANUARY 23 2017.......SUNRISE   808 AM EST   SUNSET   546 PM EST
JANUARY 24 2017.......SUNRISE   808 AM EST   SUNSET   547 PM EST


-  INDICATES NEGATIVE NUMBERS.
R  INDICATES RECORD WAS SET OR TIED.
MM INDICATES DATA IS MISSING.
T  INDICATES TRACE AMOUNT.




$$
