000
CDUS43 KGRR 260519
CLIMKG


CLIMATE REPORT
NATIONAL WEATHER SERVICE GRAND RAPIDS, MI
118 AM EDT SAT JUL 26 2014


...................................

...THE MUSKEGON MI CLIMATE SUMMARY FOR JULY 25 2014...

CLIMATE NORMAL PERIOD 1981 TO 2010
CLIMATE RECORD PERIOD 1895 TO 2014


WEATHER ITEM   OBSERVED TIME   RECORD YEAR NORMAL DEPARTURE LAST
                VALUE   (LST)  VALUE       VALUE  FROM      YEAR
                                                  NORMAL
..................................................................
TEMPERATURE (F)
 YESTERDAY
  MAXIMUM         74    339 PM  94    1940  80     -6       76
  MINIMUM         52    228 AM  47    1920  62    -10       50
  AVERAGE         63                        71     -8       63

PRECIPITATION (IN)
  YESTERDAY        0.00          1.52 1985   0.09  -0.09     0.00
  MONTH TO DATE    3.70                      1.85   1.85     0.63
  SINCE JUN 1     10.72                      4.40   6.32     4.96
  SINCE JAN 1     24.02                     16.67   7.35    27.65

SNOWFALL (IN)
  YESTERDAY        0.0          MM      MM   0.0    0.0      0.0
  MONTH TO DATE    0.0                       0.0    0.0      0.0
  SINCE JUN 1      0.0                       0.0    0.0      0.0
  SINCE JUL 1      0.0                       0.0    0.0      0.0
  SNOW DEPTH       0

DEGREE DAYS
 HEATING
  YESTERDAY        2                         0      2        2
  MONTH TO DATE   18                         4     14        6
  SINCE JUN 1     49                        70    -21       58
  SINCE JUL 1     18                         4     14        6

 COOLING
  YESTERDAY        0                         7     -7        0
  MONTH TO DATE   63                       166   -103      213
  SINCE JUN 1    198                       271    -73      313
  SINCE JAN 1    215                       300    -85      373
..................................................................


WIND (MPH)
  RESULTANT WIND SPEED   6   RESULTANT WIND DIRECTION   S (190)
  HIGHEST WIND SPEED    16   HIGHEST WIND DIRECTION    SW (210)
  HIGHEST GUST SPEED    21   HIGHEST GUST DIRECTION    SW (210)
  AVERAGE WIND SPEED     7.5


SKY COVER
  AVERAGE SKY COVER 0.6


WEATHER CONDITIONS
 THE FOLLOWING WEATHER WAS RECORDED YESTERDAY.
  NO SIGNIFICANT WEATHER WAS OBSERVED.


RELATIVE HUMIDITY (PERCENT)
 HIGHEST    83           100 AM
 LOWEST     53           300 PM
 AVERAGE    68

..........................................................


THE MUSKEGON MI CLIMATE NORMALS FOR TODAY
                         NORMAL    RECORD    YEAR
 MAXIMUM TEMPERATURE (F)   80        93      1955
                                             1917
 MINIMUM TEMPERATURE (F)   62        47      1946


SUNRISE AND SUNSET
JULY 26 2014..........SUNRISE   629 AM EDT   SUNSET   913 PM EDT
JULY 27 2014..........SUNRISE   630 AM EDT   SUNSET   912 PM EDT


-  INDICATES NEGATIVE NUMBERS.
R  INDICATES RECORD WAS SET OR TIED.
MM INDICATES DATA IS MISSING.
T  INDICATES TRACE AMOUNT.




$$
