444
CDUS43 KGRR 230533
CLIMKG


CLIMATE REPORT
NATIONAL WEATHER SERVICE GRAND RAPIDS, MI
131 AM EDT SAT SEP 23 2017


...................................

...THE MUSKEGON MI CLIMATE SUMMARY FOR SEPTEMBER 22 2017...

CLIMATE NORMAL PERIOD 1981 TO 2010
CLIMATE RECORD PERIOD 1896 TO 2017


WEATHER ITEM   OBSERVED TIME   RECORD YEAR NORMAL DEPARTURE LAST
                VALUE   (LST)  VALUE       VALUE  FROM      YEAR
                                                  NORMAL
..................................................................
TEMPERATURE (F)
 YESTERDAY
  MAXIMUM         90R   317 PM  86    1946  69     21       79
  MINIMUM         68    642 AM  31    1976  50     18       64
  AVERAGE         79                        60     19       72

PRECIPITATION (IN)
  YESTERDAY        0.00          2.62 1988   0.13  -0.13      T
  MONTH TO DATE    0.79                      2.85  -2.06     5.18
  SINCE SEP 1      0.79                      2.85  -2.06     5.18
  SINCE JAN 1     21.95                     23.43  -1.48    30.33

SNOWFALL (IN)
  YESTERDAY        0.0           T    1983   0.0    0.0      0.0
                                      1949
  MONTH TO DATE    0.0                       0.0    0.0      0.0
  SINCE SEP 1      0.0                       0.0    0.0      0.0
  SINCE JUL 1      0.0                       0.0    0.0      0.0
  SNOW DEPTH       0

DEGREE DAYS
 HEATING
  YESTERDAY        0                         6     -6        0
  MONTH TO DATE   68                        79    -11        4
  SINCE SEP 1     68                        79    -11        4
  SINCE JUL 1     81                       109    -28       13

 COOLING
  YESTERDAY       14                         1     13        7
  MONTH TO DATE   63                        49     14       99
  SINCE SEP 1     63                        49     14       99
  SINCE JAN 1    557                       556      1      763
..................................................................


WIND (MPH)
  RESULTANT WIND SPEED   4   RESULTANT WIND DIRECTION   S (190)
  HIGHEST WIND SPEED    12   HIGHEST WIND DIRECTION    SW (230)
  HIGHEST GUST SPEED    15   HIGHEST GUST DIRECTION     S (200)
  AVERAGE WIND SPEED     4.8


SKY COVER
  AVERAGE SKY COVER 0.2


WEATHER CONDITIONS
 THE FOLLOWING WEATHER WAS RECORDED YESTERDAY.
  NO SIGNIFICANT WEATHER WAS OBSERVED.


RELATIVE HUMIDITY (PERCENT)
 HIGHEST    84           400 AM
 LOWEST     46           500 PM
 AVERAGE    65

..........................................................


THE MUSKEGON MI CLIMATE NORMALS FOR TODAY
                         NORMAL    RECORD    YEAR
 MAXIMUM TEMPERATURE (F)   68        85      2010
 MINIMUM TEMPERATURE (F)   50        31      1896


SUNRISE AND SUNSET
SEPTEMBER 23 2017.....SUNRISE   734 AM EDT   SUNSET   740 PM EDT
SEPTEMBER 24 2017.....SUNRISE   735 AM EDT   SUNSET   738 PM EDT


-  INDICATES NEGATIVE NUMBERS.
R  INDICATES RECORD WAS SET OR TIED.
MM INDICATES DATA IS MISSING.
T  INDICATES TRACE AMOUNT.




$$
