000
CDUS43 KGRR 280519
CLIMKG


CLIMATE REPORT
NATIONAL WEATHER SERVICE GRAND RAPIDS, MI
119 AM EDT SAT MAY 28 2016


...................................

...THE MUSKEGON MI CLIMATE SUMMARY FOR MAY 27 2016...

CLIMATE NORMAL PERIOD 1981 TO 2010
CLIMATE RECORD PERIOD 1896 TO 2016


WEATHER ITEM   OBSERVED TIME   RECORD YEAR NORMAL DEPARTURE LAST
                VALUE   (LST)  VALUE       VALUE  FROM      YEAR
                                                  NORMAL
..................................................................
TEMPERATURE (F)
 YESTERDAY
  MAXIMUM         80    618 PM  86    2012  70     10       68
  MINIMUM         63    156 AM  27    1961  50     13       51
  AVERAGE         72                        60     12       60

PRECIPITATION (IN)
  YESTERDAY        0.13          1.11 1982   0.10   0.03     0.02
  MONTH TO DATE    2.38                      2.85  -0.47     3.11
  SINCE MAR 1      9.72                      8.01   1.71     8.96
  SINCE JAN 1     13.93                     11.87   2.06    12.25

SNOWFALL (IN)
  YESTERDAY        0.0           T    1907   0.0    0.0      0.0
  MONTH TO DATE    0.0                       0.0    0.0      0.0
  SINCE MAR 1      7.3                      11.3   -4.0      4.0
  SINCE JUL 1     61.8                      93.7  -31.9     92.1
  SNOW DEPTH       0

DEGREE DAYS
 HEATING
  YESTERDAY        0                         6     -6        5
  MONTH TO DATE  255                       255      0      193
  SINCE MAR 1   1599                      1741   -142     1735
  SINCE JUL 1   5619                      6473   -854     6860

 COOLING
  YESTERDAY        7                         1      6        0
  MONTH TO DATE   25                        19      6       32
  SINCE MAR 1     25                        23      2       32
  SINCE JAN 1     25                        23      2       32
..................................................................


WIND (MPH)
  RESULTANT WIND SPEED   8   RESULTANT WIND DIRECTION   S (190)
  HIGHEST WIND SPEED    21   HIGHEST WIND DIRECTION    SW (220)
  HIGHEST GUST SPEED    26   HIGHEST GUST DIRECTION     S (190)
  AVERAGE WIND SPEED     8.5


SKY COVER
  AVERAGE SKY COVER 0.7


WEATHER CONDITIONS
 THE FOLLOWING WEATHER WAS RECORDED YESTERDAY.
  LIGHT RAIN
  FOG
  HAZE


RELATIVE HUMIDITY (PERCENT)
 HIGHEST    87           500 AM
 LOWEST     51           500 PM
 AVERAGE    69

..........................................................


THE MUSKEGON MI CLIMATE NORMALS FOR TODAY
                         NORMAL    RECORD    YEAR
 MAXIMUM TEMPERATURE (F)   71        89      2012
 MINIMUM TEMPERATURE (F)   51        31      1992


SUNRISE AND SUNSET
MAY 28 2016...........SUNRISE   610 AM EDT   SUNSET   915 PM EDT
MAY 29 2016...........SUNRISE   609 AM EDT   SUNSET   916 PM EDT


-  INDICATES NEGATIVE NUMBERS.
R  INDICATES RECORD WAS SET OR TIED.
MM INDICATES DATA IS MISSING.
T  INDICATES TRACE AMOUNT.




$$
