000
CDUS43 KGRR 270520
CLIMKG


CLIMATE REPORT
NATIONAL WEATHER SERVICE GRAND RAPIDS, MI
1215 AM EST SAT DEC 27 2014


...................................

...THE MUSKEGON MI CLIMATE SUMMARY FOR DECEMBER 26 2014...

CLIMATE NORMAL PERIOD 1981 TO 2010
CLIMATE RECORD PERIOD 1896 TO 2014


WEATHER ITEM   OBSERVED TIME   RECORD YEAR NORMAL DEPARTURE LAST
                VALUE   (LST)  VALUE       VALUE  FROM      YEAR
                                                  NORMAL
..................................................................
TEMPERATURE (F)
 YESTERDAY
  MAXIMUM         45    153 PM  58    1936  33     12       33
  MINIMUM         38   1142 PM  -4    1951  23     15       23
  AVERAGE         42                        28     14       28

PRECIPITATION (IN)
  YESTERDAY        0.00          0.62 2009   0.07  -0.07     0.33
                                      1985
  MONTH TO DATE    1.65                      2.20  -0.55     2.55
  SINCE DEC 1      1.65                      2.20  -0.55     2.55
  SINCE JAN 1     38.53                     33.14   5.39    43.61

SNOWFALL (IN)
  YESTERDAY        0.0          14.4  1985   1.0   -1.0      3.9
  MONTH TO DATE    1.1                      23.9  -22.8     35.7
  SINCE DEC 1      1.1                      23.9  -22.8     35.7
  SINCE JUL 1     25.6                      30.1   -4.5     44.6
  SNOW DEPTH       0

DEGREE DAYS
 HEATING
  YESTERDAY       23                        37    -14       37
  MONTH TO DATE  806                       891    -85      999
  SINCE DEC 1    806                       891    -85      999
  SINCE JUL 1   2289                      2258     31     2270

 COOLING
  YESTERDAY        0                         0      0        0
  MONTH TO DATE    0                         0      0        0
  SINCE DEC 1      0                         0      0        0
  SINCE JAN 1    442                       566   -124      626
..................................................................


WIND (MPH)
  RESULTANT WIND SPEED  10   RESULTANT WIND DIRECTION   S (190)
  HIGHEST WIND SPEED    21   HIGHEST WIND DIRECTION     S (200)
  HIGHEST GUST SPEED    26   HIGHEST GUST DIRECTION     S (200)
  AVERAGE WIND SPEED    10.0


SKY COVER
  AVERAGE SKY COVER 0.5


WEATHER CONDITIONS
 THE FOLLOWING WEATHER WAS RECORDED YESTERDAY.
  FOG


RELATIVE HUMIDITY (PERCENT)
 HIGHEST    92           900 PM
 LOWEST     70           200 PM
 AVERAGE    81

..........................................................


THE MUSKEGON MI CLIMATE NORMALS FOR TODAY
                         NORMAL    RECORD    YEAR
 MAXIMUM TEMPERATURE (F)   33        61      2008
 MINIMUM TEMPERATURE (F)   23        -2      1969


SUNRISE AND SUNSET
DECEMBER 27 2014......SUNRISE   816 AM EST   SUNSET   516 PM EST
DECEMBER 28 2014......SUNRISE   816 AM EST   SUNSET   517 PM EST


-  INDICATES NEGATIVE NUMBERS.
R  INDICATES RECORD WAS SET OR TIED.
MM INDICATES DATA IS MISSING.
T  INDICATES TRACE AMOUNT.




$$

63
