412
CDUS43 KGRR 220525
CLIMKG


CLIMATE REPORT
NATIONAL WEATHER SERVICE GRAND RAPIDS, MI
1224 AM EST WED FEB 22 2017


...................................

...THE MUSKEGON MI CLIMATE SUMMARY FOR FEBRUARY 21 2017...

CLIMATE NORMAL PERIOD 1981 TO 2010
CLIMATE RECORD PERIOD 1896 TO 2017


WEATHER ITEM   OBSERVED TIME   RECORD YEAR NORMAL DEPARTURE LAST
                VALUE   (LST)  VALUE       VALUE  FROM      YEAR
                                                  NORMAL
..................................................................
TEMPERATURE (F)
 YESTERDAY
  MAXIMUM         58R   412 AM  58    1930  35     23       45
  MINIMUM         41    852 PM -10    1936  22     19       27
  AVERAGE         50                        28     22       36

PRECIPITATION (IN)
  YESTERDAY        0.13          1.44 1997   0.06   0.07     0.00
  MONTH TO DATE    0.29                      1.31  -1.02     1.51
  SINCE DEC 1      5.54                      5.89  -0.35     8.87
  SINCE JAN 1      3.32                      3.34  -0.02     3.97

SNOWFALL (IN)
  YESTERDAY        0.0           8.0  2009   0.6   -0.6      0.0
  MONTH TO DATE    0.3                      15.4  -15.1      5.0
  SINCE DEC 1     38.1                      72.3  -34.2     47.1
  SINCE JUL 1     39.1                      78.5  -39.4     51.0
  SNOW DEPTH       0

DEGREE DAYS
 HEATING
  YESTERDAY       15                        37    -22       29
  MONTH TO DATE  656                       810   -154      774
  SINCE DEC 1   2794                      3115   -321     2714
  SINCE JUL 1   3699                      4482   -783     3781

 COOLING
  YESTERDAY        0                         0      0        0
  MONTH TO DATE    0                         0      0        0
  SINCE DEC 1      0                         0      0        0
  SINCE JAN 1      0                         0      0        0
..................................................................


WIND (MPH)
  RESULTANT WIND SPEED   6   RESULTANT WIND DIRECTION   S (180)
  HIGHEST WIND SPEED    24   HIGHEST WIND DIRECTION     S (190)
  HIGHEST GUST SPEED    32   HIGHEST GUST DIRECTION     S (190)
  AVERAGE WIND SPEED     8.6


SKY COVER
  AVERAGE SKY COVER 0.8


WEATHER CONDITIONS
 THE FOLLOWING WEATHER WAS RECORDED YESTERDAY.
  LIGHT RAIN
  FOG
  FOG W/VISIBILITY <= 1/4 MILE


RELATIVE HUMIDITY (PERCENT)
 HIGHEST    96           900 PM
 LOWEST     57           400 AM
 AVERAGE    77

..........................................................


THE MUSKEGON MI CLIMATE NORMALS FOR TODAY
                         NORMAL    RECORD    YEAR
 MAXIMUM TEMPERATURE (F)   35        55      1930
 MINIMUM TEMPERATURE (F)   22       -16      1936


SUNRISE AND SUNSET
FEBRUARY 22 2017......SUNRISE   732 AM EST   SUNSET   625 PM EST
FEBRUARY 23 2017......SUNRISE   730 AM EST   SUNSET   627 PM EST


-  INDICATES NEGATIVE NUMBERS.
R  INDICATES RECORD WAS SET OR TIED.
MM INDICATES DATA IS MISSING.
T  INDICATES TRACE AMOUNT.




$$
