000
CDUS43 KGRR 310601
CLIMKG


CLIMATE REPORT
NATIONAL WEATHER SERVICE GRAND RAPIDS, MI
200 AM EDT SUN MAY 31 2015


...................................

...THE MUSKEGON MI CLIMATE SUMMARY FOR MAY 30 2015...

CLIMATE NORMAL PERIOD 1981 TO 2010
CLIMATE RECORD PERIOD 1896 TO 2015


WEATHER ITEM   OBSERVED TIME   RECORD YEAR NORMAL DEPARTURE LAST
                VALUE   (LST)  VALUE       VALUE  FROM      YEAR
                                                  NORMAL
..................................................................
TEMPERATURE (F)
 YESTERDAY
  MAXIMUM         65   1257 AM  86    2013  71     -6       80
                                      2011
                                      2010
  MINIMUM         47   1159 PM  33    1945  51     -4       53
  AVERAGE         56                        61     -5       67

PRECIPITATION (IN)
  YESTERDAY        0.18          2.06 1989   0.10   0.08     0.00
  MONTH TO DATE    3.29                      3.15   0.14     3.72
  SINCE MAR 1      9.14                      8.31   0.83     8.17
  SINCE JAN 1     12.43                     12.17   0.26    13.30

SNOWFALL (IN)
  YESTERDAY       MM             0.0    MM   0.0   MM        0.0
  MONTH TO DATE    0.0                       0.0    0.0      0.0
  SINCE MAR 1      4.0                      11.3   -7.3      9.1
  SINCE JUL 1     92.1                      93.7   -1.6    132.7
  SNOW DEPTH       0

DEGREE DAYS
 HEATING
  YESTERDAY        9                         5      4        0
  MONTH TO DATE  202                       272    -70      259
  SINCE MAR 1   1744                      1758    -14     2024
  SINCE JUL 1   6869                      6490    379     7164

 COOLING
  YESTERDAY        0                         1     -1        2
  MONTH TO DATE   39                        22     17       11
  SINCE MAR 1     39                        26     13       11
  SINCE JAN 1     39                        26     13       11
..................................................................


WIND (MPH)
  RESULTANT WIND SPEED   5   RESULTANT WIND DIRECTION   N (20)
  HIGHEST WIND SPEED    22   HIGHEST WIND DIRECTION     N (20)
  HIGHEST GUST SPEED    30   HIGHEST GUST DIRECTION    NE (30)
  AVERAGE WIND SPEED     8.9


SKY COVER
  AVERAGE SKY COVER 1.0


WEATHER CONDITIONS
 THE FOLLOWING WEATHER WAS RECORDED YESTERDAY.
  LIGHT RAIN
  FOG


RELATIVE HUMIDITY (PERCENT)
 HIGHEST   100           500 AM
 LOWEST     80          1100 PM
 AVERAGE    90

..........................................................


THE MUSKEGON MI CLIMATE NORMALS FOR TODAY
                         NORMAL    RECORD    YEAR
 MAXIMUM TEMPERATURE (F)   71        87      1988
                                             1969
 MINIMUM TEMPERATURE (F)   52        35      1910


SUNRISE AND SUNSET
MAY 31 2015...........SUNRISE   609 AM EDT   SUNSET   917 PM EDT
JUNE  1 2015..........SUNRISE   608 AM EDT   SUNSET   918 PM EDT


-  INDICATES NEGATIVE NUMBERS.
R  INDICATES RECORD WAS SET OR TIED.
MM INDICATES DATA IS MISSING.
T  INDICATES TRACE AMOUNT.




$$
