000
CDUS43 KGRR 140521
CLIMKG


CLIMATE REPORT
NATIONAL WEATHER SERVICE GRAND RAPIDS, MI
121 AM EDT MON AUG 14 2017


...................................

...THE MUSKEGON MI CLIMATE SUMMARY FOR AUGUST 13 2017...

CLIMATE NORMAL PERIOD 1981 TO 2010
CLIMATE RECORD PERIOD 1896 TO 2017


WEATHER ITEM   OBSERVED TIME   RECORD YEAR NORMAL DEPARTURE LAST
                VALUE   (LST)  VALUE       VALUE  FROM      YEAR
                                                  NORMAL
..................................................................
TEMPERATURE (F)
 YESTERDAY
  MAXIMUM         77    513 PM  91    1940  79     -2       81
  MINIMUM         49    614 AM  45    1954  62    -13       69
                                      1950
                                      1941
  AVERAGE         63                        70     -7       75

PRECIPITATION (IN)
  YESTERDAY        0.00          4.29 2011   0.11  -0.11     0.39
  MONTH TO DATE    0.66                      1.38  -0.72     0.96
  SINCE JUN 1      5.93                      6.30  -0.37     9.32
  SINCE JAN 1     20.41                     18.57   1.84    23.25

SNOWFALL (IN)
  YESTERDAY        0.0          MM      MM   0.0    0.0      0.0
  MONTH TO DATE    0.0                       0.0    0.0      0.0
  SINCE JUN 1      0.0                       0.0    0.0      0.0
  SINCE JUL 1      0.0                       0.0    0.0      0.0
  SNOW DEPTH       0

DEGREE DAYS
 HEATING
  YESTERDAY        2                         0      2        0
  MONTH TO DATE    3                         0      3        0
  SINCE JUN 1     37                        77    -40       47
  SINCE JUL 1      3                        11     -8        9

 COOLING
  YESTERDAY        0                         6     -6       10
  MONTH TO DATE   58                        78    -20      123
  SINCE JUN 1    399                       385     14      481
  SINCE JAN 1    421                       414      7      525
..................................................................


WIND (MPH)
  RESULTANT WIND SPEED   1   RESULTANT WIND DIRECTION   W (250)
  HIGHEST WIND SPEED    10   HIGHEST WIND DIRECTION     W (270)
  HIGHEST GUST SPEED    13   HIGHEST GUST DIRECTION     W (270)
  AVERAGE WIND SPEED     2.8


SKY COVER
  AVERAGE SKY COVER 0.4


WEATHER CONDITIONS
 THE FOLLOWING WEATHER WAS RECORDED YESTERDAY.
  FOG


RELATIVE HUMIDITY (PERCENT)
 HIGHEST    96           200 AM
 LOWEST     35          1100 AM
 AVERAGE    66

..........................................................


THE MUSKEGON MI CLIMATE NORMALS FOR TODAY
                         NORMAL    RECORD    YEAR
 MAXIMUM TEMPERATURE (F)   79        93      1944
 MINIMUM TEMPERATURE (F)   62        42      1990


SUNRISE AND SUNSET
AUGUST 14 2017........SUNRISE   650 AM EDT   SUNSET   849 PM EDT
AUGUST 15 2017........SUNRISE   651 AM EDT   SUNSET   847 PM EDT


-  INDICATES NEGATIVE NUMBERS.
R  INDICATES RECORD WAS SET OR TIED.
MM INDICATES DATA IS MISSING.
T  INDICATES TRACE AMOUNT.




$$
