000
CDUS43 KGRR 150519
CLIMKG


CLIMATE REPORT
NATIONAL WEATHER SERVICE GRAND RAPIDS, MI
118 AM EDT MON SEP 15 2014


...................................

...THE MUSKEGON MI CLIMATE SUMMARY FOR SEPTEMBER 14 2014...

CLIMATE NORMAL PERIOD 1981 TO 2010
CLIMATE RECORD PERIOD 1896 TO 2014


WEATHER ITEM   OBSERVED TIME   RECORD YEAR NORMAL DEPARTURE LAST
                VALUE   (LST)  VALUE       VALUE  FROM      YEAR
                                                  NORMAL
..................................................................
TEMPERATURE (F)
 YESTERDAY
  MAXIMUM         63    148 PM  87    1897  72     -9       67
  MINIMUM         39    211 AM  34    1919  53    -14       39
  AVERAGE         51                        63    -12       53

PRECIPITATION (IN)
  YESTERDAY        0.00          1.68 1961   0.13  -0.13     0.00
  MONTH TO DATE    2.76                      1.75   1.01     0.76
  SINCE SEP 1      2.76                      1.75   1.01     0.76
  SINCE JAN 1     29.37                     22.33   7.04    32.01

SNOWFALL (IN)
  YESTERDAY        0.0          MM      MM   0.0    0.0      0.0
  MONTH TO DATE    0.0                       0.0    0.0      0.0
  SINCE SEP 1      0.0                       0.0    0.0      0.0
  SINCE JUL 1      0.0                       0.0    0.0      0.0
  SNOW DEPTH       0

DEGREE DAYS
 HEATING
  YESTERDAY       14                         4     10       12
  MONTH TO DATE   53                        37     16       22
  SINCE SEP 1     53                        37     16       22
  SINCE JUL 1    102                        67     35       57

 COOLING
  YESTERDAY        0                         2     -2        0
  MONTH TO DATE   44                        39      5       66
  SINCE SEP 1     44                        39      5       66
  SINCE JAN 1    440                       546   -106      605
..................................................................


WIND (MPH)
  RESULTANT WIND SPEED   4   RESULTANT WIND DIRECTION   S (200)
  HIGHEST WIND SPEED    18   HIGHEST WIND DIRECTION    SW (210)
  HIGHEST GUST SPEED    23   HIGHEST GUST DIRECTION    SW (220)
  AVERAGE WIND SPEED     5.9


SKY COVER
  AVERAGE SKY COVER 0.5


WEATHER CONDITIONS
 THE FOLLOWING WEATHER WAS RECORDED YESTERDAY.
  NO SIGNIFICANT WEATHER WAS OBSERVED.


RELATIVE HUMIDITY (PERCENT)
 HIGHEST    92           200 AM
 LOWEST     48           100 PM
 AVERAGE    70

..........................................................


THE MUSKEGON MI CLIMATE NORMALS FOR TODAY
                         NORMAL    RECORD    YEAR
 MAXIMUM TEMPERATURE (F)   72        86      1897
 MINIMUM TEMPERATURE (F)   53        38      1964


SUNRISE AND SUNSET
SEPTEMBER 15 2014.....SUNRISE   724 AM EDT   SUNSET   755 PM EDT
SEPTEMBER 16 2014.....SUNRISE   726 AM EDT   SUNSET   753 PM EDT


-  INDICATES NEGATIVE NUMBERS.
R  INDICATES RECORD WAS SET OR TIED.
MM INDICATES DATA IS MISSING.
T  INDICATES TRACE AMOUNT.




$$
