000
CDUS43 KGRR 220518
CLIMKG


CLIMATE REPORT
NATIONAL WEATHER SERVICE GRAND RAPIDS, MI
1218 AM EST MON JAN 22 2018


...................................

...THE MUSKEGON MI CLIMATE SUMMARY FOR JANUARY 21 2018...

CLIMATE NORMAL PERIOD 1981 TO 2010
CLIMATE RECORD PERIOD 1896 TO 2018


WEATHER ITEM   OBSERVED TIME   RECORD YEAR NORMAL DEPARTURE LAST
                VALUE   (LST)  VALUE       VALUE  FROM      YEAR
                                                  NORMAL
..................................................................
TEMPERATURE (F)
 YESTERDAY
  MAXIMUM         39   1159 PM  62    2017  30      9       62
  MINIMUM         34    748 AM  -5    1924  20     14       37
  AVERAGE         37                        25     12       50

PRECIPITATION (IN)
  YESTERDAY        0.04          0.73 1958   0.06  -0.02     0.02
  MONTH TO DATE    1.83                      1.43   0.40     2.53
  SINCE DEC 1      4.60                      3.98   0.62     4.75
  SINCE JAN 1      1.83                      1.43   0.40     2.53

SNOWFALL (IN)
  YESTERDAY        0.0           7.9  1959   0.9   -0.9      0.0
  MONTH TO DATE   17.5                      18.9   -1.4     11.8
  SINCE DEC 1     69.2                      47.8   21.4     34.8
  SINCE JUL 1     69.2                      54.0   15.2     35.8
  SNOW DEPTH       T

DEGREE DAYS
 HEATING
  YESTERDAY       28                        40    -12       15
  MONTH TO DATE  851                       827     24      764
  SINCE DEC 1   2045                      1906    139     1824
  SINCE JUL 1   3204                      3273    -69     2729

 COOLING
  YESTERDAY        0                         0      0        0
  MONTH TO DATE    0                         0      0        0
  SINCE DEC 1      0                         0      0        0
  SINCE JAN 1      0                         0      0        0
..................................................................


WIND (MPH)
  RESULTANT WIND SPEED   4   RESULTANT WIND DIRECTION  SE (140)
  HIGHEST WIND SPEED    12   HIGHEST WIND DIRECTION     S (190)
  HIGHEST GUST SPEED    15   HIGHEST GUST DIRECTION     S (200)
  AVERAGE WIND SPEED     5.3


SKY COVER
  AVERAGE SKY COVER 0.9


WEATHER CONDITIONS
 THE FOLLOWING WEATHER WAS RECORDED YESTERDAY.
  LIGHT RAIN
  FOG
  HAZE


RELATIVE HUMIDITY (PERCENT)
 HIGHEST    92           200 AM
 LOWEST     85          1200 AM
 AVERAGE    89

..........................................................


THE MUSKEGON MI CLIMATE NORMALS FOR TODAY
                         NORMAL    RECORD    YEAR
 MAXIMUM TEMPERATURE (F)   30        52      1964
                                             1933
 MINIMUM TEMPERATURE (F)   20        -2      1920


SUNRISE AND SUNSET
JANUARY 22 2018.......SUNRISE   809 AM EST   SUNSET   544 PM EST
JANUARY 23 2018.......SUNRISE   809 AM EST   SUNSET   545 PM EST


-  INDICATES NEGATIVE NUMBERS.
R  INDICATES RECORD WAS SET OR TIED.
MM INDICATES DATA IS MISSING.
T  INDICATES TRACE AMOUNT.




$$
