000
CDUS43 KGRR 280518
CLIMKG


CLIMATE REPORT
NATIONAL WEATHER SERVICE GRAND RAPIDS, MI
118 AM EDT FRI AUG 28 2015


...................................

...THE MUSKEGON MI CLIMATE SUMMARY FOR AUGUST 27 2015...

CLIMATE NORMAL PERIOD 1981 TO 2010
CLIMATE RECORD PERIOD 1896 TO 2015


WEATHER ITEM   OBSERVED TIME   RECORD YEAR NORMAL DEPARTURE LAST
                VALUE   (LST)  VALUE       VALUE  FROM      YEAR
                                                  NORMAL
..................................................................
TEMPERATURE (F)
 YESTERDAY
  MAXIMUM         72    304 PM  91    1948  78     -6       77
  MINIMUM         49    405 AM  40    1915  59    -10       57
  AVERAGE         61                        68     -7       67

PRECIPITATION (IN)
  YESTERDAY        0.00          2.80 1921   0.11  -0.11     0.00
  MONTH TO DATE    1.97                      2.92  -0.95     1.92
  SINCE JUN 1     10.32                      7.84   2.48    12.67
  SINCE JAN 1     22.75                     20.11   2.64    25.97

SNOWFALL (IN)
  YESTERDAY        0.0          MM      MM   0.0    0.0      0.0
  MONTH TO DATE    0.0                       0.0    0.0      0.0
  SINCE JUN 1      0.0                       0.0    0.0      0.0
  SINCE JUL 1      0.0                       0.0    0.0      0.0
  SNOW DEPTH       0

DEGREE DAYS
 HEATING
  YESTERDAY        4                         1      3        0
  MONTH TO DATE   16                        10      6       17
  SINCE JUN 1     64                        87    -23       79
  SINCE JUL 1     31                        21     10       48

 COOLING
  YESTERDAY        0                         4     -4        2
  MONTH TO DATE  168                       151     17      147
  SINCE JUN 1    408                       458    -50      356
  SINCE JAN 1    447                       487    -40      373
..................................................................


WIND (MPH)
  RESULTANT WIND SPEED   2   RESULTANT WIND DIRECTION  SW (230)
  HIGHEST WIND SPEED    13   HIGHEST WIND DIRECTION     W (260)
  HIGHEST GUST SPEED    17   HIGHEST GUST DIRECTION     W (270)
  AVERAGE WIND SPEED     3.7


SKY COVER
  AVERAGE SKY COVER 0.5


WEATHER CONDITIONS
 THE FOLLOWING WEATHER WAS RECORDED YESTERDAY.
  FOG


RELATIVE HUMIDITY (PERCENT)
 HIGHEST    93          1100 PM
 LOWEST     57          1200 PM
 AVERAGE    75

..........................................................


THE MUSKEGON MI CLIMATE NORMALS FOR TODAY
                         NORMAL    RECORD    YEAR
 MAXIMUM TEMPERATURE (F)   77        91      1953
                                             1899
 MINIMUM TEMPERATURE (F)   59        40      1941
                                             1929


SUNRISE AND SUNSET
AUGUST 28 2015........SUNRISE   704 AM EDT   SUNSET   827 PM EDT
AUGUST 29 2015........SUNRISE   706 AM EDT   SUNSET   825 PM EDT


-  INDICATES NEGATIVE NUMBERS.
R  INDICATES RECORD WAS SET OR TIED.
MM INDICATES DATA IS MISSING.
T  INDICATES TRACE AMOUNT.




$$
