000
CDUS43 KGRR 230513
CLIMKG


CLIMATE REPORT
NATIONAL WEATHER SERVICE GRAND RAPIDS, MI
1213 AM EST FRI JAN 23 2015


...................................

...THE MUSKEGON MI CLIMATE SUMMARY FOR JANUARY 22 2015...

CLIMATE NORMAL PERIOD 1981 TO 2010
CLIMATE RECORD PERIOD 1896 TO 2015


WEATHER ITEM   OBSERVED TIME   RECORD YEAR NORMAL DEPARTURE LAST
                VALUE   (LST)  VALUE       VALUE  FROM      YEAR
                                                  NORMAL
..................................................................
TEMPERATURE (F)
 YESTERDAY
  MAXIMUM         33    513 PM  52    1964  30      3       17
                                      1933
  MINIMUM         23    657 AM  -2    1920  20      3       10
  AVERAGE         28                        25      3       14

PRECIPITATION (IN)
  YESTERDAY        T             1.36 1909   0.06  -0.06     0.27
  MONTH TO DATE    1.71                      1.49   0.22     2.55
  SINCE DEC 1      3.43                      4.04  -0.61     5.25
  SINCE JAN 1      1.71                      1.49   0.22     2.55

SNOWFALL (IN)
  YESTERDAY        T            10.7  2011   0.9   -0.9      8.1
  MONTH TO DATE   32.2                      19.8   12.4     27.2
  SINCE DEC 1     33.6                      48.7  -15.1     66.4
  SINCE JUL 1     58.1                      54.9    3.2     75.3
  SNOW DEPTH       8

DEGREE DAYS
 HEATING
  YESTERDAY       37                        40     -3       51
  MONTH TO DATE  930                       867     63      943
  SINCE DEC 1   1922                      1946    -24     2136
  SINCE JUL 1   3405                      3313     92     3407

 COOLING
  YESTERDAY        0                         0      0        0
  MONTH TO DATE    0                         0      0        0
  SINCE DEC 1      0                         0      0        0
  SINCE JAN 1      0                         0      0        0
..................................................................


WIND (MPH)
  RESULTANT WIND SPEED   4   RESULTANT WIND DIRECTION  SW (240)
  HIGHEST WIND SPEED    17   HIGHEST WIND DIRECTION    SW (230)
  HIGHEST GUST SPEED    21   HIGHEST GUST DIRECTION    SW (220)
  AVERAGE WIND SPEED     4.4


SKY COVER
  AVERAGE SKY COVER 0.9


WEATHER CONDITIONS
 THE FOLLOWING WEATHER WAS RECORDED YESTERDAY.
  LIGHT SNOW
  FOG


RELATIVE HUMIDITY (PERCENT)
 HIGHEST    88           700 AM
 LOWEST     63          1200 PM
 AVERAGE    76

..........................................................


THE MUSKEGON MI CLIMATE NORMALS FOR TODAY
                         NORMAL    RECORD    YEAR
 MAXIMUM TEMPERATURE (F)   30        55      1909
 MINIMUM TEMPERATURE (F)   20       -13      1948


SUNRISE AND SUNSET
JANUARY 23 2015.......SUNRISE   809 AM EST   SUNSET   545 PM EST
JANUARY 24 2015.......SUNRISE   808 AM EST   SUNSET   546 PM EST


-  INDICATES NEGATIVE NUMBERS.
R  INDICATES RECORD WAS SET OR TIED.
MM INDICATES DATA IS MISSING.
T  INDICATES TRACE AMOUNT.




$$
