000
CDUS43 KGRR 170519
CLIMKG


CLIMATE REPORT
NATIONAL WEATHER SERVICE GRAND RAPIDS, MI
1218 AM EST FRI NOV 17 2017


...................................

...THE MUSKEGON MI CLIMATE SUMMARY FOR NOVEMBER 16 2017...

CLIMATE NORMAL PERIOD 1981 TO 2010
CLIMATE RECORD PERIOD 1896 TO 2017


WEATHER ITEM   OBSERVED TIME   RECORD YEAR NORMAL DEPARTURE LAST
                VALUE   (LST)  VALUE       VALUE  FROM      YEAR
                                                  NORMAL
..................................................................
TEMPERATURE (F)
 YESTERDAY
  MAXIMUM         42    401 PM  70    1930  46     -4       56
  MINIMUM         29   1159 PM  14    1933  34     -5       36
  AVERAGE         36                        40     -4       46

PRECIPITATION (IN)
  YESTERDAY        T             1.28 1918   0.12  -0.12     0.00
  MONTH TO DATE    1.77                      1.84  -0.07     0.31
  SINCE SEP 1     11.84                      8.84   3.00    10.01
  SINCE JAN 1     33.00                     29.42   3.58    35.16

SNOWFALL (IN)
  YESTERDAY        0.0           7.0  1973   0.2   -0.2      0.0
  MONTH TO DATE    T                         1.7   -1.7      0.0
  SINCE SEP 1      T                         1.9   -1.9      0.0
  SINCE JUL 1      T                         1.9   -1.9      0.0
  SNOW DEPTH       0

DEGREE DAYS
 HEATING
  YESTERDAY       29                        25      4       19
  MONTH TO DATE  413                       356     57      239
  SINCE SEP 1    799                       949   -150      582
  SINCE JUL 1    812                       979   -167      591

 COOLING
  YESTERDAY        0                         0      0        0
  MONTH TO DATE    0                         0      0        0
  SINCE SEP 1    121                        59     62      110
  SINCE JAN 1    615                       566     49      774
..................................................................


WIND (MPH)
  RESULTANT WIND SPEED  11   RESULTANT WIND DIRECTION  NW (320)
  HIGHEST WIND SPEED    26   HIGHEST WIND DIRECTION    NW (320)
  HIGHEST GUST SPEED    36   HIGHEST GUST DIRECTION    NW (310)
  AVERAGE WIND SPEED    11.8


SKY COVER
  AVERAGE SKY COVER 0.8


WEATHER CONDITIONS
 THE FOLLOWING WEATHER WAS RECORDED YESTERDAY.
  LIGHT RAIN


RELATIVE HUMIDITY (PERCENT)
 HIGHEST    85           800 PM
 LOWEST     60          1200 PM
 AVERAGE    73

..........................................................


THE MUSKEGON MI CLIMATE NORMALS FOR TODAY
                         NORMAL    RECORD    YEAR
 MAXIMUM TEMPERATURE (F)   46        71      1958
 MINIMUM TEMPERATURE (F)   34         9      1959


SUNRISE AND SUNSET
NOVEMBER 17 2017......SUNRISE   741 AM EST   SUNSET   519 PM EST
NOVEMBER 18 2017......SUNRISE   742 AM EST   SUNSET   518 PM EST


-  INDICATES NEGATIVE NUMBERS.
R  INDICATES RECORD WAS SET OR TIED.
MM INDICATES DATA IS MISSING.
T  INDICATES TRACE AMOUNT.




$$
