000
CDUS43 KGRR 142225
CLIMKG


CLIMATE REPORT
NATIONAL WEATHER SERVICE GRAND RAPIDS, MI
525 PM EST SUN JAN 14 2018


...................................

...THE MUSKEGON MI CLIMATE SUMMARY FOR JANUARY 14 2018...
VALID TODAY AS OF 0500 PM LOCAL TIME.

CLIMATE NORMAL PERIOD 1981 TO 2010
CLIMATE RECORD PERIOD 1896 TO 2018


WEATHER ITEM   OBSERVED TIME   RECORD YEAR NORMAL DEPARTURE LAST
                VALUE   (LST)  VALUE       VALUE  FROM      YEAR
                                                  NORMAL
..................................................................
TEMPERATURE (F)
 TODAY
  MAXIMUM         19    207 PM  53    1952  31    -12       32
  MINIMUM         15    525 AM  -8    1914  20     -5       17
  AVERAGE         17                        25     -8       25

PRECIPITATION (IN)
  TODAY            0.10          1.18 1995   0.06   0.04     0.00
  MONTH TO DATE    2.00                      0.98   1.02     1.04
  SINCE DEC 1      4.77                      3.53   1.24     3.26
  SINCE JAN 1      2.00                      0.98   1.02     1.04

SNOWFALL (IN)
  TODAY            4.0          16.3  2012   0.9    3.1      0.0
  MONTH TO DATE   15.5                      12.6    2.9     11.8
  SINCE DEC 1     67.2                      41.5   25.7     34.8
  SINCE JUL 1     67.2                      47.7   19.5     35.8
  SNOW DEPTH       0

DEGREE DAYS
 HEATING
  TODAY           48                        40      8       40
  MONTH TO DATE  592                       547     45      562
  SINCE DEC 1   1786                      1626    160     1622
  SINCE JUL 1   2945                      2993    -48     2527

 COOLING
  TODAY            0                         0      0        0
  MONTH TO DATE    0                         0      0        0
  SINCE DEC 1      0                         0      0        0
  SINCE JAN 1      0                         0      0        0
..................................................................


WIND (MPH)
  RESULTANT WIND SPEED   8   RESULTANT WIND DIRECTION   S (160)
  HIGHEST WIND SPEED    24   HIGHEST WIND DIRECTION     S (180)
  HIGHEST GUST SPEED    33   HIGHEST GUST DIRECTION     S (180)
  AVERAGE WIND SPEED     9.0


SKY COVER
  AVERAGE SKY COVER 0.9


WEATHER CONDITIONS
 THE FOLLOWING WEATHER WAS RECORDED TODAY.
  HEAVY SNOW
  SNOW
  LIGHT SNOW
  FOG
  HAZE
  BLOWING SNOW


RELATIVE HUMIDITY (PERCENT)
 HIGHEST    80          1000 AM
 LOWEST     47           500 PM
 AVERAGE    64

..........................................................


THE MUSKEGON MI CLIMATE NORMALS FOR TOMORROW
                         NORMAL    RECORD    YEAR
 MAXIMUM TEMPERATURE (F)   31        57      1949
 MINIMUM TEMPERATURE (F)   20       -12      1972


SUNRISE AND SUNSET
JANUARY 14 2018.......SUNRISE   814 AM EST   SUNSET   534 PM EST
JANUARY 15 2018.......SUNRISE   814 AM EST   SUNSET   535 PM EST


-  INDICATES NEGATIVE NUMBERS.
R  INDICATES RECORD WAS SET OR TIED.
MM INDICATES DATA IS MISSING.
T  INDICATES TRACE AMOUNT.




$$
