000
CDUS43 KGRR 270517
CLIMKG


CLIMATE REPORT
NATIONAL WEATHER SERVICE GRAND RAPIDS, MI
116 AM EDT MON JUL 27 2015


...................................

...THE MUSKEGON MI CLIMATE SUMMARY FOR JULY 26 2015...

CLIMATE NORMAL PERIOD 1981 TO 2010
CLIMATE RECORD PERIOD 1896 TO 2015


WEATHER ITEM   OBSERVED TIME   RECORD YEAR NORMAL DEPARTURE LAST
                VALUE   (LST)  VALUE       VALUE  FROM      YEAR
                                                  NORMAL
..................................................................
TEMPERATURE (F)
 YESTERDAY
  MAXIMUM         90    212 PM  93    1955  80     10       76
                                      1917
  MINIMUM         60    456 AM  47    1946  62     -2       64
  AVERAGE         75                        71      4       70

PRECIPITATION (IN)
  YESTERDAY        T             1.41 1973   0.09  -0.09     0.00
  MONTH TO DATE    5.05                      1.94   3.11     3.70
  SINCE JUN 1      8.35                      4.49   3.86    10.72
  SINCE JAN 1     20.78                     16.76   4.02    24.02

SNOWFALL (IN)
  YESTERDAY        0.0          MM      MM   0.0    0.0      0.0
  MONTH TO DATE    0.0                       0.0    0.0      0.0
  SINCE JUN 1      0.0                       0.0    0.0      0.0
  SINCE JUL 1      0.0                       0.0    0.0      0.0
  SNOW DEPTH       0

DEGREE DAYS
 HEATING
  YESTERDAY        0                         0      0        0
  MONTH TO DATE   15                         4     11       18
  SINCE JUN 1     48                        70    -22       49
  SINCE JUL 1     15                         4     11       18

 COOLING
  YESTERDAY       10                         7      3        5
  MONTH TO DATE  117                       173    -56       68
  SINCE JUN 1    180                       278    -98      203
  SINCE JAN 1    219                       307    -88      220
..................................................................


WIND (MPH)
  RESULTANT WIND SPEED   1   RESULTANT WIND DIRECTION  NE (40)
  HIGHEST WIND SPEED    13   HIGHEST WIND DIRECTION    SE (130)
  HIGHEST GUST SPEED    16   HIGHEST GUST DIRECTION    SE (120)
  AVERAGE WIND SPEED     3.9


SKY COVER
  AVERAGE SKY COVER 0.4


WEATHER CONDITIONS
 THE FOLLOWING WEATHER WAS RECORDED YESTERDAY.
  NO SIGNIFICANT WEATHER WAS OBSERVED.


RELATIVE HUMIDITY (PERCENT)
 HIGHEST    90           500 AM
 LOWEST     28           800 PM
 AVERAGE    59

..........................................................


THE MUSKEGON MI CLIMATE NORMALS FOR TODAY
                         NORMAL    RECORD    YEAR
 MAXIMUM TEMPERATURE (F)   80        95      1955
 MINIMUM TEMPERATURE (F)   62        46      1977


SUNRISE AND SUNSET
JULY 27 2015..........SUNRISE   630 AM EDT   SUNSET   912 PM EDT
JULY 28 2015..........SUNRISE   631 AM EDT   SUNSET   911 PM EDT


-  INDICATES NEGATIVE NUMBERS.
R  INDICATES RECORD WAS SET OR TIED.
MM INDICATES DATA IS MISSING.
T  INDICATES TRACE AMOUNT.




$$
