000
CDUS43 KGRR 181326
CLIMKG


CLIMATE REPORT
NATIONAL WEATHER SERVICE GRAND RAPIDS, MI
925 AM EDT WED OCT 18 2017


...................................

...THE MUSKEGON MI CLIMATE SUMMARY FOR OCTOBER 18 2017...
VALID AS OF 0900 AM LOCAL TIME.

CLIMATE NORMAL PERIOD 1981 TO 2010
CLIMATE RECORD PERIOD 1896 TO 2017


WEATHER ITEM   OBSERVED TIME   RECORD YEAR NORMAL DEPARTURE LAST
                VALUE   (LST)  VALUE       VALUE  FROM      YEAR
                                                  NORMAL
..................................................................
TEMPERATURE (F)
 TODAY
  MAXIMUM         61    131 AM  78    1910  58      3       71
  MINIMUM         58    708 AM  23    1976  42     16       50
                                      1952
  AVERAGE         60                        50     10       61

PRECIPITATION (IN)
  TODAY            0.00          2.14 1923   0.10  -0.10     0.00
  MONTH TO DATE    3.71                      1.80   1.91     2.48
  SINCE SEP 1      4.53                      5.69  -1.16     8.40
  SINCE JAN 1     25.69                     26.27  -0.58    33.55

SNOWFALL (IN)
  TODAY            0.0           4.6  1972   0.0    0.0      0.0
  MONTH TO DATE    0.0                       0.0    0.0      0.0
  SINCE SEP 1      0.0                       0.0    0.0      0.0
  SINCE JUL 1      0.0                       0.0    0.0      0.0
  SNOW DEPTH       0

DEGREE DAYS
 HEATING
  TODAY            5                        15    -10        4
  MONTH TO DATE   93                       225   -132      109
  SINCE SEP 1    185                       368   -183      134
  SINCE JUL 1    198                       398   -200      143

 COOLING
  TODAY            0                         0      0        0
  MONTH TO DATE    8                         2      6        9
  SINCE SEP 1    119                        56     63      110
  SINCE JAN 1    613                       563     50      774
..................................................................


WIND (MPH)
  RESULTANT WIND SPEED  14   RESULTANT WIND DIRECTION  SW (210)
  HIGHEST WIND SPEED    17   HIGHEST WIND DIRECTION    SW (210)
  HIGHEST GUST SPEED    22   HIGHEST GUST DIRECTION     S (190)
  AVERAGE WIND SPEED    14.1


SKY COVER
  AVERAGE SKY COVER 0.0


WEATHER CONDITIONS
 THE FOLLOWING WEATHER WAS RECORDED TODAY.
  NO SIGNIFICANT WEATHER WAS OBSERVED.


RELATIVE HUMIDITY (PERCENT)
 HIGHEST    72          1200 AM
 LOWEST     64           300 AM
 AVERAGE    68

..........................................................


THE MUSKEGON MI CLIMATE NORMALS FOR TOMORROW
                         NORMAL    RECORD    YEAR
 MAXIMUM TEMPERATURE (F)   58        77      1971
                                             1910
 MINIMUM TEMPERATURE (F)   42        22      1972


SUNRISE AND SUNSET
OCTOBER 18 2017.......SUNRISE   803 AM EDT   SUNSET   657 PM EDT
OCTOBER 19 2017.......SUNRISE   804 AM EDT   SUNSET   655 PM EDT


-  INDICATES NEGATIVE NUMBERS.
R  INDICATES RECORD WAS SET OR TIED.
MM INDICATES DATA IS MISSING.
T  INDICATES TRACE AMOUNT.




$$
