000
CDUS43 KGRR 010526
CLIMKG


CLIMATE REPORT
NATIONAL WEATHER SERVICE GRAND RAPIDS, MI
1225 AM EST SUN MAR 1 2015


...................................

...THE MUSKEGON MI CLIMATE SUMMARY FOR FEBRUARY 28 2015...

CLIMATE NORMAL PERIOD 1981 TO 2010
CLIMATE RECORD PERIOD 1896 TO 2015


WEATHER ITEM   OBSERVED TIME   RECORD YEAR NORMAL DEPARTURE LAST
                VALUE   (LST)  VALUE       VALUE  FROM      YEAR
                                                  NORMAL
..................................................................
TEMPERATURE (F)
 YESTERDAY
  MAXIMUM         19    429 PM  53    1998  37    -18       20
  MINIMUM          4    828 AM  -7    2014  23    -19       -7
  AVERAGE         12                        30    -18        7

PRECIPITATION (IN)
  YESTERDAY        T             1.00 1899   0.08  -0.08      T
  MONTH TO DATE    1.57                      1.83  -0.26     1.81
  SINCE DEC 1      5.01                      6.41  -1.40     7.83
  SINCE JAN 1      3.29                      3.86  -0.57     5.13

SNOWFALL (IN)
  YESTERDAY        T             3.5  2005   0.5   -0.5       T
  MONTH TO DATE   29.7                      19.3   10.4     27.1
  SINCE DEC 1     63.6                      76.2  -12.6    114.7
  SINCE JUL 1     88.1                      82.4    5.7    123.6
  SNOW DEPTH      17

DEGREE DAYS
 HEATING
  YESTERDAY       53                        35     18       58
  MONTH TO DATE 1368                      1061    307     1297
  SINCE DEC 1   3642                      3365    277     3869
  SINCE JUL 1   5125                      4732    393     5140

 COOLING
  YESTERDAY        0                         0      0        0
  MONTH TO DATE    0                         0      0        0
  SINCE DEC 1      0                         0      0        0
  SINCE JAN 1      0                         0      0        0
..................................................................


WIND (MPH)
  RESULTANT WIND SPEED   6   RESULTANT WIND DIRECTION  SW (220)
  HIGHEST WIND SPEED    16   HIGHEST WIND DIRECTION    SW (210)
  HIGHEST GUST SPEED    19   HIGHEST GUST DIRECTION     S (170)
  AVERAGE WIND SPEED     7.8


SKY COVER
  AVERAGE SKY COVER 0.6


WEATHER CONDITIONS
 THE FOLLOWING WEATHER WAS RECORDED YESTERDAY.
  LIGHT SNOW
  HAZE


RELATIVE HUMIDITY (PERCENT)
 HIGHEST    74          1200 PM
 LOWEST     56           400 PM
 AVERAGE    65

..........................................................


THE MUSKEGON MI CLIMATE NORMALS FOR TODAY
                         NORMAL    RECORD    YEAR
 MAXIMUM TEMPERATURE (F)   37        54      2004
                                             2000
                                             1991
 MINIMUM TEMPERATURE (F)   23        -5      1967


SUNRISE AND SUNSET
MARCH  1 2015.........SUNRISE   721 AM EST   SUNSET   634 PM EST
MARCH  2 2015.........SUNRISE   720 AM EST   SUNSET   635 PM EST


-  INDICATES NEGATIVE NUMBERS.
R  INDICATES RECORD WAS SET OR TIED.
MM INDICATES DATA IS MISSING.
T  INDICATES TRACE AMOUNT.




$$
