000
CDUS43 KGRR 190513
CLIMKG


CLIMATE REPORT
NATIONAL WEATHER SERVICE GRAND RAPIDS, MI
113 AM EDT SAT JUL 19 2014


...................................

...THE MUSKEGON MI CLIMATE SUMMARY FOR JULY 18 2014...

CLIMATE NORMAL PERIOD 1981 TO 2010
CLIMATE RECORD PERIOD 1895 TO 2014


WEATHER ITEM   OBSERVED TIME   RECORD YEAR NORMAL DEPARTURE LAST
                VALUE   (LST)  VALUE       VALUE  FROM      YEAR
                                                  NORMAL
..................................................................
TEMPERATURE (F)
 YESTERDAY
  MAXIMUM         77    428 PM  92    2013  81     -4       92
                                      2012
  MINIMUM         50    523 AM  46    1924  62    -12       76
                                      1918
  AVERAGE         64                        71     -7       84

PRECIPITATION (IN)
  YESTERDAY        0.00          2.54 1959   0.07  -0.07     0.00
  MONTH TO DATE    2.49                      1.29   1.20     0.60
  SINCE JUN 1      9.51                      3.84   5.67     4.93
  SINCE JAN 1     22.81                     16.11   6.70    27.62

SNOWFALL (IN)
  YESTERDAY        0.0          MM      MM   0.0    0.0      0.0
  MONTH TO DATE    0.0                       0.0    0.0      0.0
  SINCE JUN 1      0.0                       0.0    0.0      0.0
  SINCE JUL 1      0.0                       0.0    0.0      0.0
  SNOW DEPTH       0

DEGREE DAYS
 HEATING
  YESTERDAY        1                         0      1        0
  MONTH TO DATE   15                         4     11        2
  SINCE JUN 1     46                        70    -24       54
  SINCE JUL 1     15                         4     11        2

 COOLING
  YESTERDAY        0                         7     -7       19
  MONTH TO DATE   36                       117    -81      163
  SINCE JUN 1    171                       222    -51      263
  SINCE JAN 1    188                       251    -63      323
..................................................................


WIND (MPH)
  RESULTANT WIND SPEED   3   RESULTANT WIND DIRECTION  SW (210)
  HIGHEST WIND SPEED    14   HIGHEST WIND DIRECTION    SW (230)
  HIGHEST GUST SPEED    17   HIGHEST GUST DIRECTION    SW (230)
  AVERAGE WIND SPEED     3.7


SKY COVER
  AVERAGE SKY COVER 0.2


WEATHER CONDITIONS
 THE FOLLOWING WEATHER WAS RECORDED YESTERDAY.
  FOG
  HAZE


RELATIVE HUMIDITY (PERCENT)
 HIGHEST    89           200 AM
 LOWEST     38           100 PM
 AVERAGE    64

..........................................................


THE MUSKEGON MI CLIMATE NORMALS FOR TODAY
                         NORMAL    RECORD    YEAR
 MAXIMUM TEMPERATURE (F)   81        94      2011
 MINIMUM TEMPERATURE (F)   62        44      1912


SUNRISE AND SUNSET
JULY 19 2014..........SUNRISE   622 AM EDT   SUNSET   920 PM EDT
JULY 20 2014..........SUNRISE   623 AM EDT   SUNSET   919 PM EDT


-  INDICATES NEGATIVE NUMBERS.
R  INDICATES RECORD WAS SET OR TIED.
MM INDICATES DATA IS MISSING.
T  INDICATES TRACE AMOUNT.




$$
