000
CDUS43 KGRR 210516
CLIMKG


CLIMATE REPORT
NATIONAL WEATHER SERVICE GRAND RAPIDS, MI
1214 AM EST FRI NOV 21 2014


...................................

...THE MUSKEGON MI CLIMATE SUMMARY FOR NOVEMBER 20 2014...

CLIMATE NORMAL PERIOD 1981 TO 2010
CLIMATE RECORD PERIOD 1896 TO 2014


WEATHER ITEM   OBSERVED TIME   RECORD YEAR NORMAL DEPARTURE LAST
                VALUE   (LST)  VALUE       VALUE  FROM      YEAR
                                                  NORMAL
..................................................................
TEMPERATURE (F)
 YESTERDAY
  MAXIMUM         26    515 AM  76    1930  44    -18       45
  MINIMUM         20   1159 PM  18    1959  33    -13       28
                                      1951
  AVERAGE         23                        38    -15       37

PRECIPITATION (IN)
  YESTERDAY        0.08          1.08 1931   0.10  -0.02     0.04
  MONTH TO DATE    1.88                      2.28  -0.40     2.98
  SINCE SEP 1      7.98                      9.28  -1.30     9.40
  SINCE JAN 1     34.59                     29.86   4.73    40.65

SNOWFALL (IN)
  YESTERDAY        1.4           8.7  1964   0.2    1.2      0.0
  MONTH TO DATE   19.7                       2.5   17.2      0.1
  SINCE SEP 1     19.7                       2.7   17.0      0.1
  SINCE JUL 1     19.7                       2.7   17.0      0.1
  SNOW DEPTH       8

DEGREE DAYS
 HEATING
  YESTERDAY       42                        26     16       28
  MONTH TO DATE  562                       459    103      420
  SINCE SEP 1   1134                      1052     82      893
  SINCE JUL 1   1183                      1082    101      928

 COOLING
  YESTERDAY        0                         0      0        0
  MONTH TO DATE    0                         0      0        0
  SINCE SEP 1     46                        59    -13       87
  SINCE JAN 1    442                       566   -124      626
..................................................................


WIND (MPH)
  RESULTANT WIND SPEED  18   RESULTANT WIND DIRECTION   W (290)
  HIGHEST WIND SPEED    28   HIGHEST WIND DIRECTION     W (290)
  HIGHEST GUST SPEED    40   HIGHEST GUST DIRECTION     W (270)
  AVERAGE WIND SPEED    18.4


SKY COVER
  AVERAGE SKY COVER 1.0


WEATHER CONDITIONS
 THE FOLLOWING WEATHER WAS RECORDED YESTERDAY.
  LIGHT SNOW
  HAZE
  BLOWING SNOW


RELATIVE HUMIDITY (PERCENT)
 HIGHEST    81           900 AM
 LOWEST     50           200 AM
 AVERAGE    66

..........................................................


THE MUSKEGON MI CLIMATE NORMALS FOR TODAY
                         NORMAL    RECORD    YEAR
 MAXIMUM TEMPERATURE (F)   44        69      1913
 MINIMUM TEMPERATURE (F)   32        19      1987
                                             1964
                                             1929


SUNRISE AND SUNSET
NOVEMBER 21 2014......SUNRISE   745 AM EST   SUNSET   516 PM EST
NOVEMBER 22 2014......SUNRISE   746 AM EST   SUNSET   515 PM EST


-  INDICATES NEGATIVE NUMBERS.
R  INDICATES RECORD WAS SET OR TIED.
MM INDICATES DATA IS MISSING.
T  INDICATES TRACE AMOUNT.




$$

JAM
