000
CDUS43 KGRR 220515
CLIMKG


CLIMATE REPORT
NATIONAL WEATHER SERVICE GRAND RAPIDS, MI
1213 AM EST MON DEC 22 2014


...................................

...THE MUSKEGON MI CLIMATE SUMMARY FOR DECEMBER 21 2014...

CLIMATE NORMAL PERIOD 1981 TO 2010
CLIMATE RECORD PERIOD 1896 TO 2014


WEATHER ITEM   OBSERVED TIME   RECORD YEAR NORMAL DEPARTURE LAST
                VALUE   (LST)  VALUE       VALUE  FROM      YEAR
                                                  NORMAL
..................................................................
TEMPERATURE (F)
 YESTERDAY
  MAXIMUM         35    836 PM  60    1967  34      1       32
  MINIMUM         31    156 AM  -3    1901  24      7       29
  AVERAGE         33                        29      4       31

PRECIPITATION (IN)
  YESTERDAY        T             0.76 1949   0.07  -0.07     0.03
  MONTH TO DATE    0.44                      1.83  -1.39     1.35
  SINCE DEC 1      0.44                      1.83  -1.39     1.35
  SINCE JAN 1     37.32                     32.77   4.55    42.41

SNOWFALL (IN)
  YESTERDAY        T            10.5  2008   1.0   -1.0      0.4
  MONTH TO DATE    1.1                      19.0  -17.9     17.0
  SINCE DEC 1      1.1                      19.0  -17.9     17.0
  SINCE JUL 1     25.6                      25.2    0.4     25.9
  SNOW DEPTH       T

DEGREE DAYS
 HEATING
  YESTERDAY       32                        36     -4       34
  MONTH TO DATE  674                       707    -33      794
  SINCE DEC 1    674                       707    -33      794
  SINCE JUL 1   2157                      2074     83     2065

 COOLING
  YESTERDAY        0                         0      0        0
  MONTH TO DATE    0                         0      0        0
  SINCE DEC 1      0                         0      0        0
  SINCE JAN 1    442                       566   -124      626
..................................................................


WIND (MPH)
  RESULTANT WIND SPEED   8   RESULTANT WIND DIRECTION  SE (150)
  HIGHEST WIND SPEED    15   HIGHEST WIND DIRECTION    SE (140)
  HIGHEST GUST SPEED    21   HIGHEST GUST DIRECTION    SE (140)
  AVERAGE WIND SPEED     8.6


SKY COVER
  AVERAGE SKY COVER 1.0


WEATHER CONDITIONS
 THE FOLLOWING WEATHER WAS RECORDED YESTERDAY.
  LIGHT SNOW
  FOG
  HAZE


RELATIVE HUMIDITY (PERCENT)
 HIGHEST    92           100 AM
 LOWEST     69          1000 PM
 AVERAGE    81

..........................................................


THE MUSKEGON MI CLIMATE NORMALS FOR TODAY
                         NORMAL    RECORD    YEAR
 MAXIMUM TEMPERATURE (F)   33        55      1957
 MINIMUM TEMPERATURE (F)   24        -3      1901


SUNRISE AND SUNSET
DECEMBER 22 2014......SUNRISE   814 AM EST   SUNSET   513 PM EST
DECEMBER 23 2014......SUNRISE   814 AM EST   SUNSET   514 PM EST


-  INDICATES NEGATIVE NUMBERS.
R  INDICATES RECORD WAS SET OR TIED.
MM INDICATES DATA IS MISSING.
T  INDICATES TRACE AMOUNT.




$$

JAM
