000
CDUS43 KGRR 170514
CLIMKG


CLIMATE REPORT
NATIONAL WEATHER SERVICE GRAND RAPIDS, MI
114 AM EDT THU APR 17 2014


...................................

...THE MUSKEGON MI CLIMATE SUMMARY FOR APRIL 16 2014...

CLIMATE NORMAL PERIOD 1981 TO 2010
CLIMATE RECORD PERIOD 1895 TO 2014


WEATHER ITEM   OBSERVED TIME   RECORD YEAR NORMAL DEPARTURE LAST
                VALUE   (LST)  VALUE       VALUE  FROM      YEAR
                                                  NORMAL
..................................................................
TEMPERATURE (F)
 YESTERDAY
  MAXIMUM         49    534 PM  81    1976  56     -7       49
  MINIMUM         22    451 AM  20    1907  38    -16       38
  AVERAGE         36                        47    -11       44

PRECIPITATION (IN)
  YESTERDAY        0.00          1.51 1961   0.10  -0.10     0.15
  MONTH TO DATE    1.89                      1.55   0.34     4.13
  SINCE MAR 1      3.56                      3.80  -0.24     5.38
  SINCE JAN 1      8.69                      7.66   1.03    14.82

SNOWFALL (IN)
  YESTERDAY        0.0          11.0  1961   0.1   -0.1      0.0
  MONTH TO DATE    1.6                       2.0   -0.4       T
  SINCE MAR 1      9.1                      11.0   -1.9      5.7
  SINCE JUL 1    132.7                      93.4   39.3     98.6
  SNOW DEPTH       0

DEGREE DAYS
 HEATING
  YESTERDAY       29                        18     11       21
  MONTH TO DATE  363                       339     24      400
  SINCE MAR 1   1551                      1269    282     1434
  SINCE JUL 1   6691                      6001    690     5856

 COOLING
  YESTERDAY        0                         0      0        0
  MONTH TO DATE    0                         0      0        0
  SINCE MAR 1      0                         0      0        0
  SINCE JAN 1      0                         0      0        0
..................................................................


WIND (MPH)
  RESULTANT WIND SPEED  11   RESULTANT WIND DIRECTION  SE (130)
  HIGHEST WIND SPEED    22   HIGHEST WIND DIRECTION    SE (120)
  HIGHEST GUST SPEED    29   HIGHEST GUST DIRECTION    SE (120)
  AVERAGE WIND SPEED    12.1


SKY COVER
  AVERAGE SKY COVER 0.5


WEATHER CONDITIONS
 THE FOLLOWING WEATHER WAS RECORDED YESTERDAY.
  NO SIGNIFICANT WEATHER WAS OBSERVED.


RELATIVE HUMIDITY (PERCENT)
 HIGHEST    74           300 AM
 LOWEST     29           300 PM
 AVERAGE    52

..........................................................


THE MUSKEGON MI CLIMATE NORMALS FOR TODAY
                         NORMAL    RECORD    YEAR
 MAXIMUM TEMPERATURE (F)   57        81      1977
 MINIMUM TEMPERATURE (F)   38        22      1948


SUNRISE AND SUNSET
APRIL 17 2014.........SUNRISE   700 AM EDT   SUNSET   830 PM EDT
APRIL 18 2014.........SUNRISE   658 AM EDT   SUNSET   831 PM EDT


-  INDICATES NEGATIVE NUMBERS.
R  INDICATES RECORD WAS SET OR TIED.
MM INDICATES DATA IS MISSING.
T  INDICATES TRACE AMOUNT.




$$
