000
CDUS43 KGRR 220529
CLIMKG


CLIMATE REPORT
NATIONAL WEATHER SERVICE GRAND RAPIDS, MI
128 AM EDT FRI SEP 22 2017


...................................

...THE MUSKEGON MI CLIMATE SUMMARY FOR SEPTEMBER 21 2017...

CLIMATE NORMAL PERIOD 1981 TO 2010
CLIMATE RECORD PERIOD 1896 TO 2017


WEATHER ITEM   OBSERVED TIME   RECORD YEAR NORMAL DEPARTURE LAST
                VALUE   (LST)  VALUE       VALUE  FROM      YEAR
                                                  NORMAL
..................................................................
TEMPERATURE (F)
 YESTERDAY
  MAXIMUM         86R   530 PM  86    1941  69     17       77
  MINIMUM         71    715 AM  31    1962  51     20       57
  AVERAGE         79                        60     19       67

PRECIPITATION (IN)
  YESTERDAY        0.00          3.46 1947   0.15  -0.15     0.34
  MONTH TO DATE    0.79                      2.72  -1.93     5.18
  SINCE SEP 1      0.79                      2.72  -1.93     5.18
  SINCE JAN 1     21.95                     23.30  -1.35    30.33

SNOWFALL (IN)
  YESTERDAY        0.0          MM      MM   0.0    0.0      0.0
  MONTH TO DATE    0.0                       0.0    0.0      0.0
  SINCE SEP 1      0.0                       0.0    0.0      0.0
  SINCE JUL 1      0.0                       0.0    0.0      0.0
  SNOW DEPTH       0

DEGREE DAYS
 HEATING
  YESTERDAY        0                         6     -6        0
  MONTH TO DATE   68                        73     -5        4
  SINCE SEP 1     68                        73     -5        4
  SINCE JUL 1     81                       103    -22       13

 COOLING
  YESTERDAY       14                         1     13        2
  MONTH TO DATE   49                        48      1       92
  SINCE SEP 1     49                        48      1       92
  SINCE JAN 1    543                       555    -12      756
..................................................................


WIND (MPH)
  RESULTANT WIND SPEED   3   RESULTANT WIND DIRECTION   S (180)
  HIGHEST WIND SPEED    17   HIGHEST WIND DIRECTION     W (280)
  HIGHEST GUST SPEED    24   HIGHEST GUST DIRECTION     W (270)
  AVERAGE WIND SPEED     5.7


SKY COVER
  AVERAGE SKY COVER 0.6


WEATHER CONDITIONS
 THE FOLLOWING WEATHER WAS RECORDED YESTERDAY.
  FOG


RELATIVE HUMIDITY (PERCENT)
 HIGHEST    90           400 AM
 LOWEST     55           600 PM
 AVERAGE    73

..........................................................


THE MUSKEGON MI CLIMATE NORMALS FOR TODAY
                         NORMAL    RECORD    YEAR
 MAXIMUM TEMPERATURE (F)   69        86      1946
 MINIMUM TEMPERATURE (F)   50        31      1976


SUNRISE AND SUNSET
SEPTEMBER 22 2017.....SUNRISE   732 AM EDT   SUNSET   742 PM EDT
SEPTEMBER 23 2017.....SUNRISE   734 AM EDT   SUNSET   740 PM EDT


-  INDICATES NEGATIVE NUMBERS.
R  INDICATES RECORD WAS SET OR TIED.
MM INDICATES DATA IS MISSING.
T  INDICATES TRACE AMOUNT.




$$
