083
CDUS43 KGRR 230516
CLIMKG


CLIMATE REPORT
NATIONAL WEATHER SERVICE GRAND RAPIDS, MI
116 AM EDT WED AUG 23 2017


...................................

...THE MUSKEGON MI CLIMATE SUMMARY FOR AUGUST 22 2017...

CLIMATE NORMAL PERIOD 1981 TO 2010
CLIMATE RECORD PERIOD 1896 TO 2017


WEATHER ITEM   OBSERVED TIME   RECORD YEAR NORMAL DEPARTURE LAST
                VALUE   (LST)  VALUE       VALUE  FROM      YEAR
                                                  NORMAL
..................................................................
TEMPERATURE (F)
 YESTERDAY
  MAXIMUM         77    136 PM  92    1947  78     -1       76
  MINIMUM         68   1027 PM  42    1907  61      7       55
  AVERAGE         73                        69      4       66

PRECIPITATION (IN)
  YESTERDAY        T             1.24 2002   0.10  -0.10     0.00
  MONTH TO DATE    1.33                      2.38  -1.05     1.74
  SINCE JUN 1      6.60                      7.30  -0.70    10.10
  SINCE JAN 1     21.08                     19.57   1.51    24.03

SNOWFALL (IN)
  YESTERDAY        0.0          MM      MM   0.0    0.0      0.0
  MONTH TO DATE    0.0                       0.0    0.0      0.0
  SINCE JUN 1      0.0                       0.0    0.0      0.0
  SINCE JUL 1      0.0                       0.0    0.0      0.0
  SNOW DEPTH       0

DEGREE DAYS
 HEATING
  YESTERDAY        0                         1     -1        0
  MONTH TO DATE    3                         5     -2        0
  SINCE JUN 1     37                        82    -45       47
  SINCE JUL 1      3                        16    -13        9

 COOLING
  YESTERDAY        8                         5      3        1
  MONTH TO DATE  123                       127     -4      195
  SINCE JUN 1    464                       434     30      553
  SINCE JAN 1    486                       463     23      597
..................................................................


WIND (MPH)
  RESULTANT WIND SPEED  11   RESULTANT WIND DIRECTION   W (270)
  HIGHEST WIND SPEED    23   HIGHEST WIND DIRECTION    NW (320)
  HIGHEST GUST SPEED    33   HIGHEST GUST DIRECTION     W (290)
  AVERAGE WIND SPEED    14.4


SKY COVER
  AVERAGE SKY COVER 0.6


WEATHER CONDITIONS
 THE FOLLOWING WEATHER WAS RECORDED YESTERDAY.
  LIGHT RAIN


RELATIVE HUMIDITY (PERCENT)
 HIGHEST    87           100 AM
 LOWEST     49           600 PM
 AVERAGE    68

..........................................................


THE MUSKEGON MI CLIMATE NORMALS FOR TODAY
                         NORMAL    RECORD    YEAR
 MAXIMUM TEMPERATURE (F)   78        93      1905
 MINIMUM TEMPERATURE (F)   60        44      1952
                                             1951


SUNRISE AND SUNSET
AUGUST 23 2017........SUNRISE   700 AM EDT   SUNSET   835 PM EDT
AUGUST 24 2017........SUNRISE   701 AM EDT   SUNSET   833 PM EDT


-  INDICATES NEGATIVE NUMBERS.
R  INDICATES RECORD WAS SET OR TIED.
MM INDICATES DATA IS MISSING.
T  INDICATES TRACE AMOUNT.




$$
