000
CDUS43 KGRR 190528
CLIMKG


CLIMATE REPORT
NATIONAL WEATHER SERVICE GRAND RAPIDS, MI
128 AM EDT FRI AUG 19 2016


...................................

...THE MUSKEGON MI CLIMATE SUMMARY FOR AUGUST 18 2016...

CLIMATE NORMAL PERIOD 1981 TO 2010
CLIMATE RECORD PERIOD 1896 TO 2016


WEATHER ITEM   OBSERVED TIME   RECORD YEAR NORMAL DEPARTURE LAST
                VALUE   (LST)  VALUE       VALUE  FROM      YEAR
                                                  NORMAL
..................................................................
TEMPERATURE (F)
 YESTERDAY
  MAXIMUM         86    214 PM  91    1947  79      7       81
  MINIMUM         63    612 AM  43    1943  61      2       69
  AVERAGE         75                        70      5       75

PRECIPITATION (IN)
  YESTERDAY        0.00          0.97 1991   0.12  -0.12     0.33
  MONTH TO DATE    0.96                      1.96  -1.00     1.26
  SINCE JUN 1      9.32                      6.88   2.44     9.61
  SINCE JAN 1     23.25                     19.15   4.10    22.04

SNOWFALL (IN)
  YESTERDAY        0.0          MM      MM   0.0    0.0      0.0
  MONTH TO DATE    0.0                       0.0    0.0      0.0
  SINCE JUN 1      0.0                       0.0    0.0      0.0
  SINCE JUL 1      0.0                       0.0    0.0      0.0
  SNOW DEPTH       0

DEGREE DAYS
 HEATING
  YESTERDAY        0                         1     -1        0
  MONTH TO DATE    0                         1     -1        0
  SINCE JUN 1     47                        78    -31       48
  SINCE JUL 1      9                        12     -3       15

 COOLING
  YESTERDAY       10                         5      5       10
  MONTH TO DATE  172                       107     65      146
  SINCE JUN 1    530                       414    116      386
  SINCE JAN 1    574                       443    131      425
..................................................................


WIND (MPH)
  RESULTANT WIND SPEED   5   RESULTANT WIND DIRECTION   S (180)
  HIGHEST WIND SPEED    14   HIGHEST WIND DIRECTION    SW (210)
  HIGHEST GUST SPEED    17   HIGHEST GUST DIRECTION    SW (210)
  AVERAGE WIND SPEED     6.1


SKY COVER
  AVERAGE SKY COVER 0.2


WEATHER CONDITIONS
 THE FOLLOWING WEATHER WAS RECORDED YESTERDAY.
  FOG


RELATIVE HUMIDITY (PERCENT)
 HIGHEST    93          1200 AM
 LOWEST     51          1200 PM
 AVERAGE    72

..........................................................


THE MUSKEGON MI CLIMATE NORMALS FOR TODAY
                         NORMAL    RECORD    YEAR
 MAXIMUM TEMPERATURE (F)   79        94      1947
 MINIMUM TEMPERATURE (F)   61        45      1943


SUNRISE AND SUNSET
AUGUST 19 2016........SUNRISE   655 AM EDT   SUNSET   841 PM EDT
AUGUST 20 2016........SUNRISE   657 AM EDT   SUNSET   839 PM EDT


-  INDICATES NEGATIVE NUMBERS.
R  INDICATES RECORD WAS SET OR TIED.
MM INDICATES DATA IS MISSING.
T  INDICATES TRACE AMOUNT.




$$
