000
CDUS43 KGRR 152126
CLIMKG


CLIMATE REPORT
NATIONAL WEATHER SERVICE GRAND RAPIDS, MI
524 PM EDT TUE AUG 15 2017


...................................

...THE MUSKEGON MI CLIMATE SUMMARY FOR AUGUST 15 2017...
VALID TODAY AS OF 0500 PM LOCAL TIME.

CLIMATE NORMAL PERIOD 1981 TO 2010
CLIMATE RECORD PERIOD 1896 TO 2017


WEATHER ITEM   OBSERVED TIME   RECORD YEAR NORMAL DEPARTURE LAST
                VALUE   (LST)  VALUE       VALUE  FROM      YEAR
                                                  NORMAL
..................................................................
TEMPERATURE (F)
 TODAY
  MAXIMUM         84    221 PM  93    1944  79      5       83
  MINIMUM         62    343 AM  40    1929  62      0       65
  AVERAGE         73                        70      3       74

PRECIPITATION (IN)
  TODAY            0.00          1.08 1959   0.11  -0.11      T
  MONTH TO DATE    0.66                      1.61  -0.95     0.96
  SINCE JUN 1      5.93                      6.53  -0.60     9.32
  SINCE JAN 1     20.41                     18.80   1.61    23.25

SNOWFALL (IN)
  TODAY            0.0          MM      MM   0.0    0.0      0.0
  MONTH TO DATE    0.0                       0.0    0.0      0.0
  SINCE JUN 1      0.0                       0.0    0.0      0.0
  SINCE JUL 1      0.0                       0.0    0.0      0.0
  SNOW DEPTH       0

DEGREE DAYS
 HEATING
  TODAY            0                         0      0        0
  MONTH TO DATE    3                         0      3        0
  SINCE JUN 1     37                        77    -40       47
  SINCE JUL 1      3                        11     -8        9

 COOLING
  TODAY            8                         6      2        9
  MONTH TO DATE   73                        90    -17      141
  SINCE JUN 1    414                       397     17      499
  SINCE JAN 1    436                       426     10      543
..................................................................


WIND (MPH)
  RESULTANT WIND SPEED   3   RESULTANT WIND DIRECTION  NE (40)
  HIGHEST WIND SPEED    13   HIGHEST WIND DIRECTION     W (290)
  HIGHEST GUST SPEED    19   HIGHEST GUST DIRECTION     N (20)
  AVERAGE WIND SPEED     5.5


SKY COVER
  AVERAGE SKY COVER 0.6


WEATHER CONDITIONS
 THE FOLLOWING WEATHER WAS RECORDED TODAY.
  NO SIGNIFICANT WEATHER WAS OBSERVED.


RELATIVE HUMIDITY (PERCENT)
 HIGHEST    93           300 AM
 LOWEST     40           200 PM
 AVERAGE    67

..........................................................


THE MUSKEGON MI CLIMATE NORMALS FOR TOMORROW
                         NORMAL    RECORD    YEAR
 MAXIMUM TEMPERATURE (F)   79        95      1988
 MINIMUM TEMPERATURE (F)   61        36      1979


SUNRISE AND SUNSET
AUGUST 15 2017........SUNRISE   651 AM EDT   SUNSET   847 PM EDT
AUGUST 16 2017........SUNRISE   652 AM EDT   SUNSET   846 PM EDT


-  INDICATES NEGATIVE NUMBERS.
R  INDICATES RECORD WAS SET OR TIED.
MM INDICATES DATA IS MISSING.
T  INDICATES TRACE AMOUNT.




$$

63
