000
CDUS43 KGRR 201336
CLIMKG


CLIMATE REPORT
NATIONAL WEATHER SERVICE GRAND RAPIDS, MI
936 AM EDT TUE SEP 20 2016


...................................

...THE MUSKEGON MI CLIMATE SUMMARY FOR SEPTEMBER 20 2016...
VALID AS OF 0900 AM LOCAL TIME.

CLIMATE NORMAL PERIOD 1981 TO 2010
CLIMATE RECORD PERIOD 1896 TO 2016


WEATHER ITEM   OBSERVED TIME   RECORD YEAR NORMAL DEPARTURE LAST
                VALUE   (LST)  VALUE       VALUE  FROM      YEAR
                                                  NORMAL
..................................................................
TEMPERATURE (F)
 TODAY
  MAXIMUM         68    306 AM  85    1908  70     -2       70
  MINIMUM         59    724 AM  33    1956  51      8       49
  AVERAGE         64                        60      4       60

PRECIPITATION (IN)
  TODAY            T             1.88 1924   0.14  -0.14     0.00
  MONTH TO DATE    4.84                      2.57   2.27     2.34
  SINCE SEP 1      4.84                      2.57   2.27     2.34
  SINCE JAN 1     29.99                     23.15   6.84    25.47

SNOWFALL (IN)
  TODAY            0.0          MM      MM   0.0    0.0      0.0
  MONTH TO DATE    0.0                       0.0    0.0      0.0
  SINCE SEP 1      0.0                       0.0    0.0      0.0
  SINCE JUL 1      0.0                       0.0    0.0      0.0
  SNOW DEPTH       0

DEGREE DAYS
 HEATING
  TODAY            1                         6     -5        5
  MONTH TO DATE    5                        67    -62       30
  SINCE SEP 1      5                        67    -62       30
  SINCE JUL 1     14                        97    -83       62

 COOLING
  TODAY            0                         1     -1        0
  MONTH TO DATE   84                        47     37      105
  SINCE SEP 1     84                        47     37      105
  SINCE JAN 1    748                       554    194      559
..................................................................


WIND (MPH)
  RESULTANT WIND SPEED   0   RESULTANT WIND DIRECTION  MM
  HIGHEST WIND SPEED     9   HIGHEST WIND DIRECTION    NW (320)
  HIGHEST GUST SPEED    10   HIGHEST GUST DIRECTION    NW (320)
  AVERAGE WIND SPEED     0.0


SKY COVER
  AVERAGE SKY COVER 0.2


WEATHER CONDITIONS
 THE FOLLOWING WEATHER WAS RECORDED TODAY.
  LIGHT RAIN
  FOG
  FOG W/VISIBILITY <= 1/4 MILE


RELATIVE HUMIDITY (PERCENT)
 HIGHEST   100           600 AM
 LOWEST     93           200 AM
 AVERAGE    97

..........................................................


THE MUSKEGON MI CLIMATE NORMALS FOR TOMORROW
                         NORMAL    RECORD    YEAR
 MAXIMUM TEMPERATURE (F)   69        86      1941
 MINIMUM TEMPERATURE (F)   51        31      1962


SUNRISE AND SUNSET
SEPTEMBER 20 2016.....SUNRISE   731 AM EDT   SUNSET   745 PM EDT
SEPTEMBER 21 2016.....SUNRISE   732 AM EDT   SUNSET   743 PM EDT


-  INDICATES NEGATIVE NUMBERS.
R  INDICATES RECORD WAS SET OR TIED.
MM INDICATES DATA IS MISSING.
T  INDICATES TRACE AMOUNT.




$$
