000
CDUS43 KGRR 240517
CLIMKG


CLIMATE REPORT
NATIONAL WEATHER SERVICE GRAND RAPIDS, MI
113 AM EDT MON AUG 24 2015


...................................

...THE MUSKEGON MI CLIMATE SUMMARY FOR AUGUST 23 2015...

CLIMATE NORMAL PERIOD 1981 TO 2010
CLIMATE RECORD PERIOD 1896 TO 2015


WEATHER ITEM   OBSERVED TIME   RECORD YEAR NORMAL DEPARTURE LAST
                VALUE   (LST)  VALUE       VALUE  FROM      YEAR
                                                  NORMAL
..................................................................
TEMPERATURE (F)
 YESTERDAY
  MAXIMUM         74    345 PM  93    1905  78     -4       84
  MINIMUM         63    418 AM  44    1952  60      3       67
                                      1951
  AVERAGE         69                        69      0       76

PRECIPITATION (IN)
  YESTERDAY        0.44          1.86 1975   0.11   0.33     0.00
  MONTH TO DATE    1.86                      2.49  -0.63     1.36
  SINCE JUN 1     10.21                      7.41   2.80    12.11
  SINCE JAN 1     22.64                     19.68   2.96    25.41

SNOWFALL (IN)
  YESTERDAY        0.0          MM      MM   0.0    0.0      0.0
  MONTH TO DATE    0.0                       0.0    0.0      0.0
  SINCE JUN 1      0.0                       0.0    0.0      0.0
  SINCE JUL 1      0.0                       0.0    0.0      0.0
  SNOW DEPTH       0

DEGREE DAYS
 HEATING
  YESTERDAY        0                         1     -1        0
  MONTH TO DATE    1                         6     -5       17
  SINCE JUN 1     49                        83    -34       79
  SINCE JUL 1     16                        17     -1       48

 COOLING
  YESTERDAY        4                         5     -1       11
  MONTH TO DATE  168                       132     36      119
  SINCE JUN 1    408                       439    -31      328
  SINCE JAN 1    447                       468    -21      345
..................................................................


WIND (MPH)
  RESULTANT WIND SPEED   4   RESULTANT WIND DIRECTION  SW (210)
  HIGHEST WIND SPEED    24   HIGHEST WIND DIRECTION     W (290)
  HIGHEST GUST SPEED    31   HIGHEST GUST DIRECTION     W (290)
  AVERAGE WIND SPEED    12.2


SKY COVER
  AVERAGE SKY COVER 0.7


WEATHER CONDITIONS
 THE FOLLOWING WEATHER WAS RECORDED YESTERDAY.
  THUNDERSTORM
  HEAVY RAIN
  RAIN
  LIGHT RAIN
  FOG


RELATIVE HUMIDITY (PERCENT)
 HIGHEST    78           100 AM
 LOWEST     53           500 PM
 AVERAGE    66

..........................................................


THE MUSKEGON MI CLIMATE NORMALS FOR TODAY
                         NORMAL    RECORD    YEAR
 MAXIMUM TEMPERATURE (F)   78        96      1947
 MINIMUM TEMPERATURE (F)   60        40      1942


SUNRISE AND SUNSET
AUGUST 24 2015........SUNRISE   700 AM EDT   SUNSET   834 PM EDT
AUGUST 25 2015........SUNRISE   701 AM EDT   SUNSET   832 PM EDT


-  INDICATES NEGATIVE NUMBERS.
R  INDICATES RECORD WAS SET OR TIED.
MM INDICATES DATA IS MISSING.
T  INDICATES TRACE AMOUNT.




$$
