000
CDUS43 KGRR 180512
CLIMKG


CLIMATE REPORT
NATIONAL WEATHER SERVICE GRAND RAPIDS, MI
112 AM EDT MON AUG 18 2014


...................................

...THE MUSKEGON MI CLIMATE SUMMARY FOR AUGUST 17 2014...

CLIMATE NORMAL PERIOD 1981 TO 2010
CLIMATE RECORD PERIOD 1896 TO 2014


WEATHER ITEM   OBSERVED TIME   RECORD YEAR NORMAL DEPARTURE LAST
                VALUE   (LST)  VALUE       VALUE  FROM      YEAR
                                                  NORMAL
..................................................................
TEMPERATURE (F)
 YESTERDAY
  MAXIMUM         78    214 PM  93    1988  79     -1       81
  MINIMUM         64    730 AM  44    1954  61      3       54
  AVERAGE         71                        70      1       68

PRECIPITATION (IN)
  YESTERDAY        T             1.79 1914   0.11  -0.11     0.00
  MONTH TO DATE    0.68                      1.84  -1.16     0.34
  SINCE JUN 1     11.43                      6.76   4.67     6.96
  SINCE JAN 1     24.73                     19.03   5.70    29.65

SNOWFALL (IN)
  YESTERDAY        0.0          MM      MM   0.0    0.0      0.0
  MONTH TO DATE    0.0                       0.0    0.0      0.0
  SINCE JUN 1      0.0                       0.0    0.0      0.0
  SINCE JUL 1      0.0                       0.0    0.0      0.0
  SNOW DEPTH       0

DEGREE DAYS
 HEATING
  YESTERDAY        0                         0      0        0
  MONTH TO DATE   17                         0     17       18
  SINCE JUN 1     79                        77      2       87
  SINCE JUL 1     48                        11     37       35

 COOLING
  YESTERDAY        6                         6      0        3
  MONTH TO DATE   71                       102    -31       42
  SINCE JUN 1    280                       409   -129      360
  SINCE JAN 1    297                       438   -141      420
..................................................................


WIND (MPH)
  RESULTANT WIND SPEED   4   RESULTANT WIND DIRECTION  NE (30)
  HIGHEST WIND SPEED    12   HIGHEST WIND DIRECTION    NE (50)
  HIGHEST GUST SPEED    15   HIGHEST GUST DIRECTION    NE (50)
  AVERAGE WIND SPEED     5.4


SKY COVER
  AVERAGE SKY COVER 0.8


WEATHER CONDITIONS
 THE FOLLOWING WEATHER WAS RECORDED YESTERDAY.
  LIGHT RAIN
  FOG


RELATIVE HUMIDITY (PERCENT)
 HIGHEST    90          1200 AM
 LOWEST     60           200 PM
 AVERAGE    75

..........................................................


THE MUSKEGON MI CLIMATE NORMALS FOR TODAY
                         NORMAL    RECORD    YEAR
 MAXIMUM TEMPERATURE (F)   79        91      1947
 MINIMUM TEMPERATURE (F)   61        43      1943


SUNRISE AND SUNSET
AUGUST 18 2014........SUNRISE   654 AM EDT   SUNSET   843 PM EDT
AUGUST 19 2014........SUNRISE   655 AM EDT   SUNSET   841 PM EDT


-  INDICATES NEGATIVE NUMBERS.
R  INDICATES RECORD WAS SET OR TIED.
MM INDICATES DATA IS MISSING.
T  INDICATES TRACE AMOUNT.




$$
