000
CDUS43 KGRR 090518
CLIMKG


CLIMATE REPORT
NATIONAL WEATHER SERVICE GRAND RAPIDS, MI
118 AM EDT WED AUG 9 2017


...................................

...THE MUSKEGON MI CLIMATE SUMMARY FOR AUGUST 8 2017...

CLIMATE NORMAL PERIOD 1981 TO 2010
CLIMATE RECORD PERIOD 1896 TO 2017


WEATHER ITEM   OBSERVED TIME   RECORD YEAR NORMAL DEPARTURE LAST
                VALUE   (LST)  VALUE       VALUE  FROM      YEAR
                                                  NORMAL
..................................................................
TEMPERATURE (F)
 YESTERDAY
  MAXIMUM         80    329 PM  90    1941  80      0       84
                                      1914
                                      1900
  MINIMUM         54    147 AM  44    1989  62     -8       57
  AVERAGE         67                        71     -4       71

PRECIPITATION (IN)
  YESTERDAY        0.00          1.95 1991   0.11  -0.11     0.00
  MONTH TO DATE    0.44                      0.83  -0.39     0.00
  SINCE JUN 1      5.71                      5.75  -0.04     8.36
  SINCE JAN 1     20.19                     18.02   2.17    22.29

SNOWFALL (IN)
  YESTERDAY        0.0          MM      MM   0.0    0.0      0.0
  MONTH TO DATE    0.0                       0.0    0.0      0.0
  SINCE JUN 1      0.0                       0.0    0.0      0.0
  SINCE JUL 1      0.0                       0.0    0.0      0.0
  SNOW DEPTH       0

DEGREE DAYS
 HEATING
  YESTERDAY        0                         0      0        0
  MONTH TO DATE    1                         0      1        0
  SINCE JUN 1     35                        77    -42       47
  SINCE JUL 1      1                        11    -10        9

 COOLING
  YESTERDAY        2                         6     -4        6
  MONTH TO DATE   36                        48    -12       69
  SINCE JUN 1    377                       355     22      427
  SINCE JAN 1    399                       384     15      471
..................................................................


WIND (MPH)
  RESULTANT WIND SPEED   5   RESULTANT WIND DIRECTION   W (260)
  HIGHEST WIND SPEED    13   HIGHEST WIND DIRECTION     W (290)
  HIGHEST GUST SPEED    18   HIGHEST GUST DIRECTION     W (280)
  AVERAGE WIND SPEED     5.6


SKY COVER
  AVERAGE SKY COVER 0.2


WEATHER CONDITIONS
 THE FOLLOWING WEATHER WAS RECORDED YESTERDAY.
  NO SIGNIFICANT WEATHER WAS OBSERVED.


RELATIVE HUMIDITY (PERCENT)
 HIGHEST    90           500 AM
 LOWEST     48          1100 AM
 AVERAGE    69

..........................................................


THE MUSKEGON MI CLIMATE NORMALS FOR TODAY
                         NORMAL    RECORD    YEAR
 MAXIMUM TEMPERATURE (F)   80        91      1970
 MINIMUM TEMPERATURE (F)   62        40      1964


SUNRISE AND SUNSET
AUGUST  9 2017........SUNRISE   644 AM EDT   SUNSET   856 PM EDT
AUGUST 10 2017........SUNRISE   645 AM EDT   SUNSET   854 PM EDT


-  INDICATES NEGATIVE NUMBERS.
R  INDICATES RECORD WAS SET OR TIED.
MM INDICATES DATA IS MISSING.
T  INDICATES TRACE AMOUNT.




$$
