000
CDUS43 KGRR 160515
CLIMKG


CLIMATE REPORT
NATIONAL WEATHER SERVICE GRAND RAPIDS, MI
115 AM EDT WED APR 16 2014


...................................

...THE MUSKEGON MI CLIMATE SUMMARY FOR APRIL 15 2014...

CLIMATE NORMAL PERIOD 1981 TO 2010
CLIMATE RECORD PERIOD 1895 TO 2014


WEATHER ITEM   OBSERVED TIME   RECORD YEAR NORMAL DEPARTURE LAST
                VALUE   (LST)  VALUE       VALUE  FROM      YEAR
                                                  NORMAL
..................................................................
TEMPERATURE (F)
 YESTERDAY
  MAXIMUM         33    353 PM  80    2002  56    -23       61
  MINIMUM         25   1159 PM  16    1943  37    -12       45
  AVERAGE         29                        46    -17       53

PRECIPITATION (IN)
  YESTERDAY        T             1.48 1991   0.10  -0.10     0.52
  MONTH TO DATE    1.89                      1.45   0.44     3.98
  SINCE MAR 1      3.56                      3.70  -0.14     5.23
  SINCE JAN 1      8.69                      7.56   1.13    14.67

SNOWFALL (IN)
  YESTERDAY        T             3.0  1904   0.1   -0.1      0.0
  MONTH TO DATE    1.6                       1.9   -0.3       T
  SINCE MAR 1      9.1                      10.9   -1.8      5.7
  SINCE JUL 1    132.7                      93.3   39.4     98.6
  SNOW DEPTH       1

DEGREE DAYS
 HEATING
  YESTERDAY       36                        19     17       12
  MONTH TO DATE  334                       321     13      379
  SINCE MAR 1   1522                      1251    271     1413
  SINCE JUL 1   6662                      5983    679     5835

 COOLING
  YESTERDAY        0                         0      0        0
  MONTH TO DATE    0                         0      0        0
  SINCE MAR 1      0                         0      0        0
  SINCE JAN 1      0                         0      0        0
..................................................................


WIND (MPH)
  RESULTANT WIND SPEED  10   RESULTANT WIND DIRECTION  NW (320)
  HIGHEST WIND SPEED    26   HIGHEST WIND DIRECTION     N (340)
  HIGHEST GUST SPEED    34   HIGHEST GUST DIRECTION     N (350)
  AVERAGE WIND SPEED    12.4


SKY COVER
  AVERAGE SKY COVER 0.6


WEATHER CONDITIONS
 THE FOLLOWING WEATHER WAS RECORDED YESTERDAY.
  LIGHT SNOW


RELATIVE HUMIDITY (PERCENT)
 HIGHEST    75          1200 AM
 LOWEST     38           300 PM
 AVERAGE    57

..........................................................


THE MUSKEGON MI CLIMATE NORMALS FOR TODAY
                         NORMAL    RECORD    YEAR
 MAXIMUM TEMPERATURE (F)   56        81      1976
 MINIMUM TEMPERATURE (F)   38        20      1907


SUNRISE AND SUNSET
APRIL 16 2014.........SUNRISE   701 AM EDT   SUNSET   829 PM EDT
APRIL 17 2014.........SUNRISE   700 AM EDT   SUNSET   830 PM EDT


-  INDICATES NEGATIVE NUMBERS.
R  INDICATES RECORD WAS SET OR TIED.
MM INDICATES DATA IS MISSING.
T  INDICATES TRACE AMOUNT.




$$
