000
CDUS43 KGRR 210513
CLIMKG


CLIMATE REPORT
NATIONAL WEATHER SERVICE GRAND RAPIDS, MI
112 AM EDT THU MAY 21 2015


...................................

...THE MUSKEGON MI CLIMATE SUMMARY FOR MAY 20 2015...

CLIMATE NORMAL PERIOD 1981 TO 2010
CLIMATE RECORD PERIOD 1896 TO 2015


WEATHER ITEM   OBSERVED TIME   RECORD YEAR NORMAL DEPARTURE LAST
                VALUE   (LST)  VALUE       VALUE  FROM      YEAR
                                                  NORMAL
..................................................................
TEMPERATURE (F)
 YESTERDAY
  MAXIMUM         54   1106 AM  90    2012  68    -14       74
  MINIMUM         35    517 AM  30    1924  48    -13       55
                                      1906
  AVERAGE         45                        58    -13       65

PRECIPITATION (IN)
  YESTERDAY        0.00          1.47 1996   0.12  -0.12     0.01
  MONTH TO DATE    2.28                      2.10   0.18     3.48
  SINCE MAR 1      8.13                      7.26   0.87     7.93
  SINCE JAN 1     11.42                     11.12   0.30    13.06

SNOWFALL (IN)
  YESTERDAY        0.0           0.0    MM   0.0    0.0      0.0
  MONTH TO DATE    0.0                       0.0    0.0      0.0
  SINCE MAR 1      4.0                      11.3   -7.3      9.1
  SINCE JUL 1     92.1                      93.7   -1.6    132.7
  SNOW DEPTH       0

DEGREE DAYS
 HEATING
  YESTERDAY       20                         8     12        0
  MONTH TO DATE  148                       207    -59      226
  SINCE MAR 1   1690                      1693     -3     1991
  SINCE JUL 1   6815                      6425    390     7131

 COOLING
  YESTERDAY        0                         1     -1        0
  MONTH TO DATE   22                        12     10        7
  SINCE MAR 1     22                        16      6        7
  SINCE JAN 1     22                        16      6        7
..................................................................


WIND (MPH)
  RESULTANT WIND SPEED   4   RESULTANT WIND DIRECTION  NW (330)
  HIGHEST WIND SPEED    14   HIGHEST WIND DIRECTION     W (290)
  HIGHEST GUST SPEED    18   HIGHEST GUST DIRECTION     N (340)
  AVERAGE WIND SPEED     5.4


SKY COVER
  AVERAGE SKY COVER 0.5


WEATHER CONDITIONS
 THE FOLLOWING WEATHER WAS RECORDED YESTERDAY.
  NO SIGNIFICANT WEATHER WAS OBSERVED.


RELATIVE HUMIDITY (PERCENT)
 HIGHEST    75           500 AM
 LOWEST     28          1100 AM
 AVERAGE    52

..........................................................


THE MUSKEGON MI CLIMATE NORMALS FOR TODAY
                         NORMAL    RECORD    YEAR
 MAXIMUM TEMPERATURE (F)   68        88      1977
 MINIMUM TEMPERATURE (F)   48        27      2002


SUNRISE AND SUNSET
MAY 21 2015...........SUNRISE   616 AM EDT   SUNSET   908 PM EDT
MAY 22 2015...........SUNRISE   615 AM EDT   SUNSET   909 PM EDT


-  INDICATES NEGATIVE NUMBERS.
R  INDICATES RECORD WAS SET OR TIED.
MM INDICATES DATA IS MISSING.
T  INDICATES TRACE AMOUNT.




$$
