000
CDUS43 KGRR 110540
CLIMKG


CLIMATE REPORT
NATIONAL WEATHER SERVICE GRAND RAPIDS, MI
140 AM EDT MON SEP 11 2017


...................................

...THE MUSKEGON MI CLIMATE SUMMARY FOR SEPTEMBER 10 2017...

CLIMATE NORMAL PERIOD 1981 TO 2010
CLIMATE RECORD PERIOD 1896 TO 2017


WEATHER ITEM   OBSERVED TIME   RECORD YEAR NORMAL DEPARTURE LAST
                VALUE   (LST)  VALUE       VALUE  FROM      YEAR
                                                  NORMAL
..................................................................
TEMPERATURE (F)
 YESTERDAY
  MAXIMUM         71    423 PM  88    1983  74     -3       76
                                      1961
                                      1912
  MINIMUM         42    622 AM  39    1995  55    -13       62
  AVERAGE         57                        64     -7       69

PRECIPITATION (IN)
  YESTERDAY        0.00          4.06 1986   0.13  -0.13     0.19
  MONTH TO DATE    0.79                      1.23  -0.44     4.49
  SINCE SEP 1      0.79                      1.23  -0.44     4.49
  SINCE JAN 1     21.95                     21.81   0.14    29.64

SNOWFALL (IN)
  YESTERDAY        0.0          MM      MM   0.0    0.0      0.0
  MONTH TO DATE    0.0                       0.0    0.0      0.0
  SINCE SEP 1      0.0                       0.0    0.0      0.0
  SINCE JUL 1      0.0                       0.0    0.0      0.0
  SNOW DEPTH       0

DEGREE DAYS
 HEATING
  YESTERDAY        8                         3      5        0
  MONTH TO DATE   59                        23     36        1
  SINCE SEP 1     59                        23     36        1
  SINCE JUL 1     72                        53     19       10

 COOLING
  YESTERDAY        0                         2     -2        4
  MONTH TO DATE    2                        31    -29       60
  SINCE SEP 1      2                        31    -29       60
  SINCE JAN 1    496                       538    -42      724
..................................................................


WIND (MPH)
  RESULTANT WIND SPEED   3   RESULTANT WIND DIRECTION   E (110)
  HIGHEST WIND SPEED    12   HIGHEST WIND DIRECTION    SE (120)
  HIGHEST GUST SPEED    19   HIGHEST GUST DIRECTION     E (100)
  AVERAGE WIND SPEED     3.7


SKY COVER
  AVERAGE SKY COVER 0.0


WEATHER CONDITIONS
 THE FOLLOWING WEATHER WAS RECORDED YESTERDAY.
  NO SIGNIFICANT WEATHER WAS OBSERVED.


RELATIVE HUMIDITY (PERCENT)
 HIGHEST    93           900 PM
 LOWEST     39           600 PM
 AVERAGE    66

..........................................................


THE MUSKEGON MI CLIMATE NORMALS FOR TODAY
                         NORMAL    RECORD    YEAR
 MAXIMUM TEMPERATURE (F)   73        88      1952
 MINIMUM TEMPERATURE (F)   55        34      1943


SUNRISE AND SUNSET
SEPTEMBER 11 2017.....SUNRISE   720 AM EDT   SUNSET   802 PM EDT
SEPTEMBER 12 2017.....SUNRISE   721 AM EDT   SUNSET   800 PM EDT


-  INDICATES NEGATIVE NUMBERS.
R  INDICATES RECORD WAS SET OR TIED.
MM INDICATES DATA IS MISSING.
T  INDICATES TRACE AMOUNT.




$$
