000
CDUS43 KGRR 180523
CLIMKG


CLIMATE REPORT
NATIONAL WEATHER SERVICE GRAND RAPIDS, MI
1222 AM EST SUN FEB 18 2018


...................................

...THE MUSKEGON MI CLIMATE SUMMARY FOR FEBRUARY 17 2018...

CLIMATE NORMAL PERIOD 1981 TO 2010
CLIMATE RECORD PERIOD 1896 TO 2018


WEATHER ITEM   OBSERVED TIME   RECORD YEAR NORMAL DEPARTURE LAST
                VALUE   (LST)  VALUE       VALUE  FROM      YEAR
                                                  NORMAL
..................................................................
TEMPERATURE (F)
 YESTERDAY
  MAXIMUM         33   1054 PM  55    2017  34     -1       55
  MINIMUM         24    654 AM -15    1904  21      3       28
  AVERAGE         29                        27      2       42

PRECIPITATION (IN)
  YESTERDAY        0.10          0.85 2008   0.07   0.03     0.00
  MONTH TO DATE    1.49                      1.04   0.45     0.16
  SINCE DEC 1      7.18                      5.62   1.56     5.41
  SINCE JAN 1      4.41                      3.07   1.34     3.19

SNOWFALL (IN)
  YESTERDAY        1.0           6.2  2014   0.7    0.3      0.0
  MONTH TO DATE   20.9                      12.7    8.2      0.3
  SINCE DEC 1     91.6                      69.6   22.0     40.7
  SINCE JUL 1     91.6                      75.8   15.8     41.7
  SNOW DEPTH       3

DEGREE DAYS
 HEATING
  YESTERDAY       36                        38     -2       23
  MONTH TO DATE  715                       662     53      581
  SINCE DEC 1   3071                      2967    104     2719
  SINCE JUL 1   4230                      4334   -104     3624

 COOLING
  YESTERDAY        0                         0      0        0
  MONTH TO DATE    0                         0      0        0
  SINCE DEC 1      0                         0      0        0
  SINCE JAN 1      0                         0      0        0
..................................................................


WIND (MPH)
  RESULTANT WIND SPEED   9   RESULTANT WIND DIRECTION  SW (210)
  HIGHEST WIND SPEED    20   HIGHEST WIND DIRECTION    SW (210)
  HIGHEST GUST SPEED    24   HIGHEST GUST DIRECTION    SW (220)
  AVERAGE WIND SPEED    10.8


SKY COVER
  AVERAGE SKY COVER 0.7


WEATHER CONDITIONS
 THE FOLLOWING WEATHER WAS RECORDED YESTERDAY.
  SNOW
  LIGHT SNOW
  FOG
  FOG W/VISIBILITY <= 1/4 MILE


RELATIVE HUMIDITY (PERCENT)
 HIGHEST    92           900 PM
 LOWEST     55          1200 AM
 AVERAGE    74

..........................................................


THE MUSKEGON MI CLIMATE NORMALS FOR TODAY
                         NORMAL    RECORD    YEAR
 MAXIMUM TEMPERATURE (F)   34        54      2017
                                             1994
 MINIMUM TEMPERATURE (F)   21        -8      1936


SUNRISE AND SUNSET
FEBRUARY 18 2018......SUNRISE   738 AM EST   SUNSET   620 PM EST
FEBRUARY 19 2018......SUNRISE   737 AM EST   SUNSET   621 PM EST


-  INDICATES NEGATIVE NUMBERS.
R  INDICATES RECORD WAS SET OR TIED.
MM INDICATES DATA IS MISSING.
T  INDICATES TRACE AMOUNT.




$$
