000
CDUS43 KGRR 270534
CLIMKG


CLIMATE REPORT
NATIONAL WEATHER SERVICE GRAND RAPIDS, MI
132 AM EDT SAT SEP 27 2014


...................................

...THE MUSKEGON MI CLIMATE SUMMARY FOR SEPTEMBER 26 2014...

CLIMATE NORMAL PERIOD 1981 TO 2010
CLIMATE RECORD PERIOD 1896 TO 2014


WEATHER ITEM   OBSERVED TIME   RECORD YEAR NORMAL DEPARTURE LAST
                VALUE   (LST)  VALUE       VALUE  FROM      YEAR
                                                  NORMAL
..................................................................
TEMPERATURE (F)
 YESTERDAY
  MAXIMUM         78    235 PM  86    1920  67     11       76
  MINIMUM         51    647 AM  28    1947  49      2       46
  AVERAGE         65                        58      7       61

PRECIPITATION (IN)
  YESTERDAY        0.00          1.55 1915   0.13  -0.13     0.00
  MONTH TO DATE    3.14                      3.39  -0.25     1.53
  SINCE SEP 1      3.14                      3.39  -0.25     1.53
  SINCE JAN 1     29.75                     23.97   5.78    32.78

SNOWFALL (IN)
  YESTERDAY        0.0          MM      MM   0.0    0.0      0.0
  MONTH TO DATE    0.0                       0.0    0.0      0.0
  SINCE SEP 1      0.0                       0.0    0.0      0.0
  SINCE JUL 1      0.0                       0.0    0.0      0.0
  SNOW DEPTH      MM

DEGREE DAYS
 HEATING
  YESTERDAY        0                         8     -8        4
  MONTH TO DATE  137                       108     29       96
  SINCE SEP 1    137                       108     29       96
  SINCE JUL 1    186                       138     48      131

 COOLING
  YESTERDAY        0                         1     -1        0
  MONTH TO DATE   46                        53     -7       75
  SINCE SEP 1     46                        53     -7       75
  SINCE JAN 1    442                       560   -118      614
..................................................................


WIND (MPH)
  RESULTANT WIND SPEED   0   RESULTANT WIND DIRECTION   E (80)
  HIGHEST WIND SPEED     8   HIGHEST WIND DIRECTION     W (290)
  HIGHEST GUST SPEED    12   HIGHEST GUST DIRECTION     W (290)
  AVERAGE WIND SPEED     2.8


SKY COVER
  AVERAGE SKY COVER 0.0


WEATHER CONDITIONS
 THE FOLLOWING WEATHER WAS RECORDED YESTERDAY.
  FOG


RELATIVE HUMIDITY (PERCENT)
 HIGHEST    93          1200 AM
 LOWEST     36           200 PM
 AVERAGE    65

..........................................................


THE MUSKEGON MI CLIMATE NORMALS FOR TODAY
                         NORMAL    RECORD    YEAR
 MAXIMUM TEMPERATURE (F)   67        81      1946
 MINIMUM TEMPERATURE (F)   48        27      1989


SUNRISE AND SUNSET
SEPTEMBER 27 2014.....SUNRISE   738 AM EDT   SUNSET   733 PM EDT
SEPTEMBER 28 2014.....SUNRISE   739 AM EDT   SUNSET   731 PM EDT


-  INDICATES NEGATIVE NUMBERS.
R  INDICATES RECORD WAS SET OR TIED.
MM INDICATES DATA IS MISSING.
T  INDICATES TRACE AMOUNT.




$$
