000
CDUS43 KGRR 242125
CLIMKG


CLIMATE REPORT
NATIONAL WEATHER SERVICE GRAND RAPIDS, MI
523 PM EDT SUN AUG 24 2014


...................................

...THE MUSKEGON MI CLIMATE SUMMARY FOR AUGUST 24 2014...
VALID TODAY AS OF 0500 PM LOCAL TIME.

CLIMATE NORMAL PERIOD 1981 TO 2010
CLIMATE RECORD PERIOD 1896 TO 2014


WEATHER ITEM   OBSERVED TIME   RECORD YEAR NORMAL DEPARTURE LAST
                VALUE   (LST)  VALUE       VALUE  FROM      YEAR
                                                  NORMAL
..................................................................
TEMPERATURE (F)
 TODAY
  MAXIMUM         84    338 PM  96    1947  78      6       81
  MINIMUM         69    609 AM  40    1942  60      9       56
  AVERAGE         77                        69      8       69

PRECIPITATION (IN)
  TODAY            0.00          2.38 1985   0.10  -0.10     0.00
  MONTH TO DATE    1.36                      2.59  -1.23     1.69
  SINCE JUN 1     12.11                      7.51   4.60     8.31
  SINCE JAN 1     25.41                     19.78   5.63    31.00

SNOWFALL (IN)
  TODAY            0.0          MM      MM   0.0    0.0      0.0
  MONTH TO DATE    0.0                       0.0    0.0      0.0
  SINCE JUN 1      0.0                       0.0    0.0      0.0
  SINCE JUL 1      0.0                       0.0    0.0      0.0
  SNOW DEPTH       0

DEGREE DAYS
 HEATING
  TODAY            0                         1     -1        0
  MONTH TO DATE   17                         7     10       18
  SINCE JUN 1     79                        84     -5       87
  SINCE JUL 1     48                        18     30       35

 COOLING
  TODAY           12                         5      7        4
  MONTH TO DATE  131                       137     -6       82
  SINCE JUN 1    340                       444   -104      400
  SINCE JAN 1    357                       473   -116      460
..................................................................


WIND (MPH)
  RESULTANT WIND SPEED  10   RESULTANT WIND DIRECTION   E (100)
  HIGHEST WIND SPEED    16   HIGHEST WIND DIRECTION    SE (130)
  HIGHEST GUST SPEED    21   HIGHEST GUST DIRECTION     E (110)
  AVERAGE WIND SPEED    10.0


SKY COVER
  AVERAGE SKY COVER 0.6


WEATHER CONDITIONS
 THE FOLLOWING WEATHER WAS RECORDED TODAY.
  FOG
  HAZE


RELATIVE HUMIDITY (PERCENT)
 HIGHEST    84           200 AM
 LOWEST     58           100 PM
 AVERAGE    71

..........................................................


THE MUSKEGON MI CLIMATE NORMALS FOR TOMORROW
                         NORMAL    RECORD    YEAR
 MAXIMUM TEMPERATURE (F)   78        90      1948
 MINIMUM TEMPERATURE (F)   60        43      1977


SUNRISE AND SUNSET
AUGUST 24 2014........SUNRISE   700 AM EDT   SUNSET   833 PM EDT
AUGUST 25 2014........SUNRISE   701 AM EDT   SUNSET   832 PM EDT


-  INDICATES NEGATIVE NUMBERS.
R  INDICATES RECORD WAS SET OR TIED.
MM INDICATES DATA IS MISSING.
T  INDICATES TRACE AMOUNT.




$$

63
