000
CDUS43 KGRR 150528
CLIMKG


CLIMATE REPORT
NATIONAL WEATHER SERVICE GRAND RAPIDS, MI
1228 AM EST WED NOV 15 2017


...................................

...THE MUSKEGON MI CLIMATE SUMMARY FOR NOVEMBER 14 2017...

CLIMATE NORMAL PERIOD 1981 TO 2010
CLIMATE RECORD PERIOD 1896 TO 2017


WEATHER ITEM   OBSERVED TIME   RECORD YEAR NORMAL DEPARTURE LAST
                VALUE   (LST)  VALUE       VALUE  FROM      YEAR
                                                  NORMAL
..................................................................
TEMPERATURE (F)
 YESTERDAY
  MAXIMUM         48    246 PM  64    1964  47      1       57
                                      1956
  MINIMUM         33   1207 AM  15    1995  35     -2       43
                                      1905
  AVERAGE         41                        41      0       50

PRECIPITATION (IN)
  YESTERDAY        0.02          1.76 1957   0.12  -0.10     0.00
  MONTH TO DATE    0.47                      1.60  -1.13     0.31
  SINCE SEP 1     10.54                      8.60   1.94    10.01
  SINCE JAN 1     31.70                     29.18   2.52    35.16

SNOWFALL (IN)
  YESTERDAY        0.0          16.0  1908   0.2   -0.2      0.0
  MONTH TO DATE    T                         1.4   -1.4      0.0
  SINCE SEP 1      T                         1.6   -1.6      0.0
  SINCE JUL 1      T                         1.6   -1.6      0.0
  SNOW DEPTH       0

DEGREE DAYS
 HEATING
  YESTERDAY       24                        24      0       15
  MONTH TO DATE  363                       306     57      201
  SINCE SEP 1    749                       899   -150      544
  SINCE JUL 1    762                       929   -167      553

 COOLING
  YESTERDAY        0                         0      0        0
  MONTH TO DATE    0                         0      0        0
  SINCE SEP 1    121                        59     62      110
  SINCE JAN 1    615                       566     49      774
..................................................................


WIND (MPH)
  RESULTANT WIND SPEED   7   RESULTANT WIND DIRECTION   S (160)
  HIGHEST WIND SPEED    20   HIGHEST WIND DIRECTION     S (180)
  HIGHEST GUST SPEED    24   HIGHEST GUST DIRECTION     S (170)
  AVERAGE WIND SPEED     8.3


SKY COVER
  AVERAGE SKY COVER 1.0


WEATHER CONDITIONS
 THE FOLLOWING WEATHER WAS RECORDED YESTERDAY.
  LIGHT RAIN
  HAZE


RELATIVE HUMIDITY (PERCENT)
 HIGHEST    85           600 AM
 LOWEST     60           600 PM
 AVERAGE    73

..........................................................


THE MUSKEGON MI CLIMATE NORMALS FOR TODAY
                         NORMAL    RECORD    YEAR
 MAXIMUM TEMPERATURE (F)   47        65      1930
 MINIMUM TEMPERATURE (F)   34        10      1959


SUNRISE AND SUNSET
NOVEMBER 15 2017......SUNRISE   738 AM EST   SUNSET   521 PM EST
NOVEMBER 16 2017......SUNRISE   739 AM EST   SUNSET   520 PM EST


-  INDICATES NEGATIVE NUMBERS.
R  INDICATES RECORD WAS SET OR TIED.
MM INDICATES DATA IS MISSING.
T  INDICATES TRACE AMOUNT.




$$
