153
CDUS43 KGRR 180533
CLIMKG


CLIMATE REPORT
NATIONAL WEATHER SERVICE GRAND RAPIDS, MI
1232 AM EST WED JAN 18 2017


...................................

...THE MUSKEGON MI CLIMATE SUMMARY FOR JANUARY 17 2017...

CLIMATE NORMAL PERIOD 1981 TO 2010
CLIMATE RECORD PERIOD 1896 TO 2017


WEATHER ITEM   OBSERVED TIME   RECORD YEAR NORMAL DEPARTURE LAST
                VALUE   (LST)  VALUE       VALUE  FROM      YEAR
                                                  NORMAL
..................................................................
TEMPERATURE (F)
 YESTERDAY
  MAXIMUM         38    632 PM  52    1990  31      7       16
  MINIMUM         35    602 AM  -9    1982  20     15       10
  AVERAGE         37                        25     12       13

PRECIPITATION (IN)
  YESTERDAY        0.88          1.30 1897   0.06   0.82     0.18
  MONTH TO DATE    2.21                      1.18   1.03     1.82
  SINCE DEC 1      4.43                      3.73   0.70     6.72
  SINCE JAN 1      2.21                      1.18   1.03     1.82

SNOWFALL (IN)
  YESTERDAY        0.0          14.8  2009   0.9   -0.9      5.2
  MONTH TO DATE   11.8                      15.3   -3.5     26.5
  SINCE DEC 1     32.2                      44.2  -12.0     31.4
  SINCE JUL 1     33.2                      50.4  -17.2     35.3
  SNOW DEPTH       0

DEGREE DAYS
 HEATING
  YESTERDAY       28                        40    -12       52
  MONTH TO DATE  668                       667      1      642
  SINCE DEC 1   1728                      1746    -18     1415
  SINCE JUL 1   2633                      3113   -480     2482

 COOLING
  YESTERDAY        0                         0      0        0
  MONTH TO DATE    0                         0      0        0
  SINCE DEC 1      0                         0      0        0
  SINCE JAN 1      0                         0      0        0
..................................................................


WIND (MPH)
  RESULTANT WIND SPEED   2   RESULTANT WIND DIRECTION   E (80)
  HIGHEST WIND SPEED    16   HIGHEST WIND DIRECTION     E (90)
  HIGHEST GUST SPEED    23   HIGHEST GUST DIRECTION     E (100)
  AVERAGE WIND SPEED     8.6


SKY COVER
  AVERAGE SKY COVER 1.0


WEATHER CONDITIONS
 THE FOLLOWING WEATHER WAS RECORDED YESTERDAY.
  HEAVY RAIN
  RAIN
  LIGHT RAIN
  FOG


RELATIVE HUMIDITY (PERCENT)
 HIGHEST   100           900 AM
 LOWEST     92          1200 AM
 AVERAGE    96

..........................................................


THE MUSKEGON MI CLIMATE NORMALS FOR TODAY
                         NORMAL    RECORD    YEAR
 MAXIMUM TEMPERATURE (F)   31        61      1996
 MINIMUM TEMPERATURE (F)   20        -7      1994


SUNRISE AND SUNSET
JANUARY 18 2017.......SUNRISE   812 AM EST   SUNSET   539 PM EST
JANUARY 19 2017.......SUNRISE   811 AM EST   SUNSET   541 PM EST


-  INDICATES NEGATIVE NUMBERS.
R  INDICATES RECORD WAS SET OR TIED.
MM INDICATES DATA IS MISSING.
T  INDICATES TRACE AMOUNT.




$$
