000
CDUS43 KGRR 260537
CLIMKG


CLIMATE REPORT
NATIONAL WEATHER SERVICE GRAND RAPIDS, MI
136 AM EDT THU MAY 26 2016


...................................

...THE MUSKEGON MI CLIMATE SUMMARY FOR MAY 25 2016...

CLIMATE NORMAL PERIOD 1981 TO 2010
CLIMATE RECORD PERIOD 1896 TO 2016


WEATHER ITEM   OBSERVED TIME   RECORD YEAR NORMAL DEPARTURE LAST
                VALUE   (LST)  VALUE       VALUE  FROM      YEAR
                                                  NORMAL
..................................................................
TEMPERATURE (F)
 YESTERDAY
  MAXIMUM         83    631 PM  88    1977  70     13       75
  MINIMUM         63    554 AM  32    1992  50     13       62
  AVERAGE         73                        60     13       69

PRECIPITATION (IN)
  YESTERDAY        0.22          1.85 1991   0.11   0.11      T
  MONTH TO DATE    2.24                      2.65  -0.41     2.41
  SINCE MAR 1      9.58                      7.81   1.77     8.26
  SINCE JAN 1     13.79                     11.67   2.12    11.55

SNOWFALL (IN)
  YESTERDAY        0.0           T    1989   0.0    0.0      0.0
  MONTH TO DATE    0.0                       0.0    0.0      0.0
  SINCE MAR 1      7.3                      11.3   -4.0      4.0
  SINCE JUL 1     61.8                      93.7  -31.9     92.1
  SNOW DEPTH       0

DEGREE DAYS
 HEATING
  YESTERDAY        0                         7     -7        0
  MONTH TO DATE  255                       243     12      188
  SINCE MAR 1   1599                      1729   -130     1730
  SINCE JUL 1   5619                      6461   -842     6855

 COOLING
  YESTERDAY        8                         1      7        4
  MONTH TO DATE   11                        17     -6       26
  SINCE MAR 1     11                        21    -10       26
  SINCE JAN 1     11                        21    -10       26
..................................................................


WIND (MPH)
  RESULTANT WIND SPEED   6   RESULTANT WIND DIRECTION  SW (210)
  HIGHEST WIND SPEED    22   HIGHEST WIND DIRECTION    SW (240)
  HIGHEST GUST SPEED    32   HIGHEST GUST DIRECTION    SW (240)
  AVERAGE WIND SPEED     7.3


SKY COVER
  AVERAGE SKY COVER 0.6


WEATHER CONDITIONS
 THE FOLLOWING WEATHER WAS RECORDED YESTERDAY.
  THUNDERSTORM
  RAIN
  LIGHT RAIN
  FOG


RELATIVE HUMIDITY (PERCENT)
 HIGHEST    68           700 AM
 LOWEST     47           600 PM
 AVERAGE    58

..........................................................


THE MUSKEGON MI CLIMATE NORMALS FOR TODAY
                         NORMAL    RECORD    YEAR
 MAXIMUM TEMPERATURE (F)   70        87      2010
 MINIMUM TEMPERATURE (F)   50        30      1961


SUNRISE AND SUNSET
MAY 26 2016...........SUNRISE   611 AM EDT   SUNSET   913 PM EDT
MAY 27 2016...........SUNRISE   611 AM EDT   SUNSET   914 PM EDT


-  INDICATES NEGATIVE NUMBERS.
R  INDICATES RECORD WAS SET OR TIED.
MM INDICATES DATA IS MISSING.
T  INDICATES TRACE AMOUNT.




$$
