000
CDUS43 KGRR 280519
CLIMKG


CLIMATE REPORT
NATIONAL WEATHER SERVICE GRAND RAPIDS, MI
118 AM EDT TUE JUL 28 2015


...................................

...THE MUSKEGON MI CLIMATE SUMMARY FOR JULY 27 2015...

CLIMATE NORMAL PERIOD 1981 TO 2010
CLIMATE RECORD PERIOD 1896 TO 2015


WEATHER ITEM   OBSERVED TIME   RECORD YEAR NORMAL DEPARTURE LAST
                VALUE   (LST)  VALUE       VALUE  FROM      YEAR
                                                  NORMAL
..................................................................
TEMPERATURE (F)
 YESTERDAY
  MAXIMUM         91    244 PM  95    1955  80     11       80
  MINIMUM         64    518 AM  46    1977  62      2       61
  AVERAGE         78                        71      7       71

PRECIPITATION (IN)
  YESTERDAY        0.00          1.88 2011   0.08  -0.08     0.03
  MONTH TO DATE    5.05                      2.02   3.03     3.73
  SINCE JUN 1      8.35                      4.57   3.78    10.75
  SINCE JAN 1     20.78                     16.84   3.94    24.05

SNOWFALL (IN)
  YESTERDAY        0.0          MM      MM   0.0    0.0      0.0
  MONTH TO DATE    0.0                       0.0    0.0      0.0
  SINCE JUN 1      0.0                       0.0    0.0      0.0
  SINCE JUL 1      0.0                       0.0    0.0      0.0
  SNOW DEPTH       0

DEGREE DAYS
 HEATING
  YESTERDAY        0                         0      0        0
  MONTH TO DATE   15                         4     11       18
  SINCE JUN 1     48                        70    -22       49
  SINCE JUL 1     15                         4     11       18

 COOLING
  YESTERDAY       13                         7      6        6
  MONTH TO DATE  130                       180    -50       74
  SINCE JUN 1    193                       285    -92      209
  SINCE JAN 1    232                       314    -82      226
..................................................................


WIND (MPH)
  RESULTANT WIND SPEED   1   RESULTANT WIND DIRECTION  NE (30)
  HIGHEST WIND SPEED    13   HIGHEST WIND DIRECTION     S (160)
  HIGHEST GUST SPEED    17   HIGHEST GUST DIRECTION    SE (120)
  AVERAGE WIND SPEED     4.1


SKY COVER
  AVERAGE SKY COVER 0.4


WEATHER CONDITIONS
 THE FOLLOWING WEATHER WAS RECORDED YESTERDAY.
  FOG


RELATIVE HUMIDITY (PERCENT)
 HIGHEST    87           300 AM
 LOWEST     32           200 PM
 AVERAGE    60

..........................................................


THE MUSKEGON MI CLIMATE NORMALS FOR TODAY
                         NORMAL    RECORD    YEAR
 MAXIMUM TEMPERATURE (F)   80        91      1941
                                             1916
 MINIMUM TEMPERATURE (F)   62        47      1978


SUNRISE AND SUNSET
JULY 28 2015..........SUNRISE   631 AM EDT   SUNSET   911 PM EDT
JULY 29 2015..........SUNRISE   632 AM EDT   SUNSET   910 PM EDT


-  INDICATES NEGATIVE NUMBERS.
R  INDICATES RECORD WAS SET OR TIED.
MM INDICATES DATA IS MISSING.
T  INDICATES TRACE AMOUNT.




$$
