000
CDUS43 KGRR 120522
CLIMKG


CLIMATE REPORT
NATIONAL WEATHER SERVICE GRAND RAPIDS, MI
122 AM EDT TUE SEP 12 2017


...................................

...THE MUSKEGON MI CLIMATE SUMMARY FOR SEPTEMBER 11 2017...

CLIMATE NORMAL PERIOD 1981 TO 2010
CLIMATE RECORD PERIOD 1896 TO 2017


WEATHER ITEM   OBSERVED TIME   RECORD YEAR NORMAL DEPARTURE LAST
                VALUE   (LST)  VALUE       VALUE  FROM      YEAR
                                                  NORMAL
..................................................................
TEMPERATURE (F)
 YESTERDAY
  MAXIMUM         71    313 PM  88    1952  73     -2       72
  MINIMUM         45    625 AM  34    1943  55    -10       52
  AVERAGE         58                        64     -6       62

PRECIPITATION (IN)
  YESTERDAY        0.00          4.33 1986   0.13  -0.13     0.00
  MONTH TO DATE    0.79                      1.36  -0.57     4.49
  SINCE SEP 1      0.79                      1.36  -0.57     4.49
  SINCE JAN 1     21.95                     21.94   0.01    29.64

SNOWFALL (IN)
  YESTERDAY        0.0          MM      MM   0.0    0.0      0.0
  MONTH TO DATE    0.0                       0.0    0.0      0.0
  SINCE SEP 1      0.0                       0.0    0.0      0.0
  SINCE JUL 1      0.0                       0.0    0.0      0.0
  SNOW DEPTH       0

DEGREE DAYS
 HEATING
  YESTERDAY        7                         3      4        3
  MONTH TO DATE   66                        26     40        4
  SINCE SEP 1     66                        26     40        4
  SINCE JUL 1     79                        56     23       13

 COOLING
  YESTERDAY        0                         2     -2        0
  MONTH TO DATE    2                        33    -31       60
  SINCE SEP 1      2                        33    -31       60
  SINCE JAN 1    496                       540    -44      724
..................................................................


WIND (MPH)
  RESULTANT WIND SPEED   2   RESULTANT WIND DIRECTION   S (200)
  HIGHEST WIND SPEED    13   HIGHEST WIND DIRECTION     W (270)
  HIGHEST GUST SPEED    16   HIGHEST GUST DIRECTION     W (280)
  AVERAGE WIND SPEED     3.6


SKY COVER
  AVERAGE SKY COVER 0.1


WEATHER CONDITIONS
 THE FOLLOWING WEATHER WAS RECORDED YESTERDAY.
  NO SIGNIFICANT WEATHER WAS OBSERVED.


RELATIVE HUMIDITY (PERCENT)
 HIGHEST    93           700 AM
 LOWEST     51           100 PM
 AVERAGE    72

..........................................................


THE MUSKEGON MI CLIMATE NORMALS FOR TODAY
                         NORMAL    RECORD    YEAR
 MAXIMUM TEMPERATURE (F)   73        92      1952
 MINIMUM TEMPERATURE (F)   54        38      1958
                                             1955
                                             1943


SUNRISE AND SUNSET
SEPTEMBER 12 2017.....SUNRISE   721 AM EDT   SUNSET   800 PM EDT
SEPTEMBER 13 2017.....SUNRISE   723 AM EDT   SUNSET   758 PM EDT


-  INDICATES NEGATIVE NUMBERS.
R  INDICATES RECORD WAS SET OR TIED.
MM INDICATES DATA IS MISSING.
T  INDICATES TRACE AMOUNT.




$$
