000
CDUS43 KGRR 180526
CLIMKG


CLIMATE REPORT
NATIONAL WEATHER SERVICE GRAND RAPIDS, MI
126 AM EDT THU AUG 18 2016


...................................

...THE MUSKEGON MI CLIMATE SUMMARY FOR AUGUST 17 2016...

CLIMATE NORMAL PERIOD 1981 TO 2010
CLIMATE RECORD PERIOD 1896 TO 2016


WEATHER ITEM   OBSERVED TIME   RECORD YEAR NORMAL DEPARTURE LAST
                VALUE   (LST)  VALUE       VALUE  FROM      YEAR
                                                  NORMAL
..................................................................
TEMPERATURE (F)
 YESTERDAY
  MAXIMUM         81    117 PM  93    1988  79      2       88
  MINIMUM         64   1159 PM  44    1954  61      3       70
  AVERAGE         73                        70      3       79

PRECIPITATION (IN)
  YESTERDAY        T             1.79 1914   0.11  -0.11     0.26
  MONTH TO DATE    0.96                      1.84  -0.88     0.93
  SINCE JUN 1      9.32                      6.76   2.56     9.28
  SINCE JAN 1     23.25                     19.03   4.22    21.71

SNOWFALL (IN)
  YESTERDAY        0.0          MM      MM   0.0    0.0      0.0
  MONTH TO DATE    0.0                       0.0    0.0      0.0
  SINCE JUN 1      0.0                       0.0    0.0      0.0
  SINCE JUL 1      0.0                       0.0    0.0      0.0
  SNOW DEPTH       0

DEGREE DAYS
 HEATING
  YESTERDAY        0                         0      0        0
  MONTH TO DATE    0                         0      0        0
  SINCE JUN 1     47                        77    -30       48
  SINCE JUL 1      9                        11     -2       15

 COOLING
  YESTERDAY        8                         6      2       14
  MONTH TO DATE  162                       102     60      136
  SINCE JUN 1    520                       409    111      376
  SINCE JAN 1    564                       438    126      415
..................................................................


WIND (MPH)
  RESULTANT WIND SPEED   6   RESULTANT WIND DIRECTION   W (260)
  HIGHEST WIND SPEED    16   HIGHEST WIND DIRECTION     W (280)
  HIGHEST GUST SPEED    21   HIGHEST GUST DIRECTION     W (290)
  AVERAGE WIND SPEED     7.4


SKY COVER
  AVERAGE SKY COVER 0.5


WEATHER CONDITIONS
 THE FOLLOWING WEATHER WAS RECORDED YESTERDAY.
  NO SIGNIFICANT WEATHER WAS OBSERVED.


RELATIVE HUMIDITY (PERCENT)
 HIGHEST   100           100 AM
 LOWEST     67           900 AM
 AVERAGE    84

..........................................................


THE MUSKEGON MI CLIMATE NORMALS FOR TODAY
                         NORMAL    RECORD    YEAR
 MAXIMUM TEMPERATURE (F)   79        91      1947
 MINIMUM TEMPERATURE (F)   61        43      1943


SUNRISE AND SUNSET
AUGUST 18 2016........SUNRISE   654 AM EDT   SUNSET   842 PM EDT
AUGUST 19 2016........SUNRISE   655 AM EDT   SUNSET   841 PM EDT


-  INDICATES NEGATIVE NUMBERS.
R  INDICATES RECORD WAS SET OR TIED.
MM INDICATES DATA IS MISSING.
T  INDICATES TRACE AMOUNT.




$$
