000
CDUS43 KGRR 150532
CLIMKG


CLIMATE REPORT
NATIONAL WEATHER SERVICE GRAND RAPIDS, MI
131 AM EDT WED MAR 15 2017


...................................

...THE MUSKEGON MI CLIMATE SUMMARY FOR MARCH 14 2017...

CLIMATE NORMAL PERIOD 1981 TO 2010
CLIMATE RECORD PERIOD 1896 TO 2017


WEATHER ITEM   OBSERVED TIME   RECORD YEAR NORMAL DEPARTURE LAST
                VALUE   (LST)  VALUE       VALUE  FROM      YEAR
                                                  NORMAL
..................................................................
TEMPERATURE (F)
 YESTERDAY
  MAXIMUM         28    405 PM  77    2012  42    -14       51
  MINIMUM         16    756 AM   5    2005  26    -10       36
  AVERAGE         22                        34    -12       44

PRECIPITATION (IN)
  YESTERDAY        0.02          0.80 1904   0.07  -0.05     0.03
  MONTH TO DATE    0.44                      0.99  -0.55     0.74
  SINCE MAR 1      0.44                      0.99  -0.55     0.74
  SINCE JAN 1      6.14                      4.85   1.29     4.95

SNOWFALL (IN)
  YESTERDAY        0.4           8.0  1904   0.3    0.1      0.0
  MONTH TO DATE    3.7                       5.4   -1.7      4.9
  SINCE MAR 1      3.7                       5.4   -1.7      4.9
  SINCE JUL 1     48.2                      87.8  -39.6     59.4
  SNOW DEPTH       2

DEGREE DAYS
 HEATING
  YESTERDAY       43                        31     12       21
  MONTH TO DATE  455                       461     -6      366
  SINCE MAR 1    455                       461     -6      366
  SINCE JUL 1   4320                      5193   -873     4386

 COOLING
  YESTERDAY        0                         0      0        0
  MONTH TO DATE    0                         0      0        0
  SINCE MAR 1      0                         0      0        0
  SINCE JAN 1      0                         0      0        0
..................................................................


WIND (MPH)
  RESULTANT WIND SPEED  11   RESULTANT WIND DIRECTION   N (360)
  HIGHEST WIND SPEED    24   HIGHEST WIND DIRECTION     N (340)
  HIGHEST GUST SPEED    32   HIGHEST GUST DIRECTION     N (340)
  AVERAGE WIND SPEED    12.1


SKY COVER
  AVERAGE SKY COVER 0.6


WEATHER CONDITIONS
 THE FOLLOWING WEATHER WAS RECORDED YESTERDAY.
  LIGHT SNOW
  FOG
  HAZE


RELATIVE HUMIDITY (PERCENT)
 HIGHEST    84          1200 AM
 LOWEST     35           300 PM
 AVERAGE    60

..........................................................


THE MUSKEGON MI CLIMATE NORMALS FOR TODAY
                         NORMAL    RECORD    YEAR
 MAXIMUM TEMPERATURE (F)   43        72      1990
 MINIMUM TEMPERATURE (F)   27         7      1916


SUNRISE AND SUNSET
MARCH 15 2017.........SUNRISE   757 AM EDT   SUNSET   752 PM EDT
MARCH 16 2017.........SUNRISE   755 AM EDT   SUNSET   753 PM EDT


-  INDICATES NEGATIVE NUMBERS.
R  INDICATES RECORD WAS SET OR TIED.
MM INDICATES DATA IS MISSING.
T  INDICATES TRACE AMOUNT.




$$
