089
CDUS43 KGRR 130518
CLIMKG


CLIMATE REPORT
NATIONAL WEATHER SERVICE GRAND RAPIDS, MI
1218 AM EST MON NOV 13 2017


...................................

...THE MUSKEGON MI CLIMATE SUMMARY FOR NOVEMBER 12 2017...

CLIMATE NORMAL PERIOD 1981 TO 2010
CLIMATE RECORD PERIOD 1896 TO 2017


WEATHER ITEM   OBSERVED TIME   RECORD YEAR NORMAL DEPARTURE LAST
                VALUE   (LST)  VALUE       VALUE  FROM      YEAR
                                                  NORMAL
..................................................................
TEMPERATURE (F)
 YESTERDAY
  MAXIMUM         43    311 AM  70    1911  48     -5       52
  MINIMUM         35    754 AM  17    1986  35      0       26
  AVERAGE         39                        42     -3       39

PRECIPITATION (IN)
  YESTERDAY        0.00          0.80 1992   0.11  -0.11     0.00
  MONTH TO DATE    0.45                      1.36  -0.91     0.31
  SINCE SEP 1     10.52                      8.36   2.16    10.01
  SINCE JAN 1     31.68                     28.94   2.74    35.16

SNOWFALL (IN)
  YESTERDAY        0.0           4.0  1920   0.2   -0.2      0.0
  MONTH TO DATE    T                         1.1   -1.1      0.0
  SINCE SEP 1      T                         1.3   -1.3      0.0
  SINCE JUL 1      T                         1.3   -1.3      0.0
  SNOW DEPTH       0

DEGREE DAYS
 HEATING
  YESTERDAY       26                        23      3       26
  MONTH TO DATE  312                       258     54      171
  SINCE SEP 1    698                       851   -153      514
  SINCE JUL 1    711                       881   -170      523

 COOLING
  YESTERDAY        0                         0      0        0
  MONTH TO DATE    0                         0      0        0
  SINCE SEP 1    121                        59     62      110
  SINCE JAN 1    615                       566     49      774
..................................................................


WIND (MPH)
  RESULTANT WIND SPEED   1   RESULTANT WIND DIRECTION   E (80)
  HIGHEST WIND SPEED    12   HIGHEST WIND DIRECTION     W (280)
  HIGHEST GUST SPEED    16   HIGHEST GUST DIRECTION    NW (300)
  AVERAGE WIND SPEED     2.2


SKY COVER
  AVERAGE SKY COVER 1.0


WEATHER CONDITIONS
 THE FOLLOWING WEATHER WAS RECORDED YESTERDAY.
  FOG
  HAZE


RELATIVE HUMIDITY (PERCENT)
 HIGHEST    85           900 PM
 LOWEST     56          1200 AM
 AVERAGE    71

..........................................................


THE MUSKEGON MI CLIMATE NORMALS FOR TODAY
                         NORMAL    RECORD    YEAR
 MAXIMUM TEMPERATURE (F)   48        67      1909
 MINIMUM TEMPERATURE (F)   35        11      1911


SUNRISE AND SUNSET
NOVEMBER 13 2017......SUNRISE   735 AM EST   SUNSET   523 PM EST
NOVEMBER 14 2017......SUNRISE   737 AM EST   SUNSET   522 PM EST


-  INDICATES NEGATIVE NUMBERS.
R  INDICATES RECORD WAS SET OR TIED.
MM INDICATES DATA IS MISSING.
T  INDICATES TRACE AMOUNT.




$$
