000
CDUS43 KGRR 240521
CLIMKG


CLIMATE REPORT
NATIONAL WEATHER SERVICE GRAND RAPIDS, MI
120 AM EDT SUN AUG 24 2014


...................................

...THE MUSKEGON MI CLIMATE SUMMARY FOR AUGUST 23 2014...

CLIMATE NORMAL PERIOD 1981 TO 2010
CLIMATE RECORD PERIOD 1896 TO 2014


WEATHER ITEM   OBSERVED TIME   RECORD YEAR NORMAL DEPARTURE LAST
                VALUE   (LST)  VALUE       VALUE  FROM      YEAR
                                                  NORMAL
..................................................................
TEMPERATURE (F)
 YESTERDAY
  MAXIMUM         84    136 PM  93    1905  78      6       82
  MINIMUM         67    633 AM  44    1952  60      7       56
                                      1951
  AVERAGE         76                        69      7       69

PRECIPITATION (IN)
  YESTERDAY        0.00          1.86 1975   0.11  -0.11     0.00
  MONTH TO DATE    1.36                      2.49  -1.13     1.69
  SINCE JUN 1     12.11                      7.41   4.70     8.31
  SINCE JAN 1     25.41                     19.68   5.73    31.00

SNOWFALL (IN)
  YESTERDAY        0.0          MM      MM   0.0    0.0      0.0
  MONTH TO DATE    0.0                       0.0    0.0      0.0
  SINCE JUN 1      0.0                       0.0    0.0      0.0
  SINCE JUL 1      0.0                       0.0    0.0      0.0
  SNOW DEPTH       0

DEGREE DAYS
 HEATING
  YESTERDAY        0                         1     -1        0
  MONTH TO DATE   17                         6     11       18
  SINCE JUN 1     79                        83     -4       87
  SINCE JUL 1     48                        17     31       35

 COOLING
  YESTERDAY       11                         5      6        4
  MONTH TO DATE  119                       132    -13       78
  SINCE JUN 1    328                       439   -111      396
  SINCE JAN 1    345                       468   -123      456
..................................................................


WIND (MPH)
  RESULTANT WIND SPEED   8   RESULTANT WIND DIRECTION   E (90)
  HIGHEST WIND SPEED    17   HIGHEST WIND DIRECTION     E (80)
  HIGHEST GUST SPEED    23   HIGHEST GUST DIRECTION     E (70)
  AVERAGE WIND SPEED     8.7


SKY COVER
  AVERAGE SKY COVER 0.5


WEATHER CONDITIONS
 THE FOLLOWING WEATHER WAS RECORDED YESTERDAY.
  NO SIGNIFICANT WEATHER WAS OBSERVED.


RELATIVE HUMIDITY (PERCENT)
 HIGHEST    87           600 AM
 LOWEST     55           300 PM
 AVERAGE    71

..........................................................


THE MUSKEGON MI CLIMATE NORMALS FOR TODAY
                         NORMAL    RECORD    YEAR
 MAXIMUM TEMPERATURE (F)   78        96      1947
 MINIMUM TEMPERATURE (F)   60        40      1942


SUNRISE AND SUNSET
AUGUST 24 2014........SUNRISE   700 AM EDT   SUNSET   833 PM EDT
AUGUST 25 2014........SUNRISE   701 AM EDT   SUNSET   832 PM EDT


-  INDICATES NEGATIVE NUMBERS.
R  INDICATES RECORD WAS SET OR TIED.
MM INDICATES DATA IS MISSING.
T  INDICATES TRACE AMOUNT.




$$
