000
CDUS43 KGRR 130518
CLIMKG


CLIMATE REPORT
NATIONAL WEATHER SERVICE GRAND RAPIDS, MI
118 AM EDT MON MAR 13 2017


...................................

...THE MUSKEGON MI CLIMATE SUMMARY FOR MARCH 12 2017...

CLIMATE NORMAL PERIOD 1981 TO 2010
CLIMATE RECORD PERIOD 1896 TO 2017


WEATHER ITEM   OBSERVED TIME   RECORD YEAR NORMAL DEPARTURE LAST
                VALUE   (LST)  VALUE       VALUE  FROM      YEAR
                                                  NORMAL
..................................................................
TEMPERATURE (F)
 YESTERDAY
  MAXIMUM         32    245 PM  68    1990  41     -9       56
  MINIMUM         19    745 AM   2    1979  26     -7       32
  AVERAGE         26                        34     -8       44

PRECIPITATION (IN)
  YESTERDAY        T             1.45 1923   0.07  -0.07     0.00
  MONTH TO DATE    0.25                      0.85  -0.60     0.48
  SINCE MAR 1      0.25                      0.85  -0.60     0.48
  SINCE JAN 1      5.95                      4.71   1.24     4.69

SNOWFALL (IN)
  YESTERDAY        T             6.0  1954   0.3   -0.3      0.0
  MONTH TO DATE    1.5                       4.8   -3.3      4.9
  SINCE MAR 1      1.5                       4.8   -3.3      4.9
  SINCE JUL 1     46.0                      87.2  -41.2     59.4
  SNOW DEPTH       0

DEGREE DAYS
 HEATING
  YESTERDAY       39                        32      7       21
  MONTH TO DATE  372                       399    -27      328
  SINCE MAR 1    372                       399    -27      328
  SINCE JUL 1   4237                      5131   -894     4348

 COOLING
  YESTERDAY        0                         0      0        0
  MONTH TO DATE    0                         0      0        0
  SINCE MAR 1      0                         0      0        0
  SINCE JAN 1      0                         0      0        0
..................................................................


WIND (MPH)
  RESULTANT WIND SPEED   1   RESULTANT WIND DIRECTION  NE (50)
  HIGHEST WIND SPEED    14   HIGHEST WIND DIRECTION    SE (120)
  HIGHEST GUST SPEED    17   HIGHEST GUST DIRECTION    SE (120)
  AVERAGE WIND SPEED     5.5


SKY COVER
  AVERAGE SKY COVER 0.8


WEATHER CONDITIONS
 THE FOLLOWING WEATHER WAS RECORDED YESTERDAY.
  LIGHT SNOW


RELATIVE HUMIDITY (PERCENT)
 HIGHEST    73           700 AM
 LOWEST     36           400 PM
 AVERAGE    55

..........................................................


THE MUSKEGON MI CLIMATE NORMALS FOR TODAY
                         NORMAL    RECORD    YEAR
 MAXIMUM TEMPERATURE (F)   42        69      1995
 MINIMUM TEMPERATURE (F)   26         2      1912


SUNRISE AND SUNSET
MARCH 13 2017.........SUNRISE   800 AM EDT   SUNSET   749 PM EDT
MARCH 14 2017.........SUNRISE   758 AM EDT   SUNSET   750 PM EDT


-  INDICATES NEGATIVE NUMBERS.
R  INDICATES RECORD WAS SET OR TIED.
MM INDICATES DATA IS MISSING.
T  INDICATES TRACE AMOUNT.




$$
