407
CDUS43 KGRR 200518
CLIMKG


CLIMATE REPORT
NATIONAL WEATHER SERVICE GRAND RAPIDS, MI
118 AM EDT SAT MAY 20 2017


...................................

...THE MUSKEGON MI CLIMATE SUMMARY FOR MAY 19 2017...

CLIMATE NORMAL PERIOD 1981 TO 2010
CLIMATE RECORD PERIOD 1896 TO 2017


WEATHER ITEM   OBSERVED TIME   RECORD YEAR NORMAL DEPARTURE LAST
                VALUE   (LST)  VALUE       VALUE  FROM      YEAR
                                                  NORMAL
..................................................................
TEMPERATURE (F)
 YESTERDAY
  MAXIMUM         56    116 PM  87    2013  68    -12       66
                                      1911
  MINIMUM         41    529 AM  29    2002  48     -7       33
  AVERAGE         49                        58     -9       50

PRECIPITATION (IN)
  YESTERDAY        T             1.05 1960   0.11  -0.11     0.00
  MONTH TO DATE    0.83                      1.98  -1.15     2.02
  SINCE MAR 1      8.11                      7.14   0.97     9.36
  SINCE JAN 1     13.81                     11.00   2.81    13.57

SNOWFALL (IN)
  YESTERDAY        0.0           0.0    MM   0.0    0.0      0.0
  MONTH TO DATE    0.0                       0.0    0.0      0.0
  SINCE MAR 1      4.5                      11.3   -6.8      7.3
  SINCE JUL 1     49.0                      93.7  -44.7     61.8
  SNOW DEPTH       0

DEGREE DAYS
 HEATING
  YESTERDAY       16                         8      8       15
  MONTH TO DATE  223                       199     24      242
  SINCE MAR 1   1550                      1685   -135     1586
  SINCE JUL 1   5415                      6417  -1002     5606

 COOLING
  YESTERDAY        0                         1     -1        0
  MONTH TO DATE   17                        11      6        0
  SINCE MAR 1     22                        15      7        0
  SINCE JAN 1     22                        15      7        0
..................................................................


WIND (MPH)
  RESULTANT WIND SPEED  10   RESULTANT WIND DIRECTION  NE (50)
  HIGHEST WIND SPEED    21   HIGHEST WIND DIRECTION    NE (50)
  HIGHEST GUST SPEED    28   HIGHEST GUST DIRECTION     E (70)
  AVERAGE WIND SPEED    11.7


SKY COVER
  AVERAGE SKY COVER 0.9


WEATHER CONDITIONS
 THE FOLLOWING WEATHER WAS RECORDED YESTERDAY.
  LIGHT RAIN


RELATIVE HUMIDITY (PERCENT)
 HIGHEST    79           100 AM
 LOWEST     24          1000 PM
 AVERAGE    52

..........................................................


THE MUSKEGON MI CLIMATE NORMALS FOR TODAY
                         NORMAL    RECORD    YEAR
 MAXIMUM TEMPERATURE (F)   68        90      2012
 MINIMUM TEMPERATURE (F)   48        30      1924
                                             1906


SUNRISE AND SUNSET
MAY 20 2017...........SUNRISE   616 AM EDT   SUNSET   907 PM EDT
MAY 21 2017...........SUNRISE   615 AM EDT   SUNSET   908 PM EDT


-  INDICATES NEGATIVE NUMBERS.
R  INDICATES RECORD WAS SET OR TIED.
MM INDICATES DATA IS MISSING.
T  INDICATES TRACE AMOUNT.




$$
