000
CDUS43 KGRR 230533
CLIMKG


CLIMATE REPORT
NATIONAL WEATHER SERVICE GRAND RAPIDS, MI
133 AM EDT MON MAR 23 2015


...................................

...THE MUSKEGON MI CLIMATE SUMMARY FOR MARCH 22 2015...

CLIMATE NORMAL PERIOD 1981 TO 2010
CLIMATE RECORD PERIOD 1896 TO 2015


WEATHER ITEM   OBSERVED TIME   RECORD YEAR NORMAL DEPARTURE LAST
                VALUE   (LST)  VALUE       VALUE  FROM      YEAR
                                                  NORMAL
..................................................................
TEMPERATURE (F)
 YESTERDAY
  MAXIMUM         36    535 PM  81    2012  45     -9       36
  MINIMUM         23    727 AM   7    1989  29     -6       23
  AVERAGE         30                        37     -7       30

PRECIPITATION (IN)
  YESTERDAY        0.00          1.35 1955   0.07  -0.07      T
  MONTH TO DATE    0.46                      1.56  -1.10     0.62
  SINCE MAR 1      0.46                      1.56  -1.10     0.62
  SINCE JAN 1      3.75                      5.42  -1.67     5.75

SNOWFALL (IN)
  YESTERDAY        0.0           7.0  1932   0.2   -0.2       T
  MONTH TO DATE    4.0                       7.3   -3.3      6.3
  SINCE MAR 1      4.0                       7.3   -3.3      6.3
  SINCE JUL 1     92.1                      89.7    2.4    129.9
  SNOW DEPTH       0

DEGREE DAYS
 HEATING
  YESTERDAY       35                        28      7       35
  MONTH TO DATE  718                       695     23      893
  SINCE MAR 1    718                       695     23      893
  SINCE JUL 1   5843                      5427    416     6033

 COOLING
  YESTERDAY        0                         0      0        0
  MONTH TO DATE    0                         0      0        0
  SINCE MAR 1      0                         0      0        0
  SINCE JAN 1      0                         0      0        0
..................................................................


WIND (MPH)
  RESULTANT WIND SPEED   5   RESULTANT WIND DIRECTION   N (20)
  HIGHEST WIND SPEED    16   HIGHEST WIND DIRECTION     W (270)
  HIGHEST GUST SPEED    19   HIGHEST GUST DIRECTION     W (270)
  AVERAGE WIND SPEED     8.9


SKY COVER
  AVERAGE SKY COVER 0.7


WEATHER CONDITIONS
 THE FOLLOWING WEATHER WAS RECORDED YESTERDAY.
  NO SIGNIFICANT WEATHER WAS OBSERVED.


RELATIVE HUMIDITY (PERCENT)
 HIGHEST    53           700 PM
 LOWEST     29          1200 PM
 AVERAGE    41

..........................................................


THE MUSKEGON MI CLIMATE NORMALS FOR TODAY
                         NORMAL    RECORD    YEAR
 MAXIMUM TEMPERATURE (F)   46        73      1907
 MINIMUM TEMPERATURE (F)   29         4      1906


SUNRISE AND SUNSET
MARCH 23 2015.........SUNRISE   743 AM EDT   SUNSET   801 PM EDT
MARCH 24 2015.........SUNRISE   742 AM EDT   SUNSET   802 PM EDT


-  INDICATES NEGATIVE NUMBERS.
R  INDICATES RECORD WAS SET OR TIED.
MM INDICATES DATA IS MISSING.
T  INDICATES TRACE AMOUNT.




$$
