733
CDUS43 KGRR 182126
CLIMKG


CLIMATE REPORT
NATIONAL WEATHER SERVICE GRAND RAPIDS, MI
526 PM EDT MON SEP 18 2017


...................................

...THE MUSKEGON MI CLIMATE SUMMARY FOR SEPTEMBER 18 2017...
VALID TODAY AS OF 0500 PM LOCAL TIME.

CLIMATE NORMAL PERIOD 1981 TO 2010
CLIMATE RECORD PERIOD 1896 TO 2017


WEATHER ITEM   OBSERVED TIME   RECORD YEAR NORMAL DEPARTURE LAST
                VALUE   (LST)  VALUE       VALUE  FROM      YEAR
                                                  NORMAL
..................................................................
TEMPERATURE (F)
 TODAY
  MAXIMUM         77   1259 PM  86    1906  71      6       74
  MINIMUM         52    449 AM  34    1995  52      0       59
                                      1973
                                      1959
  AVERAGE         65                        61      4       67

PRECIPITATION (IN)
  TODAY            0.00          2.67 1983   0.13  -0.13     0.00
  MONTH TO DATE    0.79                      2.29  -1.50     4.79
  SINCE SEP 1      0.79                      2.29  -1.50     4.79
  SINCE JAN 1     21.95                     22.87  -0.92    29.94

SNOWFALL (IN)
  TODAY            0.0           T    1952   0.0    0.0      0.0
  MONTH TO DATE    0.0                       0.0    0.0      0.0
  SINCE SEP 1      0.0                       0.0    0.0      0.0
  SINCE JUL 1      0.0                       0.0    0.0      0.0
  SNOW DEPTH       0

DEGREE DAYS
 HEATING
  TODAY            0                         5     -5        0
  MONTH TO DATE   68                        56     12        4
  SINCE SEP 1     68                        56     12        4
  SINCE JUL 1     81                        86     -5       13

 COOLING
  TODAY            0                         1     -1        2
  MONTH TO DATE   20                        45    -25       80
  SINCE SEP 1     20                        45    -25       80
  SINCE JAN 1    514                       552    -38      744
..................................................................


WIND (MPH)
  RESULTANT WIND SPEED   3   RESULTANT WIND DIRECTION   N (360)
  HIGHEST WIND SPEED    13   HIGHEST WIND DIRECTION     W (270)
  HIGHEST GUST SPEED    16   HIGHEST GUST DIRECTION     W (270)
  AVERAGE WIND SPEED     4.9


SKY COVER
  AVERAGE SKY COVER 0.4


WEATHER CONDITIONS
 THE FOLLOWING WEATHER WAS RECORDED TODAY.
  FOG
  FOG W/VISIBILITY <= 1/4 MILE


RELATIVE HUMIDITY (PERCENT)
 HIGHEST   100           500 AM
 LOWEST     46           100 PM
 AVERAGE    73

..........................................................


THE MUSKEGON MI CLIMATE NORMALS FOR TOMORROW
                         NORMAL    RECORD    YEAR
 MAXIMUM TEMPERATURE (F)   70        93      1932
 MINIMUM TEMPERATURE (F)   52        36      1979


SUNRISE AND SUNSET
SEPTEMBER 18 2017.....SUNRISE   728 AM EDT   SUNSET   749 PM EDT
SEPTEMBER 19 2017.....SUNRISE   729 AM EDT   SUNSET   747 PM EDT


-  INDICATES NEGATIVE NUMBERS.
R  INDICATES RECORD WAS SET OR TIED.
MM INDICATES DATA IS MISSING.
T  INDICATES TRACE AMOUNT.




$$
