000
CDUS43 KGRR 222233
CLIMKG


CLIMATE REPORT
NATIONAL WEATHER SERVICE GRAND RAPIDS, MI
532 PM EST MON DEC 22 2014


...................................

...THE MUSKEGON MI CLIMATE SUMMARY FOR DECEMBER 22 2014...
VALID TODAY AS OF 0500 PM LOCAL TIME.

CLIMATE NORMAL PERIOD 1981 TO 2010
CLIMATE RECORD PERIOD 1896 TO 2014


WEATHER ITEM   OBSERVED TIME   RECORD YEAR NORMAL DEPARTURE LAST
                VALUE   (LST)  VALUE       VALUE  FROM      YEAR
                                                  NORMAL
..................................................................
TEMPERATURE (F)
 TODAY
  MAXIMUM         38    305 PM  55    1957  33      5       31
  MINIMUM         28    835 AM  -3    1901  24      4       25
  AVERAGE         33                        28      5       28

PRECIPITATION (IN)
  TODAY            T             1.00 2006   0.08  -0.08     0.31
  MONTH TO DATE    0.44                      1.91  -1.47     1.66
  SINCE DEC 1      0.44                      1.91  -1.47     1.66
  SINCE JAN 1     37.32                     32.85   4.47    42.72

SNOWFALL (IN)
  TODAY            0.0           5.5  1960   0.9   -0.9      1.9
  MONTH TO DATE    1.1                      19.9  -18.8     18.9
  SINCE DEC 1      1.1                      19.9  -18.8     18.9
  SINCE JUL 1     25.6                      26.1   -0.5     27.8
  SNOW DEPTH       0

DEGREE DAYS
 HEATING
  TODAY           32                        36     -4       37
  MONTH TO DATE  706                       743    -37      831
  SINCE DEC 1    706                       743    -37      831
  SINCE JUL 1   2189                      2110     79     2102

 COOLING
  TODAY            0                         0      0        0
  MONTH TO DATE    0                         0      0        0
  SINCE DEC 1      0                         0      0        0
  SINCE JAN 1    442                       566   -124      626
..................................................................


WIND (MPH)
  RESULTANT WIND SPEED  10   RESULTANT WIND DIRECTION  SE (120)
  HIGHEST WIND SPEED    16   HIGHEST WIND DIRECTION     E (110)
  HIGHEST GUST SPEED    24   HIGHEST GUST DIRECTION     E (100)
  AVERAGE WIND SPEED    10.6


SKY COVER
  AVERAGE SKY COVER 0.7


WEATHER CONDITIONS
 THE FOLLOWING WEATHER WAS RECORDED TODAY.
  LIGHT RAIN
  FOG
  HAZE


RELATIVE HUMIDITY (PERCENT)
 HIGHEST    89           500 PM
 LOWEST     64           100 PM
 AVERAGE    77

..........................................................


THE MUSKEGON MI CLIMATE NORMALS FOR TOMORROW
                         NORMAL    RECORD    YEAR
 MAXIMUM TEMPERATURE (F)   33        54      1941
 MINIMUM TEMPERATURE (F)   24        -5      1989


SUNRISE AND SUNSET
DECEMBER 22 2014......SUNRISE   814 AM EST   SUNSET   513 PM EST
DECEMBER 23 2014......SUNRISE   814 AM EST   SUNSET   514 PM EST


-  INDICATES NEGATIVE NUMBERS.
R  INDICATES RECORD WAS SET OR TIED.
MM INDICATES DATA IS MISSING.
T  INDICATES TRACE AMOUNT.




$$

JAM
