000
CDUS43 KGRR 230524
CLIMKG


CLIMATE REPORT
NATIONAL WEATHER SERVICE GRAND RAPIDS, MI
124 AM EDT SAT AUG 23 2014


...................................

...THE MUSKEGON MI CLIMATE SUMMARY FOR AUGUST 22 2014...

CLIMATE NORMAL PERIOD 1981 TO 2010
CLIMATE RECORD PERIOD 1896 TO 2014


WEATHER ITEM   OBSERVED TIME   RECORD YEAR NORMAL DEPARTURE LAST
                VALUE   (LST)  VALUE       VALUE  FROM      YEAR
                                                  NORMAL
..................................................................
TEMPERATURE (F)
 YESTERDAY
  MAXIMUM         83    431 PM  92    1947  78      5       76
  MINIMUM         70    454 AM  42    1907  61      9       66
  AVERAGE         77                        69      8       71

PRECIPITATION (IN)
  YESTERDAY        0.00          1.24 2002   0.10  -0.10     0.02
  MONTH TO DATE    1.36                      2.38  -1.02     1.69
  SINCE JUN 1     12.11                      7.30   4.81     8.31
  SINCE JAN 1     25.41                     19.57   5.84    31.00

SNOWFALL (IN)
  YESTERDAY        0.0          MM      MM   0.0    0.0      0.0
  MONTH TO DATE    0.0                       0.0    0.0      0.0
  SINCE JUN 1      0.0                       0.0    0.0      0.0
  SINCE JUL 1      0.0                       0.0    0.0      0.0
  SNOW DEPTH       0

DEGREE DAYS
 HEATING
  YESTERDAY        0                         1     -1        0
  MONTH TO DATE   17                         5     12       18
  SINCE JUN 1     79                        82     -3       87
  SINCE JUL 1     48                        16     32       35

 COOLING
  YESTERDAY       12                         5      7        6
  MONTH TO DATE  108                       127    -19       74
  SINCE JUN 1    317                       434   -117      392
  SINCE JAN 1    334                       463   -129      452
..................................................................


WIND (MPH)
  RESULTANT WIND SPEED   3   RESULTANT WIND DIRECTION  SE (150)
  HIGHEST WIND SPEED    12   HIGHEST WIND DIRECTION    SW (230)
  HIGHEST GUST SPEED    17   HIGHEST GUST DIRECTION     E (110)
  AVERAGE WIND SPEED     4.8


SKY COVER
  AVERAGE SKY COVER 0.8


WEATHER CONDITIONS
 THE FOLLOWING WEATHER WAS RECORDED YESTERDAY.
  FOG
  HAZE


RELATIVE HUMIDITY (PERCENT)
 HIGHEST    97           300 AM
 LOWEST     69           200 PM
 AVERAGE    83

..........................................................


THE MUSKEGON MI CLIMATE NORMALS FOR TODAY
                         NORMAL    RECORD    YEAR
 MAXIMUM TEMPERATURE (F)   78        93      1905
 MINIMUM TEMPERATURE (F)   60        44      1952
                                             1951


SUNRISE AND SUNSET
AUGUST 23 2014........SUNRISE   659 AM EDT   SUNSET   835 PM EDT
AUGUST 24 2014........SUNRISE   700 AM EDT   SUNSET   833 PM EDT


-  INDICATES NEGATIVE NUMBERS.
R  INDICATES RECORD WAS SET OR TIED.
MM INDICATES DATA IS MISSING.
T  INDICATES TRACE AMOUNT.




$$
