000
CDUS43 KGRR 300522
CLIMKG


CLIMATE REPORT
NATIONAL WEATHER SERVICE GRAND RAPIDS, MI
122 AM EDT TUE JUN 30 2015


...................................

...THE MUSKEGON MI CLIMATE SUMMARY FOR JUNE 29 2015...

CLIMATE NORMAL PERIOD 1981 TO 2010
CLIMATE RECORD PERIOD 1896 TO 2015


WEATHER ITEM   OBSERVED TIME   RECORD YEAR NORMAL DEPARTURE LAST
                VALUE   (LST)  VALUE       VALUE  FROM      YEAR
                                                  NORMAL
..................................................................
TEMPERATURE (F)
 YESTERDAY
  MAXIMUM         75   1033 AM  93    1964  79     -4       81
  MINIMUM         56    518 AM  44    1914  60     -4       72
  AVERAGE         66                        70     -4       77

PRECIPITATION (IN)
  YESTERDAY        0.14          1.09 1904   0.08   0.06      T
  MONTH TO DATE    3.12                      2.47   0.65     6.69
  SINCE JUN 1      3.12                      2.47   0.65     6.69
  SINCE JAN 1     15.55                     14.74   0.81    19.99

SNOWFALL (IN)
  YESTERDAY        0.0          MM      MM   0.0    0.0      0.0
  MONTH TO DATE    0.0                       0.0    0.0      0.0
  SINCE JUN 1      0.0                       0.0    0.0      0.0
  SINCE JUL 1     92.1                      93.7   -1.6    132.7
  SNOW DEPTH       0

DEGREE DAYS
 HEATING
  YESTERDAY        0                         1     -1        0
  MONTH TO DATE   32                        65    -33       31
  SINCE JUN 1     32                        65    -33       31
  SINCE JUL 1   6910                      6559    351     7195

 COOLING
  YESTERDAY        1                         6     -5       12
  MONTH TO DATE   63                       100    -37      126
  SINCE JUN 1     63                       100    -37      126
  SINCE JAN 1    102                       129    -27      143
..................................................................


WIND (MPH)
  RESULTANT WIND SPEED   3   RESULTANT WIND DIRECTION   S (160)
  HIGHEST WIND SPEED    14   HIGHEST WIND DIRECTION    SE (140)
  HIGHEST GUST SPEED    17   HIGHEST GUST DIRECTION    SE (140)
  AVERAGE WIND SPEED     5.2


SKY COVER
  AVERAGE SKY COVER 0.5


WEATHER CONDITIONS
 THE FOLLOWING WEATHER WAS RECORDED YESTERDAY.
  THUNDERSTORM
  LIGHT RAIN
  FOG


RELATIVE HUMIDITY (PERCENT)
 HIGHEST    93          1100 PM
 LOWEST     61          1000 AM
 AVERAGE    77

..........................................................


THE MUSKEGON MI CLIMATE NORMALS FOR TODAY
                         NORMAL    RECORD    YEAR
 MAXIMUM TEMPERATURE (F)   80        92      1964
 MINIMUM TEMPERATURE (F)   60        42      1900


SUNRISE AND SUNSET
JUNE 30 2015..........SUNRISE   608 AM EDT   SUNSET   929 PM EDT
JULY  1 2015..........SUNRISE   609 AM EDT   SUNSET   928 PM EDT


-  INDICATES NEGATIVE NUMBERS.
R  INDICATES RECORD WAS SET OR TIED.
MM INDICATES DATA IS MISSING.
T  INDICATES TRACE AMOUNT.




$$
