000
CDUS43 KGRR 020522
CLIMKG


CLIMATE REPORT
NATIONAL WEATHER SERVICE GRAND RAPIDS, MI
1221 AM EST TUE FEB 2 2016


...................................

...THE MUSKEGON MI CLIMATE SUMMARY FOR FEBRUARY 1 2016...

CLIMATE NORMAL PERIOD 1981 TO 2010
CLIMATE RECORD PERIOD 1896 TO 2016


WEATHER ITEM   OBSERVED TIME   RECORD YEAR NORMAL DEPARTURE LAST
                VALUE   (LST)  VALUE       VALUE  FROM      YEAR
                                                  NORMAL
..................................................................
TEMPERATURE (F)
 YESTERDAY
  MAXIMUM         42    109 PM  52    1968  31     11       29
  MINIMUM         28    839 AM -22    1918  20      8       11
  AVERAGE         35                        25     10       20

PRECIPITATION (IN)
  YESTERDAY        T             1.00 1908   0.06  -0.06     0.44
  MONTH TO DATE    T                         0.06  -0.06     0.44
  SINCE DEC 1      7.36                      4.64   2.72     3.88
  SINCE JAN 1      2.46                      2.09   0.37     2.16

SNOWFALL (IN)
  YESTERDAY        0.0          14.2  1965   0.9   -0.9      6.0
  MONTH TO DATE    0.0                       0.9   -0.9      6.0
  SINCE DEC 1     42.1                      57.8  -15.7     39.9
  SINCE JUL 1     46.0                      64.0  -18.0     64.4
  SNOW DEPTH       4

DEGREE DAYS
 HEATING
  YESTERDAY       30                        40    -10       45
  MONTH TO DATE   30                        40    -10       45
  SINCE DEC 1   1970                      2345   -375     2319
  SINCE JUL 1   3037                      3712   -675     3802

 COOLING
  YESTERDAY        0                         0      0        0
  MONTH TO DATE    0                         0      0        0
  SINCE DEC 1      0                         0      0        0
  SINCE JAN 1      0                         0      0        0
..................................................................


WIND (MPH)
  RESULTANT WIND SPEED   3   RESULTANT WIND DIRECTION   W (250)
  HIGHEST WIND SPEED    13   HIGHEST WIND DIRECTION    SW (220)
  HIGHEST GUST SPEED    16   HIGHEST GUST DIRECTION     W (250)
  AVERAGE WIND SPEED     4.1


SKY COVER
  AVERAGE SKY COVER 0.7


WEATHER CONDITIONS
 THE FOLLOWING WEATHER WAS RECORDED YESTERDAY.
  LIGHT RAIN
  FOG
  HAZE


RELATIVE HUMIDITY (PERCENT)
 HIGHEST    92           900 PM
 LOWEST     73           100 PM
 AVERAGE    83

..........................................................


THE MUSKEGON MI CLIMATE NORMALS FOR TODAY
                         NORMAL    RECORD    YEAR
 MAXIMUM TEMPERATURE (F)   31        44      1987
                                             1984
                                             1973
 MINIMUM TEMPERATURE (F)   20       -10      1985


SUNRISE AND SUNSET
FEBRUARY  2 2016......SUNRISE   800 AM EST   SUNSET   558 PM EST
FEBRUARY  3 2016......SUNRISE   759 AM EST   SUNSET   559 PM EST


-  INDICATES NEGATIVE NUMBERS.
R  INDICATES RECORD WAS SET OR TIED.
MM INDICATES DATA IS MISSING.
T  INDICATES TRACE AMOUNT.




$$

JAM
