133
CDUS43 KGRR 210526
CLIMKG


CLIMATE REPORT
NATIONAL WEATHER SERVICE GRAND RAPIDS, MI
126 AM EDT WED JUN 21 2017


...................................

...THE MUSKEGON MI CLIMATE SUMMARY FOR JUNE 20 2017...

CLIMATE NORMAL PERIOD 1981 TO 2010
CLIMATE RECORD PERIOD 1896 TO 2017


WEATHER ITEM   OBSERVED TIME   RECORD YEAR NORMAL DEPARTURE LAST
                VALUE   (LST)  VALUE       VALUE  FROM      YEAR
                                                  NORMAL
..................................................................
TEMPERATURE (F)
 YESTERDAY
  MAXIMUM         71   1059 AM  98    1995  77     -6       82
  MINIMUM         53   1159 PM  35    1936  58     -5       65
  AVERAGE         62                        68     -6       74

PRECIPITATION (IN)
  YESTERDAY        0.17          2.11 1954   0.09   0.08     0.03
  MONTH TO DATE    1.55                      1.76  -0.21     1.79
  SINCE JUN 1      1.55                      1.76  -0.21     1.79
  SINCE JAN 1     16.03                     14.03   2.00    15.72

SNOWFALL (IN)
  YESTERDAY        0.0          MM      MM   0.0    0.0      0.0
  MONTH TO DATE    0.0                       0.0    0.0      0.0
  SINCE JUN 1      0.0                       0.0    0.0      0.0
  SINCE JUL 1     49.0                      93.7  -44.7     61.8
  SNOW DEPTH       0

DEGREE DAYS
 HEATING
  YESTERDAY        3                         2      1        0
  MONTH TO DATE   18                        56    -38       33
  SINCE JUN 1     18                        56    -38       33
  SINCE JUL 1   5489                      6550  -1061     5652

 COOLING
  YESTERDAY        0                         4     -4        9
  MONTH TO DATE  101                        55     46       75
  SINCE JUN 1    101                        55     46       75
  SINCE JAN 1    123                        84     39      119
..................................................................


WIND (MPH)
  RESULTANT WIND SPEED   6   RESULTANT WIND DIRECTION   W (270)
  HIGHEST WIND SPEED    24   HIGHEST WIND DIRECTION    NW (330)
  HIGHEST GUST SPEED    31   HIGHEST GUST DIRECTION    NW (310)
  AVERAGE WIND SPEED     7.6


SKY COVER
  AVERAGE SKY COVER 0.5


WEATHER CONDITIONS
 THE FOLLOWING WEATHER WAS RECORDED YESTERDAY.
  HEAVY RAIN
  LIGHT RAIN
  FOG


RELATIVE HUMIDITY (PERCENT)
 HIGHEST   100          1000 PM
 LOWEST     57          1100 AM
 AVERAGE    79

..........................................................


THE MUSKEGON MI CLIMATE NORMALS FOR TODAY
                         NORMAL    RECORD    YEAR
 MAXIMUM TEMPERATURE (F)   78        95      1995
 MINIMUM TEMPERATURE (F)   58        39      1969


SUNRISE AND SUNSET
JUNE 21 2017..........SUNRISE   605 AM EDT   SUNSET   928 PM EDT
JUNE 22 2017..........SUNRISE   606 AM EDT   SUNSET   928 PM EDT


-  INDICATES NEGATIVE NUMBERS.
R  INDICATES RECORD WAS SET OR TIED.
MM INDICATES DATA IS MISSING.
T  INDICATES TRACE AMOUNT.




$$
