000
CDUS43 KGRR 272227
CLIMKG


CLIMATE REPORT
NATIONAL WEATHER SERVICE GRAND RAPIDS, MI
525 PM EST FRI FEB 27 2015


...................................

...THE MUSKEGON MI CLIMATE SUMMARY FOR FEBRUARY 27 2015...
VALID TODAY AS OF 0500 PM LOCAL TIME.

CLIMATE NORMAL PERIOD 1981 TO 2010
CLIMATE RECORD PERIOD 1896 TO 2015


WEATHER ITEM   OBSERVED TIME   RECORD YEAR NORMAL DEPARTURE LAST
                VALUE   (LST)  VALUE       VALUE  FROM      YEAR
                                                  NORMAL
..................................................................
TEMPERATURE (F)
 TODAY
  MAXIMUM         19    116 PM  62    1976  37    -18       18
  MINIMUM         -7    453 AM -11    1994  23    -30       -5
  AVERAGE          6                        30    -24        7

PRECIPITATION (IN)
  TODAY            0.01          0.71 1948   0.07  -0.06     0.01
  MONTH TO DATE    1.57                      1.75  -0.18     1.81
  SINCE DEC 1      5.01                      6.33  -1.32     7.83
  SINCE JAN 1      3.29                      3.78  -0.49     5.13

SNOWFALL (IN)
  TODAY            0.2           2.9  1977   0.5   -0.3      0.3
  MONTH TO DATE   29.7                      18.8   10.9     27.1
  SINCE DEC 1     63.6                      75.7  -12.1    114.7
  SINCE JUL 1     88.1                      81.9    6.2    123.6
  SNOW DEPTH      17

DEGREE DAYS
 HEATING
  TODAY           59                        35     24       58
  MONTH TO DATE 1315                      1026    289     1239
  SINCE DEC 1   3589                      3331    258     3811
  SINCE JUL 1   5072                      4698    374     5082

 COOLING
  TODAY            0                         0      0        0
  MONTH TO DATE    0                         0      0        0
  SINCE DEC 1      0                         0      0        0
  SINCE JAN 1      0                         0      0        0
..................................................................


WIND (MPH)
  RESULTANT WIND SPEED   3   RESULTANT WIND DIRECTION  SW (220)
  HIGHEST WIND SPEED    16   HIGHEST WIND DIRECTION    SW (210)
  HIGHEST GUST SPEED    20   HIGHEST GUST DIRECTION     W (270)
  AVERAGE WIND SPEED     5.8


SKY COVER
  AVERAGE SKY COVER 0.7


WEATHER CONDITIONS
 THE FOLLOWING WEATHER WAS RECORDED TODAY.
  SNOW
  LIGHT SNOW


RELATIVE HUMIDITY (PERCENT)
 HIGHEST    80          1000 AM
 LOWEST     54           200 PM
 AVERAGE    67

..........................................................


THE MUSKEGON MI CLIMATE NORMALS FOR TOMORROW
                         NORMAL    RECORD    YEAR
 MAXIMUM TEMPERATURE (F)   37        53      1998
 MINIMUM TEMPERATURE (F)   23        -7      2014


SUNRISE AND SUNSET
FEBRUARY 27 2015......SUNRISE   725 AM EST   SUNSET   631 PM EST
FEBRUARY 28 2015......SUNRISE   723 AM EST   SUNSET   633 PM EST


-  INDICATES NEGATIVE NUMBERS.
R  INDICATES RECORD WAS SET OR TIED.
MM INDICATES DATA IS MISSING.
T  INDICATES TRACE AMOUNT.




$$

63
